{"id":19080,"date":"2023-05-27T11:29:25","date_gmt":"2023-05-27T14:29:25","guid":{"rendered":"https:\/\/vetsul.com\/?post_type=product&#038;p=19080"},"modified":"2025-03-14T13:12:37","modified_gmt":"2025-03-14T16:12:37","slug":"garfo-de-nylon-para-limpar-baia-de-cavalo-sem-cabo","status":"publish","type":"product","link":"https:\/\/vetsul.com\/index.php\/product\/garfo-de-nylon-para-limpar-baia-de-cavalo-sem-cabo\/","title":{"rendered":"Garfo de Nylon para Limpar Baia de Cavalo SEM CABO"},"content":{"rendered":"<h1><span data-darkreader-inline-color=\"\"><strong>Garfo de Nylon da AM Ferramentas<\/strong><\/span><\/h1>\n<h2>Garfo para Limpeza de Baias de Cavalos<\/h2>\n<p><iframe loading=\"lazy\" src=\"https:\/\/www.youtube.com\/embed\/22IkGtwxyto\" width=\"90%\" height=\"315\" frameborder=\"0\" allowfullscreen=\"allowfullscreen\" data-mce-fragment=\"1\"><\/iframe><\/p>\n<p>&nbsp;<\/p>\n<p>Este Garfo inovador \u00e9 o \u00fanico do mercado fabricado em Nylon, um material muito mais resistente do que os habituais que s\u00e3o feitos em polipropileno e quebram f\u00e1cil. A durabilidade deste\u00a0<span data-darkreader-inline-color=\"\">Garfo de Nylon<\/span>\u00a0\u00e9 enorme, feito\u00a0pra aguentar pesadas cargas de trabalho por muito tempo.<\/p>\n<p>O design arredondado do Garfo ajuda a entrar melhor na serragem, o cabo mais grosso do que os normais ajuda a dar firmeza na pegada.<\/p>\n<p>&nbsp;<\/p>\n<p><strong>VANTAGENS DE USAR NOSSO\u00a0GARFO DE NYLON:<\/strong><\/p>\n<p>&#8211; Mais Leve e Mais F\u00e1cil de usar do que os Garfos de Ferro e A\u00e7o;<br \/>\n&#8211; Mais Forte e Resistente do que os similares de Pl\u00e1stico comum.<\/p>\n<h3><strong><span data-darkreader-inline-color=\"\">\u00daNICO DO MERCADO COM 1 ANO DE GARANTIA CONTRA QUEBRA NO USO DE LIMPEZA DE BAIAS<\/span><\/strong><\/h3>\n<p><strong>O QUE ACOMPANHA?<\/strong><\/p>\n<p>&#8211; Garfo de Nylon;<\/p>\n<p><strong>CARACTER\u00cdSTICAS:<\/strong><\/p>\n<p><strong>Material<\/strong>: Nylon<br \/>\n<strong>Dimens\u00f5es<\/strong>: 40 x 35 cm<br \/>\n<strong>Peso do Garfo<\/strong>: 850g<br \/>\n<strong>Quantidade de dentes:<\/strong>\u00a018<br \/>\n<strong>SKU:\u00a0<\/strong>AM090 (Sem cabo)<\/p>\n","protected":false},"excerpt":{"rendered":"<p>Garfo de Nylon da AM Ferramentas Garfo para Limpeza de Baias de Cavalos &nbsp; Este Garfo inovador \u00e9 o \u00fanico do mercado<\/p>\n","protected":false},"featured_media":19081,"template":"","meta":{"_acf_changed":false},"product_brand":[1172],"product_cat":[166,194],"product_tag":[1173,1175,988,1174],"class_list":{"0":"post-19080","1":"product","2":"type-product","3":"status-publish","4":"has-post-thumbnail","6":"product_brand-am-ferramentas","7":"product_cat-equipamentos-utensilios-e-materiais-hospitalares","8":"product_cat-todos-os-produtos","9":"product_tag-baia","10":"product_tag-cocheira","11":"product_tag-limpeza","12":"product_tag-maravalha","14":"first","15":"instock","16":"shipping-taxable","17":"purchasable","18":"product-type-simple"},"acf":[],"_links":{"self":[{"href":"https:\/\/vetsul.com\/index.php\/wp-json\/wp\/v2\/product\/19080","targetHints":{"allow":["GET"]}}],"collection":[{"href":"https:\/\/vetsul.com\/index.php\/wp-json\/wp\/v2\/product"}],"about":[{"href":"https:\/\/vetsul.com\/index.php\/wp-json\/wp\/v2\/types\/product"}],"wp:featuredmedia":[{"embeddable":true,"href":"https:\/\/vetsul.com\/index.php\/wp-json\/wp\/v2\/media\/19081"}],"wp:attachment":[{"href":"https:\/\/vetsul.com\/index.php\/wp-json\/wp\/v2\/media?parent=19080"}],"wp:term":[{"taxonomy":"product_brand","embeddable":true,"href":"https:\/\/vetsul.com\/index.php\/wp-json\/wp\/v2\/product_brand?post=19080"},{"taxonomy":"product_cat","embeddable":true,"href":"https:\/\/vetsul.com\/index.php\/wp-json\/wp\/v2\/product_cat?post=19080"},{"taxonomy":"product_tag","embeddable":true,"href":"https:\/\/vetsul.com\/index.php\/wp-json\/wp\/v2\/product_tag?post=19080"}],"curies":[{"name":"wp","href":"https:\/\/api.w.org\/{rel}","templated":true}]}}