{"id":18019,"date":"2021-08-17T16:19:03","date_gmt":"2021-08-17T19:19:03","guid":{"rendered":"https:\/\/vetsul.com\/?post_type=product&#038;p=18019"},"modified":"2025-08-12T10:05:20","modified_gmt":"2025-08-12T13:05:20","slug":"vita-casco-300g","status":"publish","type":"product","link":"https:\/\/vetsul.com\/index.php\/product\/vita-casco-300g\/","title":{"rendered":"Vita Casco 300g"},"content":{"rendered":"<div class=\"woocommerce-single-tabs tab-container vertical-tab clearfix box\">\n<div id=\"tab-description\" class=\"tab-content panel entry-content in active\">\n<div class=\"tab-pane\">\n<h2>Descri\u00e7\u00e3o<\/h2>\n<p>Animais soltos no campo tem seus cascos protegidos com a gordura natural da relva e capim.\u00a0 Animais confinados, necessitam de um cuidado especial com o casco para evitar as trincas, ressecamento e prevenir as tradicionais doen\u00e7as do casco.\u00a0<strong>Vita Casco<\/strong>\u00a0possui formula\u00e7\u00e3o rica em \u00f3leos de origem animal (cera de abelha e lanolina) e de origem mineral (\u00f3leo mineral e vaselina), que hidratam profundamente o casco evitando o ressecamento e trincas, al\u00e9m de possuircar\u00e1ter hidr\u00f3fugo que proporciona uma pel\u00edcula protetora impedindo o contato com umidade ou urina presentes no ch\u00e3o das cocheiras que podem causar doen\u00e7as no casco e ranilha.<\/p>\n<p>\u2013 Evita as trincas e ressecamento<br \/>\n\u2013 Previne doen\u00e7as do casco<br \/>\n\u2013 Impede o contato com a umidade ou urina presentes no ch\u00e3o<\/p>\n<p><strong>Recomenda\u00e7\u00f5es:\u00a0<\/strong><\/p>\n<p>Aplique Vita Casco com o aux\u00edlio de um pincel ou com esponja, nas partes externas e inferiores do casco.\u00a0A cera deve ser aplicada abaixo da coroa, j\u00e1 que nesta regi\u00e3o o tecido ainda \u00e9 novo e est\u00e1 em forma\u00e7\u00e3o.<\/p>\n<\/div>\n<\/div>\n<\/div>\n<div class=\"related products cols-5\">\n<h2>Veja Mais<\/h2>\n<\/div>\n","protected":false},"excerpt":{"rendered":"<p>Descri\u00e7\u00e3o Animais soltos no campo tem seus cascos protegidos com a gordura natural da relva e capim.\u00a0 Animais confinados, necessitam de um<\/p>\n","protected":false},"featured_media":18020,"template":"","meta":{"_acf_changed":false},"product_brand":[],"product_cat":[163,166,192,194],"product_tag":[],"class_list":{"0":"post-18019","1":"product","2":"type-product","3":"status-publish","4":"has-post-thumbnail","6":"product_cat-equinos","7":"product_cat-equipamentos-utensilios-e-materiais-hospitalares","8":"product_cat-higiene-e-cuidados","9":"product_cat-todos-os-produtos","11":"first","12":"instock","13":"shipping-taxable","14":"purchasable","15":"product-type-simple"},"acf":[],"_links":{"self":[{"href":"https:\/\/vetsul.com\/index.php\/wp-json\/wp\/v2\/product\/18019","targetHints":{"allow":["GET"]}}],"collection":[{"href":"https:\/\/vetsul.com\/index.php\/wp-json\/wp\/v2\/product"}],"about":[{"href":"https:\/\/vetsul.com\/index.php\/wp-json\/wp\/v2\/types\/product"}],"wp:featuredmedia":[{"embeddable":true,"href":"https:\/\/vetsul.com\/index.php\/wp-json\/wp\/v2\/media\/18020"}],"wp:attachment":[{"href":"https:\/\/vetsul.com\/index.php\/wp-json\/wp\/v2\/media?parent=18019"}],"wp:term":[{"taxonomy":"product_brand","embeddable":true,"href":"https:\/\/vetsul.com\/index.php\/wp-json\/wp\/v2\/product_brand?post=18019"},{"taxonomy":"product_cat","embeddable":true,"href":"https:\/\/vetsul.com\/index.php\/wp-json\/wp\/v2\/product_cat?post=18019"},{"taxonomy":"product_tag","embeddable":true,"href":"https:\/\/vetsul.com\/index.php\/wp-json\/wp\/v2\/product_tag?post=18019"}],"curies":[{"name":"wp","href":"https:\/\/api.w.org\/{rel}","templated":true}]}}