{"id":17922,"date":"2021-05-20T10:56:19","date_gmt":"2021-05-20T13:56:19","guid":{"rendered":"https:\/\/vetsul.com\/?post_type=product&#038;p=17922"},"modified":"2025-04-07T11:54:42","modified_gmt":"2025-04-07T14:54:42","slug":"ivermic-t","status":"publish","type":"product","link":"https:\/\/vetsul.com\/index.php\/product\/ivermic-t\/","title":{"rendered":"IVERMIC T"},"content":{"rendered":"<h1 class=\"product_title entry-title\">IVERMIC T<\/h1>\n<div class=\"woocommerce-product-details__short-description\">\n<p class=\"p1\"><span class=\"s1\"><b>Ivermectina 1% \u2013 Praziquantel 15%<\/b><\/span><\/p>\n<p class=\"p2\"><span class=\"s1\"><b>Nematocida e Tenicida para Eq\u00fcinos<\/b><\/span><\/p>\n<p class=\"p2\"><span class=\"s1\"><b>Pasta oral \u2013 Sabor de ma\u00e7\u00e1<\/b><\/span><\/p>\n<p class=\"p5\"><span class=\"s1\"><b>F\u00d3RMULA:<\/b><\/span><\/p>\n<p class=\"p5\"><span class=\"s1\">Cada 100 g cont\u00e9m:<\/span><\/p>\n<p class=\"p5\"><span class=\"s1\">Ivermectina 1,0 g<\/span><\/p>\n<p class=\"p5\"><span class=\"s1\">Praziquantel 15,0 g<\/span><\/p>\n<p class=\"p5\"><span class=\"s1\">Excipiente q.s.p. 100 g<\/span><\/p>\n<p class=\"p5\"><span class=\"s1\"><b>INDICA\u00c7\u00d5ES DE USO:<\/b><\/span><\/p>\n<p class=\"p6\"><span class=\"s1\">Para o controle e tratamento das parasitoses internas (redondos e planos) dos eq\u00fcinos.<\/span><\/p>\n<p class=\"p5\"><span class=\"s1\">Espectro de atividade:<\/span><\/p>\n<p class=\"p5\"><span class=\"s1\">Nemat\u00f3ides gastrintestinais:<\/span><\/p>\n<p class=\"p5\"><span class=\"s1\">Grandes estr\u00f4ngilos:\u00a0<i>Strongylus vulgaris (<\/i>adulto e larva arterial),\u00a0<i>Strongylus edentatus\u00a0<\/i>(adulto e larva encistada),\u00a0<i>Strongylus equinus\u00a0<\/i>(adulto),\u00a0<i>Triodontophorus spp.\u00a0<\/i>(adultos).<\/span><\/p>\n<p class=\"p5\"><span class=\"s1\">Pequenos estr\u00f4ngilos (incluidos aqueles resitentes a benzimidaz\u00f3is):\u00a0<i>Cylicocylus spp<\/i>.\u00a0<\/span><span class=\"s2\">(<\/span><span class=\"s1\">adulto e larvas de 4\u00ba est\u00e1gio),\u00a0<i>Cylicostephanus spp.\u00a0<\/i><\/span><span class=\"s2\">(<\/span><span class=\"s1\">adulto e larvas de 4\u00ba est\u00e1gio),\u00a0<i>Cylicodontophorus spp.\u00a0<\/i><\/span><span class=\"s2\">(<\/span><span class=\"s1\">adulto e larvas de 4\u00ba est\u00e1gio),\u00a0<i>Gyalocephalus spp.\u00a0<\/i><\/span><span class=\"s2\">(<\/span><span class=\"s1\">adulto e formas imaturas).<\/span><\/p>\n<p class=\"p5\"><span class=\"s1\">Outros nemat\u00f3ides:\u00a0<i>Parascaris equorum\u00a0<\/i><\/span><span class=\"s2\">(<\/span><span class=\"s1\">adulto e larvas de 3\u00ba e 4\u00ba est\u00e1gio),\u00a0<i>Oxyuris equi\u00a0<\/i><\/span><span class=\"s2\">(<\/span><span class=\"s1\">adulto e larvas de 3\u00ba e 4\u00ba est\u00e1gio),\u00a0<i>Trichostrongylus axei\u00a0<\/i><\/span><span class=\"s2\">(<\/span><span class=\"s1\">adulto e larvas de 3\u00ba e 4\u00ba est\u00e1gio).<\/span><\/p>\n<p class=\"p5\"><span class=\"s1\">Nemat\u00f3ides pulmonares:\u00a0<i>Dictyocaulus arnfieldi\u00a0<\/i><\/span><span class=\"s2\">(<\/span><span class=\"s1\">adulto e larvas de 3\u00ba e 4\u00ba est\u00e1gio).<\/span><\/p>\n<p class=\"p5\"><span class=\"s1\">Nemat\u00f3ides cut\u00e2neos:\u00a0<i>Habronema muscae\u00a0<\/i>(adulto),\u00a0<i>Draschia spp.\u00a0<\/i>(larvas de 3\u00ba est\u00e1gio),\u00a0<i>Onchocerca spp.\u00a0<\/i>(microfil\u00e1ria).<\/span><\/p>\n<p class=\"p5\"><span class=\"s1\">Larvas:\u00a0<i>Gasterophilus spp.\u00a0<\/i>(est\u00e1gios oral e g\u00e1strico)<\/span><\/p>\n<p class=\"p5\"><span class=\"s1\">Cest\u00f3deos:<i>\u00a0Anoplocephala magna, Anoplocephala perfiolata e Paranoplocephala mamillana.<\/i><\/span><\/p>\n<p class=\"p5\"><span class=\"s1\"><b>DOSAGEM:<\/b><\/span><\/p>\n<p class=\"p5\"><span class=\"s1\">2 g de Ivermic T para cada 100 kg de peso vivo, equivalente a 200 mcg de Ivermectina y 3 mg de Praziquantel por kg. de peso vivo.<\/span><\/p>\n<p class=\"p5\"><span class=\"s1\"><b>VIA DE APLICA\u00c7\u00c3O:<\/b><\/span><\/p>\n<p class=\"p5\"><span class=\"s1\">Via oral com aux\u00edlio da seringa dosadora, introduzindo o bico da seringa na boca do animal.<\/span><\/p>\n<p class=\"p5\"><span class=\"s1\"><b>PER\u00cdODO DE CAR\u00caNCIA:<\/b><\/span><\/p>\n<p class=\"p5\"><span class=\"s1\">Equinos: \u201cAbate: O abate dos animais tratados com este produto somente deve ser realizado \u201c14 dias\u201d ap\u00f3s a ultima aplica\u00e7\u00e3o\u201d.<\/span><\/p>\n<p class=\"p5\"><span class=\"s1\"><b>PRECAU\u00c7\u00d5ES \u2013 CONTRAINDICA\u00c7\u00d5ES DE USO<\/b><\/span><\/p>\n<p class=\"p6\"><span class=\"s1\">Ajustar a dose de acordo com o peso do animal.<\/span><\/p>\n<p class=\"p6\"><span class=\"s1\">N\u00e3o administrar o produto em animais com alimentos na boca.<\/span><\/p>\n<\/div>\n","protected":false},"excerpt":{"rendered":"<p>IVERMIC T Ivermectina 1% \u2013 Praziquantel 15% Nematocida e Tenicida para Eq\u00fcinos Pasta oral \u2013 Sabor de ma\u00e7\u00e1 F\u00d3RMULA: Cada 100 g<\/p>\n","protected":false},"featured_media":17920,"template":"","meta":{"_acf_changed":false},"product_brand":[962],"product_cat":[163,194,186],"product_tag":[992],"class_list":{"0":"post-17922","1":"product","2":"type-product","3":"status-publish","4":"has-post-thumbnail","6":"product_brand-microsules","7":"product_cat-equinos","8":"product_cat-todos-os-produtos","9":"product_cat-vermifugo-e-carrapaticida","10":"product_tag-microsules","12":"first","13":"instock","14":"shipping-taxable","15":"purchasable","16":"product-type-simple"},"acf":[],"_links":{"self":[{"href":"https:\/\/vetsul.com\/index.php\/wp-json\/wp\/v2\/product\/17922","targetHints":{"allow":["GET"]}}],"collection":[{"href":"https:\/\/vetsul.com\/index.php\/wp-json\/wp\/v2\/product"}],"about":[{"href":"https:\/\/vetsul.com\/index.php\/wp-json\/wp\/v2\/types\/product"}],"wp:featuredmedia":[{"embeddable":true,"href":"https:\/\/vetsul.com\/index.php\/wp-json\/wp\/v2\/media\/17920"}],"wp:attachment":[{"href":"https:\/\/vetsul.com\/index.php\/wp-json\/wp\/v2\/media?parent=17922"}],"wp:term":[{"taxonomy":"product_brand","embeddable":true,"href":"https:\/\/vetsul.com\/index.php\/wp-json\/wp\/v2\/product_brand?post=17922"},{"taxonomy":"product_cat","embeddable":true,"href":"https:\/\/vetsul.com\/index.php\/wp-json\/wp\/v2\/product_cat?post=17922"},{"taxonomy":"product_tag","embeddable":true,"href":"https:\/\/vetsul.com\/index.php\/wp-json\/wp\/v2\/product_tag?post=17922"}],"curies":[{"name":"wp","href":"https:\/\/api.w.org\/{rel}","templated":true}]}}