{"id":17123,"date":"2019-10-23T09:03:16","date_gmt":"2019-10-23T12:03:16","guid":{"rendered":"http:\/\/35.194.95.18\/wp-admin\/?post_type=product&#038;p=17123"},"modified":"2025-02-07T16:00:30","modified_gmt":"2025-02-07T19:00:30","slug":"mega-potrus-1kg","status":"publish","type":"product","link":"https:\/\/vetsul.com\/index.php\/product\/mega-potrus-1kg\/","title":{"rendered":"MEGA POTRUS 1kg"},"content":{"rendered":"<div class=\"row\" style=\"color: rgb(114, 114, 114); font-family: Lato; font-size: 14px; margin: 0px !important;\">\n<div class=\"col-sm-7\" style=\"width: 402.5px;\">\n<p style=\"margin-bottom: 10px;\">Suplemento alimentar de pronto uso, desenvolvido especificamente para potros em fase de crescimento.<\/p>\n<p style=\"margin-bottom: 10px;\">\n<div class=\"clearfix\"><\/div>\n<table class=\"table table-striped table-hover modo_apresentacao\" style=\"width: 372px; margin-bottom: 20px; border-radius: 5px; margin-top: 20px; float: left; border-spacing: inherit !important; border-collapse: inherit !important; border: 1px solid rgb(199, 199, 199) !important;\">\n<thead style=\"background: rgb(223, 223, 223);\">\n<tr>\n<th style=\"color: rgb(42, 42, 43); font-size: 16px; padding: 10px 15px !important;\">Apresenta\u00e7\u00e3o<\/th>\n<\/tr>\n<\/thead>\n<tbody>\n<tr>\n<td style=\"vertical-align: top; border-bottom-right-radius: 5px; border-bottom-left-radius: 5px; overflow: hidden;\">Frasco pl\u00e1stico com seringa dosadora contendo 1Kg<\/td>\n<\/tr>\n<\/tbody>\n<\/table>\n<div class=\"clear\" style=\"clear: both; height: 0px;\"><\/div>\n<table class=\"table  table-striped table-hover modo_apresentacao\" style=\"width: 372px; margin-bottom: 40px; border-radius: 5px; margin-top: 20px; float: left; border-spacing: inherit !important; border-collapse: inherit !important; border: 1px solid rgb(199, 199, 199) !important;\">\n<thead style=\"background: rgb(223, 223, 223);\">\n<tr>\n<th style=\"color: rgb(42, 42, 43); font-size: 16px; padding: 10px 15px !important;\">Modo de uso<\/th>\n<\/tr>\n<\/thead>\n<tbody>\n<tr>\n<td style=\"vertical-align: top; border-bottom-right-radius: 5px; border-bottom-left-radius: 5px; overflow: hidden;\">Administrar por via oral, a seguinte dosagem: potros a partir da 4a semana: 10mL\/dia; a partir da 8a semana: 15mL\/dia e a partir da 12a semana: 20mL\/dia.<\/td>\n<\/tr>\n<\/tbody>\n<\/table>\n<\/div>\n<div class=\"col-sm-5\" style=\"width: 287.5px;\">\n<div class=\"thumb-box\" style=\"padding: 15px; background-image: initial; background-position: initial; background-size: initial; background-repeat: initial; background-attachment: initial; background-origin: initial; background-clip: initial; border: 1px solid rgb(199, 199, 199); text-align: center; height: 202px; overflow: hidden;\"><img loading=\"lazy\" decoding=\"async\" width=\"232\" height=\"209\" src=\"http:\/\/www.lavizoo.com.br\/wp-content\/uploads\/2017\/08\/mega_potrus_gel_1kg.png\" class=\"attachment-full wp-post-image\" alt=\"mega_potrus_gel_1kg\" style=\"max-width: 100{bad89740ab836af8afd78adf22d5854117f226b234e4f8ee83a0ac8d28f68ffc}; width: auto; height: 170px; margin: 0px auto;\"><\/div>\n<p><a class=\"representantes-small-produto\" href=\"http:\/\/www.lavizoo.com.br\/index.php\/representante\" style=\"color: rgb(66, 139, 202); margin: 20px auto 10px; float: left; width: 258px; height: 79px; background-image: url(&quot;img\/representante-small-produto.png&quot;) !important; background-position: center center !important; background-size: initial !important; background-repeat: no-repeat !important; background-attachment: initial !important; background-origin: initial !important; background-clip: initial !important;\"><\/a><\/div>\n<\/div>\n<div class=\"row\" style=\"color: rgb(114, 114, 114); font-family: Lato; font-size: 14px; margin: 0px !important;\">\n<div class=\"col-sm-12\" style=\"width: 690px;\">\n<table class=\"table  table-striped table-hover niveis_de_garantia\" style=\"width: 660px; margin-bottom: 20px; border-radius: 5px; border-spacing: inherit !important; border-collapse: inherit !important; border: 1px solid rgb(54, 117, 84) !important;\">\n<thead>\n<tr>\n<th colspan=\"3\" style=\"text-align: center; color: white; font-size: 16px; background: rgb(54, 117, 84); padding: 10px 15px !important;\">N\u00edveis de garantia por kilograma do produto<\/th>\n<\/tr>\n<\/thead>\n<tbody>\n<tr>\n<th style=\"font-size: 16px; border-right: 1px solid rgb(199, 199, 199);\">Garantia<\/th>\n<th style=\"font-size: 16px;\">Valor<\/th>\n<th style=\"font-size: 16px; border-left: 1px solid rgb(199, 199, 199);\">Unidade<\/th>\n<\/tr>\n<tr>\n<td style=\"vertical-align: top; border-right: 1px solid rgb(199, 199, 199);\">\u00c1cido f\u00f3lico (m\u00ednimo)<\/td>\n<td style=\"vertical-align: top;\">313<\/td>\n<td style=\"vertical-align: top; border-left: 1px solid rgb(199, 199, 199);\">mg<\/td>\n<\/tr>\n<tr>\n<td style=\"vertical-align: top; border-right: 1px solid rgb(199, 199, 199);\">\u00c1cido linol\u00e9ico (m\u00ednimo)<\/td>\n<td style=\"vertical-align: top;\">13<\/td>\n<td style=\"vertical-align: top; border-left: 1px solid rgb(199, 199, 199);\">g<\/td>\n<\/tr>\n<tr>\n<td style=\"vertical-align: top; border-right: 1px solid rgb(199, 199, 199);\">\u00c1cido linol\u00eanico (m\u00ednimo)<\/td>\n<td style=\"vertical-align: top;\">500<\/td>\n<td style=\"vertical-align: top; border-left: 1px solid rgb(199, 199, 199);\">mg<\/td>\n<\/tr>\n<tr>\n<td style=\"vertical-align: top; border-right: 1px solid rgb(199, 199, 199);\">\u00c1cido Nicot\u00ednico (m\u00ednimo)<\/td>\n<td style=\"vertical-align: top;\">495<\/td>\n<td style=\"vertical-align: top; border-left: 1px solid rgb(199, 199, 199);\">mg<\/td>\n<\/tr>\n<tr>\n<td style=\"vertical-align: top; border-right: 1px solid rgb(199, 199, 199);\">Beta Caroteno (m\u00ednimo)<\/td>\n<td style=\"vertical-align: top;\">4,5<\/td>\n<td style=\"vertical-align: top; border-left: 1px solid rgb(199, 199, 199);\">mg<\/td>\n<\/tr>\n<tr>\n<td style=\"vertical-align: top; border-right: 1px solid rgb(199, 199, 199);\">Beta hidroxi metil butirato (m\u00ednimo)<\/td>\n<td style=\"vertical-align: top;\">500<\/td>\n<td style=\"vertical-align: top; border-left: 1px solid rgb(199, 199, 199);\">mg<\/td>\n<\/tr>\n<tr>\n<td style=\"vertical-align: top; border-right: 1px solid rgb(199, 199, 199);\">C\u00e1lcio (M\u00edn\/M\u00e1x)<\/td>\n<td style=\"vertical-align: top;\">81\/90<\/td>\n<td style=\"vertical-align: top; border-left: 1px solid rgb(199, 199, 199);\">g<\/td>\n<\/tr>\n<tr>\n<td style=\"vertical-align: top; border-right: 1px solid rgb(199, 199, 199);\">Cobre Quelatado (m\u00ednimo)<\/td>\n<td style=\"vertical-align: top;\">220<\/td>\n<td style=\"vertical-align: top; border-left: 1px solid rgb(199, 199, 199);\">mg<\/td>\n<\/tr>\n<tr>\n<td style=\"vertical-align: top; border-right: 1px solid rgb(199, 199, 199);\">Cromo (m\u00ednimo)<\/td>\n<td style=\"vertical-align: top;\">40<\/td>\n<td style=\"vertical-align: top; border-left: 1px solid rgb(199, 199, 199);\">mg<\/td>\n<\/tr>\n<tr>\n<td style=\"vertical-align: top; border-right: 1px solid rgb(199, 199, 199);\">Ferro quelatado (m\u00ednimo)<\/td>\n<td style=\"vertical-align: top;\">1.500<\/td>\n<td style=\"vertical-align: top; border-left: 1px solid rgb(199, 199, 199);\">mg<\/td>\n<\/tr>\n<tr>\n<td style=\"vertical-align: top; border-right: 1px solid rgb(199, 199, 199);\">Fl\u00faor (m\u00e1ximo)<\/td>\n<td style=\"vertical-align: top;\">156<\/td>\n<td style=\"vertical-align: top; border-left: 1px solid rgb(199, 199, 199);\">mg<\/td>\n<\/tr>\n<tr>\n<td style=\"vertical-align: top; border-right: 1px solid rgb(199, 199, 199);\">F\u00f3sforo (m\u00ednimo)<\/td>\n<td style=\"vertical-align: top;\">68,60<\/td>\n<td style=\"vertical-align: top; border-left: 1px solid rgb(199, 199, 199);\">g<\/td>\n<\/tr>\n<tr>\n<td style=\"vertical-align: top; border-right: 1px solid rgb(199, 199, 199);\">Gama-orizanol (m\u00ednimo)<\/td>\n<td style=\"vertical-align: top;\">500<\/td>\n<td style=\"vertical-align: top; border-left: 1px solid rgb(199, 199, 199);\">mg<\/td>\n<\/tr>\n<tr>\n<td style=\"vertical-align: top; border-right: 1px solid rgb(199, 199, 199);\">Glicina (m\u00ednimo)<\/td>\n<td style=\"vertical-align: top;\">2.720<\/td>\n<td style=\"vertical-align: top; border-left: 1px solid rgb(199, 199, 199);\">mg<\/td>\n<\/tr>\n<tr>\n<td style=\"vertical-align: top; border-right: 1px solid rgb(199, 199, 199);\">Iodo (m\u00ednimo)<\/td>\n<td style=\"vertical-align: top;\">2,5<\/td>\n<td style=\"vertical-align: top; border-left: 1px solid rgb(199, 199, 199);\">mg<\/td>\n<\/tr>\n<tr>\n<td style=\"vertical-align: top; border-right: 1px solid rgb(199, 199, 199);\">L &#8211; Treonina (m\u00ednimo)<\/td>\n<td style=\"vertical-align: top;\">19,50<\/td>\n<td style=\"vertical-align: top; border-left: 1px solid rgb(199, 199, 199);\">g<\/td>\n<\/tr>\n<tr>\n<td style=\"vertical-align: top; border-right: 1px solid rgb(199, 199, 199);\">L-Arginina (m\u00ednimo)<\/td>\n<td style=\"vertical-align: top;\">14,60<\/td>\n<td style=\"vertical-align: top; border-left: 1px solid rgb(199, 199, 199);\">g<\/td>\n<\/tr>\n<tr>\n<td style=\"vertical-align: top; border-right: 1px solid rgb(199, 199, 199);\">L-Lisina (m\u00ednimo)<\/td>\n<td style=\"vertical-align: top;\">23<\/td>\n<td style=\"vertical-align: top; border-left: 1px solid rgb(199, 199, 199);\">g<\/td>\n<\/tr>\n<tr>\n<td style=\"vertical-align: top; border-right: 1px solid rgb(199, 199, 199);\">L-Triptofano (m\u00ednimo)<\/td>\n<td style=\"vertical-align: top;\">6.000<\/td>\n<td style=\"vertical-align: top; border-left: 1px solid rgb(199, 199, 199);\">mg<\/td>\n<\/tr>\n<tr>\n<td style=\"vertical-align: top; border-right: 1px solid rgb(199, 199, 199);\">Magn\u00e9sio (m\u00ednimo)<\/td>\n<td style=\"vertical-align: top;\">9.900<\/td>\n<td style=\"vertical-align: top; border-left: 1px solid rgb(199, 199, 199);\">mg<\/td>\n<\/tr>\n<tr>\n<td style=\"vertical-align: top; border-right: 1px solid rgb(199, 199, 199);\">Mananoligossacar\u00eddeo (m\u00ednimo)<\/td>\n<td style=\"vertical-align: top;\">9.000<\/td>\n<td style=\"vertical-align: top; border-left: 1px solid rgb(199, 199, 199);\">mg<\/td>\n<\/tr>\n<tr>\n<td style=\"vertical-align: top; border-right: 1px solid rgb(199, 199, 199);\">Mangan\u00eas (m\u00ednimo)<\/td>\n<td style=\"vertical-align: top;\">305<\/td>\n<td style=\"vertical-align: top; border-left: 1px solid rgb(199, 199, 199);\">mg<\/td>\n<\/tr>\n<tr>\n<td style=\"vertical-align: top; border-right: 1px solid rgb(199, 199, 199);\">Pantotenato de C\u00e1lcio (m\u00ednimo)<\/td>\n<td style=\"vertical-align: top;\">245<\/td>\n<td style=\"vertical-align: top; border-left: 1px solid rgb(199, 199, 199);\">mg<\/td>\n<\/tr>\n<tr>\n<td style=\"vertical-align: top; border-right: 1px solid rgb(199, 199, 199);\">Sel\u00eanio na forma org\u00e2nica (m\u00ednimo)<\/td>\n<td style=\"vertical-align: top;\">20<\/td>\n<td style=\"vertical-align: top; border-left: 1px solid rgb(199, 199, 199);\">mg<\/td>\n<\/tr>\n<tr>\n<td style=\"vertical-align: top; border-right: 1px solid rgb(199, 199, 199);\">Vitamina A (m\u00ednimo)<\/td>\n<td style=\"vertical-align: top;\">15.500<\/td>\n<td style=\"vertical-align: top; border-left: 1px solid rgb(199, 199, 199);\">UI<\/td>\n<\/tr>\n<tr>\n<td style=\"vertical-align: top; border-right: 1px solid rgb(199, 199, 199);\">Vitamina B1 (m\u00ednimo)<\/td>\n<td style=\"vertical-align: top;\">78<\/td>\n<td style=\"vertical-align: top; border-left: 1px solid rgb(199, 199, 199);\">mg<\/td>\n<\/tr>\n<tr>\n<td style=\"vertical-align: top; border-right: 1px solid rgb(199, 199, 199);\">Vitamina B12 (m\u00ednimo)<\/td>\n<td style=\"vertical-align: top;\">11.640<\/td>\n<td style=\"vertical-align: top; border-left: 1px solid rgb(199, 199, 199);\">mcg<\/td>\n<\/tr>\n<tr>\n<td style=\"vertical-align: top; border-right: 1px solid rgb(199, 199, 199);\">Vitamina B2 (m\u00ednimo)<\/td>\n<td style=\"vertical-align: top;\">47<\/td>\n<td style=\"vertical-align: top; border-left: 1px solid rgb(199, 199, 199);\">mg<\/td>\n<\/tr>\n<tr>\n<td style=\"vertical-align: top; border-right: 1px solid rgb(199, 199, 199);\">Vitamina B6 (m\u00ednimo)<\/td>\n<td style=\"vertical-align: top;\">53<\/td>\n<td style=\"vertical-align: top; border-left: 1px solid rgb(199, 199, 199);\">mg<\/td>\n<\/tr>\n<tr>\n<td style=\"vertical-align: top; border-right: 1px solid rgb(199, 199, 199);\">Vitamina D3 (m\u00ednimo)<\/td>\n<td style=\"vertical-align: top;\">1.940<\/td>\n<td style=\"vertical-align: top; border-left: 1px solid rgb(199, 199, 199);\">UI<\/td>\n<\/tr>\n<tr>\n<td style=\"vertical-align: top; border-right: 1px solid rgb(199, 199, 199);\">Vitamina E (m\u00ednimo)<\/td>\n<td style=\"vertical-align: top;\">960<\/td>\n<td style=\"vertical-align: top; border-left: 1px solid rgb(199, 199, 199);\">UI<\/td>\n<\/tr>\n<tr>\n<td style=\"vertical-align: top; border-right: 1px solid rgb(199, 199, 199); color: white; background: rgb(100, 155, 125) !important;\">Vitamina K3 (m\u00ednimo)<\/td>\n<td style=\"vertical-align: top; color: white; background: rgb(100, 155, 125) !important;\">80<\/td>\n<td style=\"vertical-align: top; border-left: 1px solid rgb(199, 199, 199); color: white; background: rgb(100, 155, 125) !important;\">mg<\/td>\n<\/tr>\n<tr>\n<td style=\"vertical-align: top; border-right: 1px solid rgb(199, 199, 199);\">Zinco Quelatado (m\u00ednimo)<\/td>\n<td style=\"vertical-align: top;\">580<\/td>\n<td style=\"vertical-align: top; border-left: 1px solid rgb(199, 199, 199);\">mg<\/td>\n<\/tr>\n<\/tbody>\n<\/table>\n<\/div>\n<\/div>\n","protected":false},"excerpt":{"rendered":"<p>Suplemento alimentar de pronto uso, desenvolvido especificamente para potros em fase de crescimento. Apresenta\u00e7\u00e3o Frasco pl\u00e1stico com seringa dosadora contendo 1Kg Modo<\/p>\n","protected":false},"featured_media":17124,"template":"","meta":{"_acf_changed":false},"product_brand":[952],"product_cat":[163,178,194],"product_tag":[983],"class_list":{"0":"post-17123","1":"product","2":"type-product","3":"status-publish","4":"has-post-thumbnail","6":"product_brand-lavizoo","7":"product_cat-equinos","8":"product_cat-suplementos-e-vitaminas-2","9":"product_cat-todos-os-produtos","10":"product_tag-lavizoo","12":"first","13":"instock","14":"purchasable","15":"product-type-simple"},"acf":[],"_links":{"self":[{"href":"https:\/\/vetsul.com\/index.php\/wp-json\/wp\/v2\/product\/17123","targetHints":{"allow":["GET"]}}],"collection":[{"href":"https:\/\/vetsul.com\/index.php\/wp-json\/wp\/v2\/product"}],"about":[{"href":"https:\/\/vetsul.com\/index.php\/wp-json\/wp\/v2\/types\/product"}],"wp:featuredmedia":[{"embeddable":true,"href":"https:\/\/vetsul.com\/index.php\/wp-json\/wp\/v2\/media\/17124"}],"wp:attachment":[{"href":"https:\/\/vetsul.com\/index.php\/wp-json\/wp\/v2\/media?parent=17123"}],"wp:term":[{"taxonomy":"product_brand","embeddable":true,"href":"https:\/\/vetsul.com\/index.php\/wp-json\/wp\/v2\/product_brand?post=17123"},{"taxonomy":"product_cat","embeddable":true,"href":"https:\/\/vetsul.com\/index.php\/wp-json\/wp\/v2\/product_cat?post=17123"},{"taxonomy":"product_tag","embeddable":true,"href":"https:\/\/vetsul.com\/index.php\/wp-json\/wp\/v2\/product_tag?post=17123"}],"curies":[{"name":"wp","href":"https:\/\/api.w.org\/{rel}","templated":true}]}}