{"id":17083,"date":"2019-04-23T10:13:33","date_gmt":"2019-04-23T13:13:33","guid":{"rendered":"http:\/\/35.194.95.18\/wp-admin\/?post_type=product&#038;p=17083"},"modified":"2025-02-07T16:26:07","modified_gmt":"2025-02-07T19:26:07","slug":"frigoboi-produ-ao-500ml","status":"publish","type":"product","link":"https:\/\/vetsul.com\/index.php\/product\/frigoboi-produ-ao-500ml\/","title":{"rendered":"FRIGOBOI PRODU\u00c7\u00c3O 500ML"},"content":{"rendered":"<p style=\"margin-bottom: 10px; padding: 0px; color: rgb(102, 102, 102); font-size: 12px; text-align: justify;\"><font face=\"Arial\"><span style=\"font-size: 14px;\">Endectocida injet\u00e1vel para o tratamento e\/ou controle dos parasitas internos e externos dos bovinos.<\/span><\/font><\/p>\n<p style=\"margin-bottom: 10px; padding: 0px; font-size: 12px; text-align: justify;\"><font face=\"Arial\" style=\"\"><span style=\"font-size: 14px;\">&nbsp;<\/span><\/font><\/p>\n<p style=\"margin-bottom: 10px; padding: 0px; font-size: 12px; text-align: justify;\"><strong style=\"margin: 0px; padding: 0px;\"><font face=\"Arial\"><span style=\"font-size: 14px;\">F\u00d3RMULA<\/span><\/font><\/strong><\/p>\n<p style=\"margin-bottom: 10px; padding: 0px; font-size: 12px; text-align: justify;\"><font face=\"Arial\"><span style=\"font-size: 14px;\">Cada 100 mL do produto cont\u00e9m:<\/span><\/font><\/p>\n<p style=\"margin-bottom: 10px; padding: 0px; font-size: 12px; text-align: justify;\"><font face=\"Arial\"><span style=\"font-size: 14px;\">Abamectina &#8230;&#8230;&#8230;&#8230;&#8230;&#8230;&#8230;&#8230;&#8230;&#8230;&#8230;&#8230;&#8230;&#8230;&#8230;&#8230;&#8230;&#8230;&#8230;&#8230;&#8230;&#8230;&#8230;&#8230;&#8230;&#8230;&#8230;&#8230;&#8230;&#8230;&#8230;&#8230;&#8230;&#8230;&#8230;&#8230;&#8230;&#8230;&#8230;&#8230;&#8230;&#8230;&#8230;&#8230;&#8230;&#8230;&#8230;&#8230;&#8230;&#8230;&#8230;&#8230;&#8230;&#8230;&#8230;&#8230;&#8230;&#8230;&#8230;&#8230;&#8230;&#8230;&#8230;&#8230;&#8230;&#8230;&#8230;&#8230;&#8230;&#8230;&#8230;&#8230;&#8230;&#8230;&#8230;&#8230;&#8230;. 1 g<\/span><\/font><\/p>\n<p style=\"margin-bottom: 10px; padding: 0px; font-size: 12px; text-align: justify;\"><font face=\"Arial\"><span style=\"font-size: 14px;\">Ve\u00edculo q.s.p. &#8230;&#8230;&#8230;&#8230;&#8230;&#8230;&#8230;&#8230;&#8230;&#8230;&#8230;&#8230;&#8230;&#8230;&#8230;&#8230;&#8230;&#8230;&#8230;&#8230;&#8230;&#8230;&#8230;&#8230;&#8230;&#8230;&#8230;&#8230;&#8230;&#8230;&#8230;&#8230;&#8230;&#8230;&#8230;&#8230;&#8230;&#8230;&#8230;&#8230;&#8230;&#8230;&#8230;&#8230;&#8230;&#8230;&#8230;&#8230;&#8230;&#8230;&#8230;&#8230;&#8230;&#8230;&#8230;&#8230;&#8230;&#8230;&#8230;&#8230;&#8230;&#8230;&#8230;&#8230;&#8230;&#8230;&#8230;&#8230;&#8230;&#8230;&#8230;&#8230;&#8230;&#8230;&#8230;. 100 mL<\/span><\/font><\/p>\n<p style=\"margin-bottom: 10px; padding: 0px; font-size: 12px; text-align: justify;\"><font face=\"Arial\"><span style=\"font-size: 14px;\">&nbsp;<\/span><\/font><\/p>\n<p style=\"margin-bottom: 10px; padding: 0px; font-size: 12px; text-align: justify;\"><strong style=\"margin: 0px; padding: 0px;\"><font face=\"Arial\"><span style=\"font-size: 14px;\">INFORMA\u00c7\u00d5ES T\u00c9CNICAS<\/span><\/font><\/strong><\/p>\n<p style=\"margin-bottom: 10px; padding: 0px; font-size: 12px; text-align: justify;\"><font face=\"Arial\"><span style=\"font-size: 14px;\">A Abamectina \u00e9 indicada no combate e preven\u00e7\u00e3o aos parasitas internos e externos que infestam os bovinos. Atua aumentando a libera\u00e7\u00e3o do neurotransmissor GABA, alterando toda a din\u00e2mica da transmiss\u00e3o do impulso nervoso do parasita, consequentemente levando \u00e0 paralisia e morte do mesmo. Possui amplo espectro de a\u00e7\u00e3o e longa dura\u00e7\u00e3o.<\/span><\/font><\/p>\n<p style=\"margin-bottom: 10px; padding: 0px; font-size: 12px; text-align: justify;\"><font face=\"Arial\"><span style=\"font-size: 14px;\">&nbsp;<\/span><\/font><\/p>\n<p style=\"margin-bottom: 10px; padding: 0px; font-size: 12px; text-align: justify;\"><strong style=\"margin: 0px; padding: 0px;\"><font face=\"Arial\"><span style=\"font-size: 14px;\">INDICA\u00c7\u00d5ES<\/span><\/font><\/strong><\/p>\n<p style=\"margin-bottom: 10px; padding: 0px; font-size: 12px; text-align: justify;\"><font face=\"Arial\"><span style=\"font-size: 14px;\">FRIGOBOI PRODU\u00c7\u00c3O \u00e9 indicado na elimina\u00e7\u00e3o e controle de:<\/span><\/font><\/p>\n<p style=\"margin-bottom: 10px; padding: 0px; font-size: 12px; text-align: justify;\"><font face=\"Arial\"><span style=\"font-size: 14px;\">&nbsp;<\/span><\/font><\/p>\n<p style=\"margin-bottom: 10px; padding: 0px; font-size: 12px; text-align: justify;\"><font face=\"Arial\"><span style=\"font-size: 14px;\">Nemat\u00f3deos gastrintestinais adultos e larvares:<\/span><span style=\"font-size: 14px;\">&nbsp;<\/span><em style=\"margin: 0px; padding: 0px;\"><span style=\"font-size: 14px;\">Haemonchus placei<\/span><\/em><span style=\"font-size: 14px;\">,<\/span><span style=\"font-size: 14px;\">&nbsp;<\/span><em style=\"margin: 0px; padding: 0px;\"><span style=\"font-size: 14px;\">Trichostrongylus axei<\/span><\/em><span style=\"font-size: 14px;\">,<\/span><span style=\"font-size: 14px;\">&nbsp;<\/span><em style=\"margin: 0px; padding: 0px;\"><span style=\"font-size: 14px;\">Trichostrongylus colubriformis<\/span><\/em><span style=\"font-size: 14px;\">,<\/span><span style=\"font-size: 14px;\">&nbsp;<\/span><em style=\"margin: 0px; padding: 0px;\"><span style=\"font-size: 14px;\">Ostertagia<\/span><\/em><span style=\"font-size: 14px;\">&nbsp;<\/span><span style=\"font-size: 14px;\">spp,<\/span><span style=\"font-size: 14px;\">&nbsp;<\/span><em style=\"margin: 0px; padding: 0px;\"><span style=\"font-size: 14px;\">Cooperia punctata<\/span><\/em><span style=\"font-size: 14px;\">,<\/span><span style=\"font-size: 14px;\">&nbsp;<\/span><em style=\"margin: 0px; padding: 0px;\"><span style=\"font-size: 14px;\">Cooperia pectinata<\/span><\/em><span style=\"font-size: 14px;\">,<\/span><span style=\"font-size: 14px;\">&nbsp;<\/span><em style=\"margin: 0px; padding: 0px;\"><span style=\"font-size: 14px;\">Nematodirus<\/span><\/em><span style=\"font-size: 14px;\">&nbsp;<\/span><span style=\"font-size: 14px;\">spp,<\/span><span style=\"font-size: 14px;\">&nbsp;<\/span><em style=\"margin: 0px; padding: 0px;\"><span style=\"font-size: 14px;\">Bunostomum<\/span><span style=\"font-size: 14px;\">&nbsp;<\/span><\/em><span style=\"font-size: 14px;\">spp,<\/span><span style=\"font-size: 14px;\">&nbsp;<\/span><em style=\"margin: 0px; padding: 0px;\"><span style=\"font-size: 14px;\">Neoascaris<\/span><\/em><span style=\"font-size: 14px;\">&nbsp;<\/span><span style=\"font-size: 14px;\">spp,<\/span><span style=\"font-size: 14px;\">&nbsp;<\/span><em style=\"margin: 0px; padding: 0px;\"><span style=\"font-size: 14px;\">Chabertia<\/span><\/em><span style=\"font-size: 14px;\">&nbsp;<\/span><span style=\"font-size: 14px;\">spp,<\/span><span style=\"font-size: 14px;\">&nbsp;<\/span><em style=\"margin: 0px; padding: 0px;\"><span style=\"font-size: 14px;\">Oesophagostomum radiatum<\/span><\/em><span style=\"font-size: 14px;\">.<\/span><\/font><\/p>\n<p style=\"margin-bottom: 10px; padding: 0px; font-size: 12px; text-align: justify;\"><font face=\"Arial\"><span style=\"font-size: 14px;\">&nbsp;<\/span><\/font><\/p>\n<p style=\"margin-bottom: 10px; padding: 0px; font-size: 12px; text-align: justify;\"><font face=\"Arial\"><span style=\"font-size: 14px;\">Nemat\u00f3deo pulmonar:<\/span><span style=\"font-size: 14px;\">&nbsp;<\/span><em style=\"margin: 0px; padding: 0px;\"><span style=\"font-size: 14px;\">Dictyocaulus viviparus<\/span><\/em><span style=\"font-size: 14px;\">.<\/span><\/font><\/p>\n<p style=\"margin-bottom: 10px; padding: 0px; font-size: 12px; text-align: justify;\"><font face=\"Arial\"><span style=\"font-size: 14px;\">&nbsp;<\/span><\/font><\/p>\n<p style=\"margin-bottom: 10px; padding: 0px; font-size: 12px; text-align: justify;\"><font face=\"Arial\"><span style=\"font-size: 14px;\">Bernes: larvas de<\/span><span style=\"font-size: 14px;\">&nbsp;<\/span><em style=\"margin: 0px; padding: 0px;\"><span style=\"font-size: 14px;\">Dermatobia hominis<\/span><\/em><span style=\"font-size: 14px;\">.<\/span><\/font><\/p>\n<p style=\"margin-bottom: 10px; padding: 0px; font-size: 12px; text-align: justify;\"><font face=\"Arial\"><span style=\"font-size: 14px;\">&nbsp;<\/span><\/font><\/p>\n<p style=\"margin-bottom: 10px; padding: 0px; font-size: 12px; text-align: justify;\"><font face=\"Arial\"><span style=\"font-size: 14px;\">Mi\u00edases: larvas de<\/span><span style=\"font-size: 14px;\">&nbsp;<\/span><em style=\"margin: 0px; padding: 0px;\"><span style=\"font-size: 14px;\">Cochliomya hominivorax<\/span><\/em><span style=\"font-size: 14px;\">&nbsp;<\/span><span style=\"font-size: 14px;\">(previne a ocorr\u00eancia de \u201cbicheiras\u201d em feridas cir\u00fargicas ou em descornas e castra\u00e7\u00f5es).<\/span><\/font><\/p>\n<p style=\"margin-bottom: 10px; padding: 0px; font-size: 12px; text-align: justify;\"><font face=\"Arial\"><span style=\"font-size: 14px;\">&nbsp;<\/span><\/font><\/p>\n<p style=\"margin-bottom: 10px; padding: 0px; font-size: 12px; text-align: justify;\"><font face=\"Arial\"><span style=\"font-size: 14px;\">Sarnas:<\/span><span style=\"font-size: 14px;\">&nbsp;<\/span><em style=\"margin: 0px; padding: 0px;\"><span style=\"font-size: 14px;\">Chorioptes bovis<\/span><\/em><span style=\"font-size: 14px;\">,<\/span><span style=\"font-size: 14px;\">&nbsp;<\/span><em style=\"margin: 0px; padding: 0px;\"><span style=\"font-size: 14px;\">Sarcoptes scabei<\/span><\/em><span style=\"font-size: 14px;\">&nbsp;<\/span><span style=\"font-size: 14px;\">var.<\/span><span style=\"font-size: 14px;\">&nbsp;<\/span><em style=\"margin: 0px; padding: 0px;\"><span style=\"font-size: 14px;\">bovis<\/span><\/em><span style=\"font-size: 14px;\">.<\/span><\/font><\/p>\n<p style=\"margin-bottom: 10px; padding: 0px; font-size: 12px; text-align: justify;\"><font face=\"Arial\"><span style=\"font-size: 14px;\">&nbsp;<\/span><\/font><\/p>\n<p style=\"margin-bottom: 10px; padding: 0px; font-size: 12px; text-align: justify;\"><font face=\"Arial\"><span style=\"font-size: 14px;\">Piolhos:<\/span><span style=\"font-size: 14px;\">&nbsp;<\/span><em style=\"margin: 0px; padding: 0px;\"><span style=\"font-size: 14px;\">Linognathus vituli<\/span><\/em><span style=\"font-size: 14px;\">,<\/span><span style=\"font-size: 14px;\">&nbsp;<\/span><em style=\"margin: 0px; padding: 0px;\"><span style=\"font-size: 14px;\">Haematopinus eurysternus<\/span><\/em><span style=\"font-size: 14px;\">,<\/span><span style=\"font-size: 14px;\">&nbsp;<\/span><em style=\"margin: 0px; padding: 0px;\"><span style=\"font-size: 14px;\">Damalinia bovis<\/span><\/em><span style=\"font-size: 14px;\">,<\/span><span style=\"font-size: 14px;\">&nbsp;<\/span><em style=\"margin: 0px; padding: 0px;\"><span style=\"font-size: 14px;\">Solenopotes capillatus<\/span><\/em><span style=\"font-size: 14px;\">.<\/span><\/font><\/p>\n<p style=\"margin-bottom: 10px; padding: 0px; font-size: 12px; text-align: justify;\"><font face=\"Arial\"><span style=\"font-size: 14px;\">&nbsp;<\/span><\/font><\/p>\n<p style=\"margin-bottom: 10px; padding: 0px; font-size: 12px; text-align: justify;\"><font face=\"Arial\"><span style=\"font-size: 14px;\">Carrapatos:<\/span><span style=\"font-size: 14px;\">&nbsp;<\/span><em style=\"margin: 0px; padding: 0px;\"><span style=\"font-size: 14px;\">Boophilus microplus<\/span><\/em><span style=\"font-size: 14px;\">.<\/span><\/font><\/p>\n<p style=\"margin-bottom: 10px; padding: 0px; font-size: 12px; text-align: justify;\"><font face=\"Arial\"><span style=\"font-size: 14px;\">&nbsp;<\/span><\/font><\/p>\n<p style=\"margin-bottom: 10px; padding: 0px; font-size: 12px; text-align: justify;\"><strong style=\"margin: 0px; padding: 0px;\"><font face=\"Arial\"><span style=\"font-size: 14px;\">MODO DE USO E DOSAGEM<\/span><\/font><\/strong><\/p>\n<p style=\"margin-bottom: 10px; padding: 0px; font-size: 12px; text-align: justify;\"><font face=\"Arial\"><span style=\"font-size: 14px;\">FRIGOBOI PRODU\u00c7\u00c3O deve ser aplicado unicamente pela via subcut\u00e2nea na regi\u00e3o da paleta, utilizando-se material est\u00e9ril e obedecendo-se as devidas regras de assepsia. A dose indicada para bovinos \u00e9 de 1 mL para cada 50 kg de peso corporal (equivalente a 200 \u00b5g de Abamectina por kg de peso corporal), conforme a tabela abaixo:<\/span><\/font><\/p>\n<p style=\"margin-bottom: 10px; padding: 0px; font-size: 12px; text-align: justify;\"><font face=\"Arial\"><span style=\"font-size: 14px;\">&nbsp;<\/span><\/font><\/p>\n<p style=\"margin-bottom: 10px; padding: 0px; font-size: 12px; text-align: justify;\"><font face=\"Arial\"><span style=\"font-size: 14px;\">PESO DO ANIMAL&nbsp;&nbsp;&nbsp;&nbsp;&nbsp;&nbsp;&nbsp;&nbsp;&nbsp;&nbsp;&nbsp;&nbsp;&nbsp;&nbsp;&nbsp;&nbsp;&nbsp;&nbsp;&nbsp;&nbsp;&nbsp;&nbsp;&nbsp;&nbsp;&nbsp;&nbsp;&nbsp;&nbsp;&nbsp;&nbsp;&nbsp;&nbsp;&nbsp;&nbsp;&nbsp;&nbsp;&nbsp;&nbsp;&nbsp;&nbsp;&nbsp;&nbsp;&nbsp;&nbsp;&nbsp;&nbsp;&nbsp;&nbsp;&nbsp;&nbsp;&nbsp;&nbsp;&nbsp;&nbsp;&nbsp;&nbsp;&nbsp; DOSAGEM<\/span><\/font><\/p>\n<p style=\"margin-bottom: 10px; padding: 0px; font-size: 12px; text-align: justify;\"><font face=\"Arial\"><span style=\"font-size: 14px;\">50 kg&nbsp;&nbsp;&nbsp;&nbsp;&nbsp;&nbsp;&nbsp;&nbsp;&nbsp;&nbsp;&nbsp;&nbsp;&nbsp;&nbsp;&nbsp;&nbsp;&nbsp;&nbsp;&nbsp;&nbsp;&nbsp;&nbsp;&nbsp;&nbsp;&nbsp;&nbsp;&nbsp;&nbsp;&nbsp;&nbsp;&nbsp;&nbsp;&nbsp;&nbsp;&nbsp;&nbsp;&nbsp;&nbsp;&nbsp;&nbsp;&nbsp;&nbsp;&nbsp;&nbsp;&nbsp;&nbsp;&nbsp;&nbsp;&nbsp;&nbsp;&nbsp;&nbsp;&nbsp;&nbsp;&nbsp;&nbsp;&nbsp;&nbsp;&nbsp;&nbsp;&nbsp;&nbsp;&nbsp;&nbsp;&nbsp;&nbsp;&nbsp;&nbsp;&nbsp;&nbsp;&nbsp;&nbsp;&nbsp;&nbsp;&nbsp;&nbsp;&nbsp;&nbsp;&nbsp;&nbsp;1 mL<\/span><\/font><\/p>\n<p style=\"margin-bottom: 10px; padding: 0px; font-size: 12px; text-align: justify;\"><font face=\"Arial\"><span style=\"font-size: 14px;\">51 \u2013 100 kg&nbsp;&nbsp;&nbsp;&nbsp;&nbsp;&nbsp;&nbsp;&nbsp;&nbsp;&nbsp;&nbsp;&nbsp;&nbsp;&nbsp;&nbsp;&nbsp;&nbsp;&nbsp;&nbsp;&nbsp;&nbsp;&nbsp;&nbsp;&nbsp;&nbsp;&nbsp;&nbsp;&nbsp;&nbsp;&nbsp;&nbsp;&nbsp;&nbsp;&nbsp;&nbsp;&nbsp;&nbsp;&nbsp;&nbsp;&nbsp;&nbsp;&nbsp;&nbsp;&nbsp;&nbsp;&nbsp;&nbsp;&nbsp;&nbsp;&nbsp;&nbsp;&nbsp;&nbsp;&nbsp;&nbsp;&nbsp;&nbsp;&nbsp;&nbsp;&nbsp;&nbsp;&nbsp;&nbsp;&nbsp;&nbsp;&nbsp;&nbsp;&nbsp;&nbsp;&nbsp; 2 mL<\/span><\/font><\/p>\n<p style=\"margin-bottom: 10px; padding: 0px; font-size: 12px; text-align: justify;\"><font face=\"Arial\"><span style=\"font-size: 14px;\">101 \u2013 150 kg&nbsp;&nbsp;&nbsp;&nbsp;&nbsp;&nbsp;&nbsp;&nbsp;&nbsp;&nbsp;&nbsp;&nbsp;&nbsp;&nbsp;&nbsp;&nbsp;&nbsp;&nbsp;&nbsp;&nbsp;&nbsp;&nbsp;&nbsp;&nbsp;&nbsp;&nbsp;&nbsp;&nbsp;&nbsp;&nbsp;&nbsp;&nbsp;&nbsp;&nbsp;&nbsp;&nbsp;&nbsp;&nbsp;&nbsp;&nbsp;&nbsp;&nbsp;&nbsp;&nbsp;&nbsp;&nbsp;&nbsp;&nbsp;&nbsp;&nbsp;&nbsp;&nbsp;&nbsp;&nbsp;&nbsp;&nbsp;&nbsp;&nbsp;&nbsp;&nbsp;&nbsp;&nbsp;&nbsp;&nbsp;&nbsp;&nbsp;&nbsp;&nbsp; 3 mL<\/span><\/font><\/p>\n<p style=\"margin-bottom: 10px; padding: 0px; font-size: 12px; text-align: justify;\"><font face=\"Arial\"><span style=\"font-size: 14px;\">151 \u2013 200 kg&nbsp;&nbsp;&nbsp;&nbsp;&nbsp;&nbsp;&nbsp;&nbsp;&nbsp;&nbsp;&nbsp;&nbsp;&nbsp;&nbsp;&nbsp;&nbsp;&nbsp;&nbsp;&nbsp;&nbsp;&nbsp;&nbsp;&nbsp;&nbsp;&nbsp;&nbsp;&nbsp;&nbsp;&nbsp;&nbsp;&nbsp;&nbsp;&nbsp;&nbsp;&nbsp;&nbsp;&nbsp;&nbsp;&nbsp;&nbsp;&nbsp;&nbsp;&nbsp;&nbsp;&nbsp;&nbsp;&nbsp;&nbsp;&nbsp;&nbsp;&nbsp;&nbsp;&nbsp;&nbsp;&nbsp;&nbsp;&nbsp;&nbsp;&nbsp;&nbsp;&nbsp;&nbsp;&nbsp;&nbsp;&nbsp;&nbsp;&nbsp;&nbsp; 4 mL<\/span><\/font><\/p>\n<p style=\"margin-bottom: 10px; padding: 0px; font-size: 12px; text-align: justify;\"><font face=\"Arial\"><span style=\"font-size: 14px;\">201 \u2013 250 kg&nbsp;&nbsp;&nbsp;&nbsp;&nbsp;&nbsp;&nbsp;&nbsp;&nbsp;&nbsp;&nbsp;&nbsp;&nbsp;&nbsp;&nbsp;&nbsp;&nbsp;&nbsp;&nbsp;&nbsp;&nbsp;&nbsp;&nbsp;&nbsp;&nbsp;&nbsp;&nbsp;&nbsp;&nbsp;&nbsp;&nbsp;&nbsp;&nbsp;&nbsp;&nbsp;&nbsp;&nbsp;&nbsp;&nbsp;&nbsp;&nbsp;&nbsp;&nbsp;&nbsp;&nbsp;&nbsp;&nbsp;&nbsp;&nbsp;&nbsp;&nbsp;&nbsp;&nbsp;&nbsp;&nbsp;&nbsp;&nbsp;&nbsp;&nbsp;&nbsp;&nbsp;&nbsp;&nbsp;&nbsp;&nbsp;&nbsp;&nbsp;&nbsp; 5 mL<\/span><\/font><\/p>\n<p style=\"margin-bottom: 10px; padding: 0px; font-size: 12px; text-align: justify;\"><font face=\"Arial\"><span style=\"font-size: 14px;\">251 \u2013 300 kg&nbsp;&nbsp;&nbsp;&nbsp;&nbsp;&nbsp;&nbsp;&nbsp;&nbsp;&nbsp;&nbsp;&nbsp;&nbsp;&nbsp;&nbsp;&nbsp;&nbsp;&nbsp;&nbsp;&nbsp;&nbsp;&nbsp;&nbsp;&nbsp;&nbsp;&nbsp;&nbsp;&nbsp;&nbsp;&nbsp;&nbsp;&nbsp;&nbsp;&nbsp;&nbsp;&nbsp;&nbsp;&nbsp;&nbsp;&nbsp;&nbsp;&nbsp;&nbsp;&nbsp;&nbsp;&nbsp;&nbsp;&nbsp;&nbsp;&nbsp;&nbsp;&nbsp;&nbsp;&nbsp;&nbsp;&nbsp;&nbsp;&nbsp;&nbsp;&nbsp;&nbsp;&nbsp;&nbsp;&nbsp;&nbsp;&nbsp;&nbsp;&nbsp; 6 mL<\/span><\/font><\/p>\n<p style=\"margin-bottom: 10px; padding: 0px; font-size: 12px; text-align: justify;\"><font face=\"Arial\"><span style=\"font-size: 14px;\">301 \u2013 350 kg&nbsp;&nbsp;&nbsp;&nbsp;&nbsp;&nbsp;&nbsp;&nbsp;&nbsp;&nbsp;&nbsp;&nbsp;&nbsp;&nbsp;&nbsp;&nbsp;&nbsp;&nbsp;&nbsp;&nbsp;&nbsp;&nbsp;&nbsp;&nbsp;&nbsp;&nbsp;&nbsp;&nbsp;&nbsp;&nbsp;&nbsp;&nbsp;&nbsp;&nbsp;&nbsp;&nbsp;&nbsp;&nbsp;&nbsp;&nbsp;&nbsp;&nbsp;&nbsp;&nbsp;&nbsp;&nbsp;&nbsp;&nbsp;&nbsp;&nbsp;&nbsp;&nbsp;&nbsp;&nbsp;&nbsp;&nbsp;&nbsp;&nbsp;&nbsp;&nbsp;&nbsp;&nbsp;&nbsp;&nbsp;&nbsp;&nbsp;&nbsp;&nbsp; 7 mL<\/span><\/font><\/p>\n<p style=\"margin-bottom: 10px; padding: 0px; font-size: 12px; text-align: justify;\"><font face=\"Arial\"><span style=\"font-size: 14px;\">351 \u2013 400 kg&nbsp;&nbsp;&nbsp;&nbsp;&nbsp;&nbsp;&nbsp;&nbsp;&nbsp;&nbsp;&nbsp;&nbsp;&nbsp;&nbsp;&nbsp;&nbsp;&nbsp;&nbsp;&nbsp;&nbsp;&nbsp;&nbsp;&nbsp;&nbsp;&nbsp;&nbsp;&nbsp;&nbsp;&nbsp;&nbsp;&nbsp;&nbsp;&nbsp;&nbsp;&nbsp;&nbsp;&nbsp;&nbsp;&nbsp;&nbsp;&nbsp;&nbsp;&nbsp;&nbsp;&nbsp;&nbsp;&nbsp;&nbsp;&nbsp;&nbsp;&nbsp;&nbsp;&nbsp;&nbsp;&nbsp;&nbsp;&nbsp;&nbsp;&nbsp;&nbsp;&nbsp;&nbsp;&nbsp;&nbsp;&nbsp;&nbsp;&nbsp;&nbsp; 8 mL<\/span><\/font><\/p>\n<p style=\"margin-bottom: 10px; padding: 0px; font-size: 12px; text-align: justify;\"><font face=\"Arial\"><span style=\"font-size: 14px;\">401 \u2013 450 kg&nbsp;&nbsp;&nbsp;&nbsp;&nbsp;&nbsp;&nbsp;&nbsp;&nbsp;&nbsp;&nbsp;&nbsp;&nbsp;&nbsp;&nbsp;&nbsp;&nbsp;&nbsp;&nbsp;&nbsp;&nbsp;&nbsp;&nbsp;&nbsp;&nbsp;&nbsp;&nbsp;&nbsp;&nbsp;&nbsp;&nbsp;&nbsp;&nbsp;&nbsp;&nbsp;&nbsp;&nbsp;&nbsp;&nbsp;&nbsp;&nbsp;&nbsp;&nbsp;&nbsp;&nbsp;&nbsp;&nbsp;&nbsp;&nbsp;&nbsp;&nbsp;&nbsp;&nbsp;&nbsp;&nbsp;&nbsp;&nbsp;&nbsp;&nbsp;&nbsp;&nbsp;&nbsp;&nbsp;&nbsp;&nbsp;&nbsp;&nbsp;&nbsp; 9 mL<\/span><\/font><\/p>\n<p style=\"margin-bottom: 10px; padding: 0px; font-size: 12px; text-align: justify;\"><font face=\"Arial\"><span style=\"font-size: 14px;\">451 \u2013 500 kg&nbsp;&nbsp;&nbsp;&nbsp;&nbsp;&nbsp;&nbsp;&nbsp;&nbsp;&nbsp;&nbsp;&nbsp;&nbsp;&nbsp;&nbsp;&nbsp;&nbsp;&nbsp;&nbsp;&nbsp;&nbsp;&nbsp;&nbsp;&nbsp;&nbsp;&nbsp;&nbsp;&nbsp;&nbsp;&nbsp;&nbsp;&nbsp;&nbsp;&nbsp;&nbsp;&nbsp;&nbsp;&nbsp;&nbsp;&nbsp;&nbsp;&nbsp;&nbsp;&nbsp;&nbsp;&nbsp;&nbsp;&nbsp;&nbsp;&nbsp;&nbsp;&nbsp;&nbsp;&nbsp;&nbsp;&nbsp;&nbsp;&nbsp;&nbsp;&nbsp;&nbsp;&nbsp;&nbsp;&nbsp;&nbsp;&nbsp;&nbsp;&nbsp; 10 mL<\/span><\/font><\/p>\n<p style=\"margin-bottom: 10px; padding: 0px; font-size: 12px; text-align: justify;\"><font face=\"Arial\"><span style=\"font-size: 14px;\">501 \u2013 550 kg&nbsp;&nbsp;&nbsp;&nbsp;&nbsp;&nbsp;&nbsp;&nbsp;&nbsp;&nbsp;&nbsp;&nbsp;&nbsp;&nbsp;&nbsp;&nbsp;&nbsp;&nbsp;&nbsp;&nbsp;&nbsp;&nbsp;&nbsp;&nbsp;&nbsp;&nbsp;&nbsp;&nbsp;&nbsp;&nbsp;&nbsp;&nbsp;&nbsp;&nbsp;&nbsp;&nbsp;&nbsp;&nbsp;&nbsp;&nbsp;&nbsp;&nbsp;&nbsp;&nbsp;&nbsp;&nbsp;&nbsp;&nbsp;&nbsp;&nbsp;&nbsp;&nbsp;&nbsp;&nbsp;&nbsp;&nbsp;&nbsp;&nbsp;&nbsp;&nbsp;&nbsp;&nbsp;&nbsp;&nbsp;&nbsp;&nbsp;&nbsp;&nbsp; 11 mL<\/span><\/font><\/p>\n<p style=\"margin-bottom: 10px; padding: 0px; font-size: 12px; text-align: justify;\"><font face=\"Arial\"><span style=\"font-size: 14px;\">551 \u2013 600 kg&nbsp;&nbsp;&nbsp;&nbsp;&nbsp;&nbsp;&nbsp;&nbsp;&nbsp;&nbsp;&nbsp;&nbsp;&nbsp;&nbsp;&nbsp;&nbsp;&nbsp;&nbsp;&nbsp;&nbsp;&nbsp;&nbsp;&nbsp;&nbsp;&nbsp;&nbsp;&nbsp;&nbsp;&nbsp;&nbsp;&nbsp;&nbsp;&nbsp;&nbsp;&nbsp;&nbsp;&nbsp;&nbsp;&nbsp;&nbsp;&nbsp;&nbsp;&nbsp;&nbsp;&nbsp;&nbsp;&nbsp;&nbsp;&nbsp;&nbsp;&nbsp;&nbsp;&nbsp;&nbsp;&nbsp;&nbsp;&nbsp;&nbsp;&nbsp;&nbsp;&nbsp;&nbsp;&nbsp;&nbsp;&nbsp;&nbsp;&nbsp;&nbsp; 12 mL<\/span><\/font><\/p>\n<p style=\"margin-bottom: 10px; padding: 0px; font-size: 12px; text-align: justify;\"><font face=\"Arial\"><span style=\"font-size: 14px;\">Obs: Os animais com peso acima dos constantes na tabela dever\u00e3o receber doses equivalentes a 1 mL para cada 50 kg de peso corporal. As doses superiores a 10 mL dever\u00e3o ser divididas e aplicadas em locais diferentes.<\/span><\/font><\/p>\n<p style=\"margin-bottom: 10px; padding: 0px; font-size: 12px; text-align: justify;\"><font face=\"Arial\"><span style=\"font-size: 14px;\">&nbsp;<\/span><\/font><\/p>\n<p style=\"margin-bottom: 10px; padding: 0px; font-size: 12px; text-align: justify;\"><strong style=\"margin: 0px; padding: 0px;\"><font face=\"Arial\"><span style=\"font-size: 14px;\">PRECAU\u00c7\u00d5ES E ADVERT\u00caNCIAS<\/span><\/font><\/strong><\/p>\n<p style=\"margin-bottom: 10px; padding: 0px; font-size: 12px; text-align: justify;\"><font face=\"Arial\"><span style=\"font-size: 14px;\">O produto n\u00e3o deve ser utilizado em vacas em fase de lacta\u00e7\u00e3o;<\/span><\/font><\/p>\n<p style=\"margin-bottom: 10px; padding: 0px; font-size: 12px; text-align: justify;\"><font face=\"Arial\"><span style=\"font-size: 14px;\">Em casos de mi\u00edases (bicheira) j\u00e1 instalada, usar produtos larvicidas espec\u00edficos;<\/span><\/font><\/p>\n<p style=\"margin-bottom: 10px; padding: 0px; font-size: 12px; text-align: justify;\"><font face=\"Arial\"><span style=\"font-size: 14px;\">N\u00e3o administrar o produto pelas vias endovenosa ou intramuscular;<\/span><\/font><\/p>\n<p style=\"margin-bottom: 10px; padding: 0px; font-size: 12px; text-align: justify;\"><font face=\"Arial\"><span style=\"font-size: 14px;\">Pode ser observada a ocorr\u00eancia de edema no local da inje\u00e7\u00e3o, que regride em poucos dias, sem a necessidade de tratamento;<\/span><\/font><\/p>\n<p style=\"margin-bottom: 10px; padding: 0px; font-size: 12px; text-align: justify;\"><font face=\"Arial\"><span style=\"font-size: 14px;\">N\u00e3o utilizar em bezerros com menos de 4 meses de vida ou menos de 100 kg de peso corporal;<\/span><\/font><\/p>\n<p style=\"margin-bottom: 10px; padding: 0px; font-size: 12px; text-align: justify;\"><font face=\"Arial\"><span style=\"font-size: 14px;\">O produto n\u00e3o deve ser aplicado em animais fracos e debilitados;<\/span><\/font><\/p>\n<p style=\"margin-bottom: 10px; padding: 0px; font-size: 12px; text-align: justify;\"><font face=\"Arial\"><span style=\"font-size: 14px;\">N\u00e3o comer, beber ou fumar durante o manuseio do produto;<\/span><\/font><\/p>\n<p style=\"margin-bottom: 10px; padding: 0px; font-size: 12px; text-align: justify;\"><font face=\"Arial\"><span style=\"font-size: 14px;\">Lavar bem as m\u00e3os ap\u00f3s a manipula\u00e7\u00e3o do produto;<\/span><\/font><\/p>\n<p style=\"margin-bottom: 10px; padding: 0px; font-size: 12px; text-align: justify;\"><font face=\"Arial\"><span style=\"font-size: 14px;\">N\u00e3o reutilizar as embalagens vazias.<\/span><\/font><\/p>\n<p style=\"margin-bottom: 10px; padding: 0px; font-size: 12px; text-align: justify;\"><font face=\"Arial\"><span style=\"font-size: 14px;\">&nbsp;<\/span><\/font><\/p>\n<p style=\"margin-bottom: 10px; padding: 0px; font-size: 12px; text-align: justify;\"><strong style=\"margin: 0px; padding: 0px;\"><font face=\"Arial\"><span style=\"font-size: 14px;\">EFEITOS COLATERAIS<\/span><\/font><\/strong><\/p>\n<p style=\"margin-bottom: 10px; padding: 0px; font-size: 12px; text-align: justify;\"><font face=\"Arial\"><span style=\"font-size: 14px;\">FRIGOBOI PRODU\u00c7\u00c3O n\u00e3o apresenta rea\u00e7\u00f5es adversas nas doses recomendadas.<\/span><\/font><\/p>\n<p style=\"margin-bottom: 10px; padding: 0px; font-size: 12px; text-align: justify;\"><font face=\"Arial\"><span style=\"font-size: 14px;\">&nbsp;<\/span><\/font><\/p>\n<p style=\"margin-bottom: 10px; padding: 0px; font-size: 12px; text-align: justify;\"><strong style=\"margin: 0px; padding: 0px;\"><font face=\"Arial\"><span style=\"font-size: 14px;\">CONDI\u00c7\u00d5ES DE ARMAZENAMENTO<\/span><\/font><\/strong><\/p>\n<p style=\"margin-bottom: 10px; padding: 0px; font-size: 12px; text-align: justify;\"><font face=\"Arial\" style=\"\"><span style=\"font-size: 14px;\">Conservar em local seco e fresco, \u00e0 temperatura ambiente entre 15 \u00b0C e 30 \u00b0C, ao abrigo da luz solar, fora do alcance de crian\u00e7as e animais dom\u00e9sticos.<\/span><\/font><\/p>\n","protected":false},"excerpt":{"rendered":"<p>Endectocida injet\u00e1vel para o tratamento e\/ou controle dos parasitas internos e externos dos bovinos. &nbsp; F\u00d3RMULA Cada 100 mL do produto cont\u00e9m:<\/p>\n","protected":false},"featured_media":17084,"template":"","meta":{"_acf_changed":false},"product_brand":[957],"product_cat":[164,167],"product_tag":[803,797,804],"class_list":{"0":"post-17083","1":"product","2":"type-product","3":"status-publish","4":"has-post-thumbnail","6":"product_brand-j-a-saude-animal","7":"product_cat-bovinos-e-ovinos","8":"product_cat-vermifugos-e-carrapaticidas","9":"product_tag-endoceticida","10":"product_tag-ja-saude-animal","11":"product_tag-parasiticida","13":"first","14":"outofstock","15":"purchasable","16":"product-type-simple"},"acf":[],"_links":{"self":[{"href":"https:\/\/vetsul.com\/index.php\/wp-json\/wp\/v2\/product\/17083","targetHints":{"allow":["GET"]}}],"collection":[{"href":"https:\/\/vetsul.com\/index.php\/wp-json\/wp\/v2\/product"}],"about":[{"href":"https:\/\/vetsul.com\/index.php\/wp-json\/wp\/v2\/types\/product"}],"wp:featuredmedia":[{"embeddable":true,"href":"https:\/\/vetsul.com\/index.php\/wp-json\/wp\/v2\/media\/17084"}],"wp:attachment":[{"href":"https:\/\/vetsul.com\/index.php\/wp-json\/wp\/v2\/media?parent=17083"}],"wp:term":[{"taxonomy":"product_brand","embeddable":true,"href":"https:\/\/vetsul.com\/index.php\/wp-json\/wp\/v2\/product_brand?post=17083"},{"taxonomy":"product_cat","embeddable":true,"href":"https:\/\/vetsul.com\/index.php\/wp-json\/wp\/v2\/product_cat?post=17083"},{"taxonomy":"product_tag","embeddable":true,"href":"https:\/\/vetsul.com\/index.php\/wp-json\/wp\/v2\/product_tag?post=17083"}],"curies":[{"name":"wp","href":"https:\/\/api.w.org\/{rel}","templated":true}]}}