{"id":17024,"date":"2018-01-10T15:22:04","date_gmt":"2018-01-10T17:22:04","guid":{"rendered":"http:\/\/35.194.95.18\/wp-admin\/?post_type=product&#038;p=17024"},"modified":"2025-08-12T10:24:30","modified_gmt":"2025-08-12T13:24:30","slug":"zuletel-closantel-10-oral-250ml","status":"publish","type":"product","link":"https:\/\/vetsul.com\/index.php\/product\/zuletel-closantel-10-oral-250ml\/","title":{"rendered":"ZULETEL (CLOSANTEL) 10% ORAL &#8211; 250ml"},"content":{"rendered":"<p>Antiparasit\u00e1rio Interno e Externo \u00e0 base de Closantel, para bovinos e ovinos.<\/p>\n<p>F\u00d3RMULA:&nbsp;<\/p>\n<p>Cada 100 ml cont\u00e9m:&nbsp;<\/p>\n<p>Closantel&#8230;&#8230;&#8230;&#8230;&#8230;&#8230;&#8230;&#8230;&#8230;&#8230;&#8230;&#8230;&#8230;&#8230;&#8230;&#8230;&#8230;&#8230;&#8230;&#8230;&#8230;10 gr&nbsp;<\/p>\n<p>Excipientes q.s.p&#8230;&#8230;&#8230;&#8230;&#8230;&#8230;&#8230;&#8230;&#8230;&#8230;&#8230;&#8230;&#8230;&#8230;&#8230;&#8230;..100 ml&nbsp;<\/p>\n<p><\/p>\n<p>INDICA\u00c7\u00d5ES:&nbsp;<\/p>\n<p>FASCIOLICIDA: Fasc\u00edola hep\u00e1tica e Fasc\u00edola gig\u00e1ntica.&nbsp;<\/p>\n<p>LUMBRICIDA: Haemonchus, Bunostomum, Oesophagostomum, Chabertia e Gaiger\u00eda.&nbsp;<\/p>\n<p>ECTOPARASITAS: Oestrus ovis, Dermatobia hominis e mi\u00edase por Cochliomyia hominivorax.&nbsp;<\/p>\n<p>PREVENTIVO CONTRA SARNA OVINA (Psoroptes ovis)&nbsp;<\/p>\n<p><\/p>\n<p>VIA DE ADMINISTRA\u00c7\u00c3O:&nbsp;<\/p>\n<p>Oral com qualquer dosificadora.&nbsp;<\/p>\n<p><\/p>\n<p>DOSES:&nbsp;<\/p>\n<p>Ovinos:&nbsp;<\/p>\n<p>&#8211; 1 ml cada 20 kg de peso contra Oestrus ovis.&nbsp;<\/p>\n<p>&#8211; 1 ml cada 10 kg de peso contra Fasc\u00edola hep\u00e1tica (imaturos a partir da 4\u00b0 semana e adultos), Fasciola gigantica e nemat\u00f3deos.&nbsp;<\/p>\n<p>&#8211; 1 ml cada 5 kg de peso (equivalente a 20 mg \/ kg p.v.) como preventivo contra sarna ovina.&nbsp;<\/p>\n<p><\/p>\n<p>Bovinos:&nbsp;<\/p>\n<p>&#8211; 1 ml cada 10 kg de peso contra endoparasitas.&nbsp;<\/p>\n<p>&#8211; 1 ml cada 5 kg de peso contra ectoparasitas.&nbsp;<\/p>\n<p><\/p>\n<p>PER\u00cdODO DE CAR\u00caNCIA:&nbsp;<\/p>\n<p>N\u00e3o enviar para abate para consumo nem destinar o leite para ind\u00fastria ou consumo humano at\u00e9 transcorridos 30 dias da dosagem dos animais.&nbsp;<\/p>\n<p>Seu uso n\u00e3o est\u00e1 autorizado para o sarado de focos de Sarna Ovina.<\/p>\n","protected":false},"excerpt":{"rendered":"<p>Antiparasit\u00e1rio Interno e Externo \u00e0 base de Closantel, para bovinos e ovinos. F\u00d3RMULA:&nbsp; Cada 100 ml cont\u00e9m:&nbsp; Closantel&#8230;&#8230;&#8230;&#8230;&#8230;&#8230;&#8230;&#8230;&#8230;&#8230;&#8230;&#8230;&#8230;&#8230;&#8230;&#8230;&#8230;&#8230;&#8230;&#8230;&#8230;10 gr&nbsp; Excipientes q.s.p&#8230;&#8230;&#8230;&#8230;&#8230;&#8230;&#8230;&#8230;&#8230;&#8230;&#8230;&#8230;&#8230;&#8230;&#8230;&#8230;..100 ml&nbsp;<\/p>\n","protected":false},"featured_media":17025,"template":"","meta":{"_acf_changed":false},"product_brand":[962],"product_cat":[167],"product_tag":[992],"class_list":{"0":"post-17024","1":"product","2":"type-product","3":"status-publish","4":"has-post-thumbnail","6":"product_brand-microsules","7":"product_cat-vermifugos-e-carrapaticidas","8":"product_tag-microsules","10":"first","11":"instock","12":"purchasable","13":"product-type-simple"},"acf":[],"_links":{"self":[{"href":"https:\/\/vetsul.com\/index.php\/wp-json\/wp\/v2\/product\/17024","targetHints":{"allow":["GET"]}}],"collection":[{"href":"https:\/\/vetsul.com\/index.php\/wp-json\/wp\/v2\/product"}],"about":[{"href":"https:\/\/vetsul.com\/index.php\/wp-json\/wp\/v2\/types\/product"}],"wp:featuredmedia":[{"embeddable":true,"href":"https:\/\/vetsul.com\/index.php\/wp-json\/wp\/v2\/media\/17025"}],"wp:attachment":[{"href":"https:\/\/vetsul.com\/index.php\/wp-json\/wp\/v2\/media?parent=17024"}],"wp:term":[{"taxonomy":"product_brand","embeddable":true,"href":"https:\/\/vetsul.com\/index.php\/wp-json\/wp\/v2\/product_brand?post=17024"},{"taxonomy":"product_cat","embeddable":true,"href":"https:\/\/vetsul.com\/index.php\/wp-json\/wp\/v2\/product_cat?post=17024"},{"taxonomy":"product_tag","embeddable":true,"href":"https:\/\/vetsul.com\/index.php\/wp-json\/wp\/v2\/product_tag?post=17024"}],"curies":[{"name":"wp","href":"https:\/\/api.w.org\/{rel}","templated":true}]}}