{"id":17004,"date":"2018-01-10T14:45:53","date_gmt":"2018-01-10T16:45:53","guid":{"rendered":"http:\/\/35.194.95.18\/wp-admin\/?post_type=product&#038;p=17004"},"modified":"2025-04-08T14:59:21","modified_gmt":"2025-04-08T17:59:21","slug":"vitagold-potenciado-01-litro","status":"publish","type":"product","link":"https:\/\/vetsul.com\/index.php\/product\/vitagold-potenciado-01-litro\/","title":{"rendered":"Vitagold Potenciado 01 litro"},"content":{"rendered":"<p>INDICA\u00c7\u00d5ES<\/p>\n<p>Bovinos, ovinos, caprinos, equ\u00eddeos, su\u00ednos, aves, c\u00e3es, gatos, coelhos e p\u00e1ssaros.<\/p>\n<p>Quando se necessita de uma suplementa\u00e7\u00e3o de vitaminas, especialmente nas situa\u00e7\u00f5es de elevada produ\u00e7\u00e3o, mudan\u00e7a na alimenta\u00e7\u00e3o, do alojamento e transporte, frio, calor ou vento excessivo e esgotamento.<\/p>\n<p>F\u00d3RMULA:<\/p>\n<p>Cada 1L cont\u00e9m:<\/p>\n<p>Vitamina A&#8230;&#8230;&#8230;&#8230;&#8230;&#8230;&#8230;&#8230;&#8230;&#8230;&#8230;&#8230;.15.000.000 UI<\/p>\n<p>Vitamina D3&#8230;&#8230;&#8230;&#8230;&#8230;&#8230;&#8230;&#8230;&#8230;&#8230;&#8230;&#8230;.4.000.000 UI<\/p>\n<p>Vitamina E&#8230;&#8230;&#8230;&#8230;&#8230;&#8230;&#8230;&#8230;&#8230;&#8230;&#8230;&#8230;&#8230;&#8230;&#8230;.1.000 mg<\/p>\n<p>Vitamina B1&#8230;&#8230;&#8230;&#8230;&#8230;&#8230;&#8230;&#8230;&#8230;&#8230;&#8230;&#8230;&#8230;&#8230;..4.000 mg<\/p>\n<p>Vitamina B2&#8230;&#8230;&#8230;&#8230;&#8230;&#8230;&#8230;&#8230;&#8230;&#8230;&#8230;&#8230;&#8230;&#8230;..1.500 mg<\/p>\n<p>Vitamina B6&#8230;&#8230;&#8230;&#8230;&#8230;&#8230;&#8230;&#8230;&#8230;&#8230;&#8230;&#8230;&#8230;&#8230;..2.000 mg<\/p>\n<p>Vitamina B12&#8230;&#8230;&#8230;&#8230;&#8230;&#8230;&#8230;&#8230;&#8230;&#8230;&#8230;&#8230;&#8230;.4.800 mcg<\/p>\n<p>Nicotinamida&#8230;&#8230;&#8230;&#8230;&#8230;&#8230;&#8230;&#8230;&#8230;&#8230;&#8230;&#8230;&#8230;..10.000 mg<\/p>\n<p>APRESENTA\u00c7\u00c3O<\/p>\n<p>Frascos com 20ml, 50ml, 250ml e 1L.<\/p>\n<p>POSOLOGIA<\/p>\n<p>Via oral, com uma colher ou conta-gotas; ou misturado \u00e0 \u00e1gua ou leite em doses di\u00e1rias.<\/p>\n<p>Bovinos: 3ml a 10ml.<\/p>\n<p>Su\u00ednos: 0,5ml a 5ml.<\/p>\n<p>Equ\u00eddeos: 3ml a 10ml.<\/p>\n<p>Ovinos e caprinos: 1ml a 3ml.<\/p>\n<p>Aves: 0,5ml a 2ml\/litro de \u00e1gua de bebida.<\/p>\n<p>P\u00e1ssaros: 3 gotas a 6 gotas\/100ml de \u00e1gua de bebida.<\/p>\n<p>C\u00e3es: 10 a 40 gotas (de 0,5ml a 2ml) direto na boca ou diluido.<\/p>\n<p>Coelhos: 40 gotas (2ml)\/litro de \u00e1gua de bebida.<\/p>\n<p>CAR\u00caNCIA<\/p>\n<p>N\u00e3o \u00e9 necess\u00e1rio observar per\u00edodo de car\u00eancia para o abate e consumo de carne e leite.<\/p>\n","protected":false},"excerpt":{"rendered":"<p>INDICA\u00c7\u00d5ES Bovinos, ovinos, caprinos, equ\u00eddeos, su\u00ednos, aves, c\u00e3es, gatos, coelhos e p\u00e1ssaros. Quando se necessita de uma suplementa\u00e7\u00e3o de vitaminas, especialmente nas<\/p>\n","protected":false},"featured_media":17901,"template":"","meta":{"_acf_changed":false},"product_brand":[],"product_cat":[173,178,182],"product_tag":[998,999,395],"class_list":{"0":"post-17004","1":"product","2":"type-product","3":"status-publish","4":"has-post-thumbnail","6":"product_cat-suplementos-e-vitaminas","7":"product_cat-suplementos-e-vitaminas-2","8":"product_cat-suplementos-e-vitaminas-3","9":"product_tag-aves","10":"product_tag-frango","11":"product_tag-vitamina","13":"first","14":"instock","15":"purchasable","16":"product-type-simple"},"acf":[],"_links":{"self":[{"href":"https:\/\/vetsul.com\/index.php\/wp-json\/wp\/v2\/product\/17004","targetHints":{"allow":["GET"]}}],"collection":[{"href":"https:\/\/vetsul.com\/index.php\/wp-json\/wp\/v2\/product"}],"about":[{"href":"https:\/\/vetsul.com\/index.php\/wp-json\/wp\/v2\/types\/product"}],"wp:featuredmedia":[{"embeddable":true,"href":"https:\/\/vetsul.com\/index.php\/wp-json\/wp\/v2\/media\/17901"}],"wp:attachment":[{"href":"https:\/\/vetsul.com\/index.php\/wp-json\/wp\/v2\/media?parent=17004"}],"wp:term":[{"taxonomy":"product_brand","embeddable":true,"href":"https:\/\/vetsul.com\/index.php\/wp-json\/wp\/v2\/product_brand?post=17004"},{"taxonomy":"product_cat","embeddable":true,"href":"https:\/\/vetsul.com\/index.php\/wp-json\/wp\/v2\/product_cat?post=17004"},{"taxonomy":"product_tag","embeddable":true,"href":"https:\/\/vetsul.com\/index.php\/wp-json\/wp\/v2\/product_tag?post=17004"}],"curies":[{"name":"wp","href":"https:\/\/api.w.org\/{rel}","templated":true}]}}