{"id":16970,"date":"2018-01-10T11:42:37","date_gmt":"2018-01-10T13:42:37","guid":{"rendered":"http:\/\/35.194.95.18\/wp-admin\/?post_type=product&#038;p=16970"},"modified":"2025-04-08T14:59:15","modified_gmt":"2025-04-08T17:59:15","slug":"vacina-contra-a-leptospirose-equina-leptoequus-2ml","status":"publish","type":"product","link":"https:\/\/vetsul.com\/index.php\/product\/vacina-contra-a-leptospirose-equina-leptoequus-2ml\/","title":{"rendered":"Vacina contra a Leptospirose Equina Leptoequus 2ml"},"content":{"rendered":"<p>Leptoequus<\/p>\n<p>Vacina contra a Leptospirose Equina<\/p>\n<p>COMPOSI\u00c7\u00c3O:<\/p>\n<p>Suspens\u00e3o est\u00e9ril, obtida a partir de culturas de Leptospira icterohaemorrhagiae, L. canicola, L. bratislava, L. copenhageni, L. pomona , L. grippothyphosa, L. tarassovi, L. hardjo prajitno, L. andamana, L. ballum , L. wolffii e de Leptospira pyrogenes, obtidas dos cultivos dessas bact\u00e9rias, inativadas por formol e calor e adsorvidas pelo gel de hidr\u00f3xido de alum\u00ednio.<\/p>\n<p>INDICA\u00c7\u00d5ES:<\/p>\n<p>Destina-se \u00e0 profilaxia da Leptospirose que acomete os Equinos e os Equ\u00eddeos.<\/p>\n<p>DOSAGEM:<\/p>\n<p>A dose indicada \u00e9 2 mL, qualquer que seja a idade e o peso do animal.<\/p>\n<p>MODO DE USAR:<\/p>\n<p>Via intramuscular na t\u00e1bua do pesco\u00e7o, independente de ra\u00e7a e peso, tomando os cuidados normais de assepsia.<\/p>\n<p>Potros: 1 dose a partir de 4 meses de idade e 1 dose de refor\u00e7o 30 dias ap\u00f3s. Revacina\u00e7\u00e3o semestral.<\/p>\n<p>Animais adultos n\u00e3o vacinados: 1 dose e refor\u00e7o ap\u00f3s 30 dias. Revacina\u00e7\u00e3o semestral.<\/p>\n<p>F\u00eameas prenhas: Devem ser vacinadas de acordo com o protocolo individual de vacina\u00e7\u00e3o, respeitando-se a condi\u00e7\u00e3o cl\u00ednica do animal e a crit\u00e9rio do M\u00e9dico Veterin\u00e1rio.<\/p>\n<p>PRECAU\u00c7\u00d5ES DE USO:Recomenda-se testes diagn\u00f3sticos para determinar quais agentes podem estar acometendo os animais quando houverem desordens reprodutivas, para um melhor controle da sanidade da tropa. A resposta adequada \u00e0 vacina\u00e7\u00e3o \u00e9 diretamente ligada \u00e0 compet\u00eancia imunol\u00f3gica de cada animal. Vacinar somente animais sadios. A vacina\u00e7\u00e3o deve ser precedida de um exame cl\u00ednico realizado por um M\u00e9dico Veterin\u00e1rio. O produto deve ser conservado \u00e0 temperatura de 2 \u00baC a 8 \u00baC at\u00e9 o momento do uso. N\u00e3o congelar. Utilizar sempre agulhas e seringas est\u00e9reis. Agitar vigorosamente o frasco antes da aplica\u00e7\u00e3o. N\u00e3o utilizar vacinas que tenham a data de validade vencida. O uso concomitante, ou em dias que antecedem e sucedem a vacina\u00e7\u00e3o, com subst\u00e2ncias antimicrobianas ou anti-inflamat\u00f3rias poder\u00e1 interferir no desenvolvimento e manuten\u00e7\u00e3o da resposta s\u00f3lida e duradoura. N\u00e3o vacinar animais doentes, debilitados, convalescentes, com defici\u00eancias nutricionais, submetidos a estresse ou com uma alta carga parasit\u00e1ria, pois esses fatores comprometem o estabelecimento de uma imunidade s\u00f3lida e duradoura. Este produto se destina \u00fanica e exclusivamente \u00e0 preven\u00e7\u00e3o da leptospirose. A vacina\u00e7\u00e3o n\u00e3o protege contra infec\u00e7\u00f5es j\u00e1 existentes, pois \u00e9 necess\u00e1rio um prazo de 21 dias ap\u00f3s a administra\u00e7\u00e3o da \u00faltima dose para a forma\u00e7\u00e3o da imunidade. Animais portadores da leptospirose dever\u00e3o ser tratados antes de serem vacinados. O uso de qualquer produto biol\u00f3gico pode produzir rea\u00e7\u00f5es anafil\u00e1ticas. Em caso de rea\u00e7\u00f5es al\u00e9rgicas, aplicar anti-histam\u00ednicos e corticosteroides. Para rea\u00e7\u00f5es graves do tipo anafil\u00e1tica, utilizar sulfato de epinefrina. APRESENTA\u00c7\u00c3O<\/p>\n<p>Frasco-ampola contendo 2 mL (1 dose)<\/p>\n<p><span style=\"background-color: #ff0000;\"><span style=\"color: #ffff00;\">CONSULTAR DISPONIBILIDADE DE ENVIO!!<\/span><\/span><\/p>\n<p><span style=\"background-color: #ff0000;\"><span style=\"color: #ffff00;\">TODAS AS VACINAS S\u00c3O ENVIADAS EM CAIXAS DE ISOPOR. O CUSTO DA CAIXA SER\u00c1 ADICIONADO AO VALOR TOTAL DO PEDIDO!<\/span><\/span><\/p>\n","protected":false},"excerpt":{"rendered":"<p>Leptoequus Vacina contra a Leptospirose Equina COMPOSI\u00c7\u00c3O: Suspens\u00e3o est\u00e9ril, obtida a partir de culturas de Leptospira icterohaemorrhagiae, L. canicola, L. bratislava, L.<\/p>\n","protected":false},"featured_media":16971,"template":"","meta":{"_acf_changed":false},"product_brand":[],"product_cat":[176],"product_tag":[729],"class_list":{"0":"post-16970","1":"product","2":"type-product","3":"status-publish","4":"has-post-thumbnail","6":"product_cat-vacinas-3","7":"product_tag-vac-equinos","9":"first","10":"outofstock","11":"purchasable","12":"product-type-simple"},"acf":[],"_links":{"self":[{"href":"https:\/\/vetsul.com\/index.php\/wp-json\/wp\/v2\/product\/16970","targetHints":{"allow":["GET"]}}],"collection":[{"href":"https:\/\/vetsul.com\/index.php\/wp-json\/wp\/v2\/product"}],"about":[{"href":"https:\/\/vetsul.com\/index.php\/wp-json\/wp\/v2\/types\/product"}],"wp:featuredmedia":[{"embeddable":true,"href":"https:\/\/vetsul.com\/index.php\/wp-json\/wp\/v2\/media\/16971"}],"wp:attachment":[{"href":"https:\/\/vetsul.com\/index.php\/wp-json\/wp\/v2\/media?parent=16970"}],"wp:term":[{"taxonomy":"product_brand","embeddable":true,"href":"https:\/\/vetsul.com\/index.php\/wp-json\/wp\/v2\/product_brand?post=16970"},{"taxonomy":"product_cat","embeddable":true,"href":"https:\/\/vetsul.com\/index.php\/wp-json\/wp\/v2\/product_cat?post=16970"},{"taxonomy":"product_tag","embeddable":true,"href":"https:\/\/vetsul.com\/index.php\/wp-json\/wp\/v2\/product_tag?post=16970"}],"curies":[{"name":"wp","href":"https:\/\/api.w.org\/{rel}","templated":true}]}}