{"id":16962,"date":"2018-01-10T11:28:18","date_gmt":"2018-01-10T13:28:18","guid":{"rendered":"http:\/\/35.194.95.18\/wp-admin\/?post_type=product&#038;p=16962"},"modified":"2025-08-12T10:05:13","modified_gmt":"2025-08-12T13:05:13","slug":"vacina-herpes-horse-venco","status":"publish","type":"product","link":"https:\/\/vetsul.com\/index.php\/product\/vacina-herpes-horse-venco\/","title":{"rendered":"Vacina Herpes Horse Venco"},"content":{"rendered":"<p>HERPES HORSE &#8211; Vacina contra Rinopneumonite Equina (v\u00edrus 1 e 4)<\/p>\n<p>INDICA\u00c7\u00d5ES<\/p>\n<p>&nbsp;<\/p>\n<p>Destina-se \u00e0 profilaxia da Rinopneumonite equina &#8211; contamina\u00e7\u00e3o por herpes v\u00edrus tipo 1 associado a abortos, doen\u00e7a neurol\u00f3gica e respirat\u00f3ria e tipo 4 associado a problemas respirat\u00f3rios.<\/p>\n<p>&nbsp;<\/p>\n<p>APRESENTA\u00c7\u00d5ES<\/p>\n<p>Frasco ampola de 2 mL (1 dose)<\/p>\n<p>&nbsp;<\/p>\n<p>COMPOSI\u00c7\u00c3O DO PRODUTO<\/p>\n<p>Suspens\u00e3o viral est\u00e9ril, obtida a partir do sobrenadante de culturas de c\u00e9lulas de linhagem cont\u00ednua, as quais foram infectadas com os HERPES V\u00cdRUS EQUINO tipos 1 e 4, que foram inativados por betapropiolactona, sendo ent\u00e3o, a vacina adsorvida por gel de hidr\u00f3xido de alum\u00ednio.<\/p>\n<p>&nbsp;<\/p>\n<p>DOSES E MODO DE USAR<\/p>\n<p>A dose \u00e9 de 2 mL, qualquer que seja a idade e o peso do equ\u00eddeo, via intramuscular na t\u00e1bua do pesco\u00e7o, tomando os cuidados normais de assepsia e com o uso de agulhas e seringas est\u00e9reis.<\/p>\n<p>Animais adultos n\u00e3o vacinados 1 dose inicial e refor\u00e7o 30 dias ap\u00f3s.<\/p>\n<p>Potros: 1 dose aos 4 meses de idade e 1 dose de refor\u00e7o 30 dias ap\u00f3s.<\/p>\n<p>F\u00eameas reprodutoras: animais j\u00e1 com esquema completo de vacina\u00e7\u00e3o devem receber uma dose ao 5\u00ba, 7\u00ba e 9\u00ba m\u00eas de gesta\u00e7\u00e3o.<\/p>\n<p>Animal adulto j\u00e1 vacinado: Revacina\u00e7\u00e3o semestral.<\/p>\n<p>Revacina\u00e7\u00e3o semestral ou a crit\u00e9rio do M\u00e9dico Veterin\u00e1rio, levando em considera\u00e7\u00e3o a probabilidade de exposi\u00e7\u00e3o aos agentes, condi\u00e7\u00f5es epid\u00eamicas e estresse do animal.<\/p>\n<p>&nbsp;<\/p>\n<p>CUIDADOS E PRECAU\u00c7\u00d5ES<\/p>\n<p>N\u00e3o vacinar animais doentes, debilitados, convalescentes, com defici\u00eancias nutricionais, submetidos a estresse ou com uma alta carga parasit\u00e1ria, pois esses fatores comprometem o estabelecimento de uma imunidade s\u00f3lida e duradoura.<\/p>\n<p>Esta vacina \u00e9 preventiva e n\u00e3o curativa. A vacina\u00e7\u00e3o n\u00e3o protege contra infec\u00e7\u00f5es j\u00e1 existentes, pois \u00e9 necess\u00e1rio um prazo de 21 dias ap\u00f3s a administra\u00e7\u00e3o da ultima dose para a forma\u00e7\u00e3o da imunidade.<\/p>\n<p>O uso concomitante com subst\u00e2ncias antiinflamat\u00f3rias ou antimicrobianas, poder\u00e1 interferir no desenvolvimento e manuten\u00e7\u00e3o da resposta imune ap\u00f3s a vacina\u00e7\u00e3o.<\/p>\n<p>O uso de qualquer produto biol\u00f3gico pode produzir rea\u00e7\u00f5es anafil\u00e1ticas. Neste caso administrar o sulfato de epinefrina ou atropina.<\/p>\n<p>O produto deve ser conservado \u00e0 temperatura de 2 \u00baC a 8 \u00baC.<\/p>\n<p>N\u00e3o utilizar vacinas que tenham a data de validade vencida.<\/p>\n<p>Os frascos vazios devem ser incinerados ap\u00f3s o uso.<\/p>\n<p>N\u00e3o armazenar a vacina ap\u00f3s ter sido aberta.<\/p>\n<p>Agitar vigorosamente o frasco antes e durante a utiliza\u00e7\u00e3o da vacina.<\/p>\n<p>&nbsp;<\/p>\n<p>ATEN\u00c7\u00c3O<\/p>\n<p>Manter este ou qualquer outro medicamento fora do alcance de crian\u00e7as e animais dom\u00e9sticos.<\/p>\n<p>VENDA SOB PRESCRI\u00c7\u00c3O E APLICA\u00c7\u00c3O SOB ORIENTA\u00c7\u00c3O DE M\u00c9DICO VETERIN\u00c1RIO.<\/p>\n<p><span style=\"background-color: #ff0000;\"><span style=\"color: #ffff00;\">CONSULTAR DISPONIBILIDADE DE ENVIO!!<\/span><\/span><\/p>\n<p><span style=\"background-color: #ff0000;\"><span style=\"color: #ffff00;\">TODAS AS VACINAS S\u00c3O ENVIADAS EM CAIXAS DE ISOPOR. O CUSTO DA CAIXA SER\u00c1 ADICIONADO AO VALOR TOTAL DO PEDIDO!<\/span><\/span><\/p>\n","protected":false},"excerpt":{"rendered":"<p>HERPES HORSE &#8211; Vacina contra Rinopneumonite Equina (v\u00edrus 1 e 4) INDICA\u00c7\u00d5ES &nbsp; Destina-se \u00e0 profilaxia da Rinopneumonite equina &#8211; contamina\u00e7\u00e3o por<\/p>\n","protected":false},"featured_media":16963,"template":"","meta":{"_acf_changed":false},"product_brand":[972],"product_cat":[176],"product_tag":[729],"class_list":{"0":"post-16962","1":"product","2":"type-product","3":"status-publish","4":"has-post-thumbnail","6":"product_brand-dechra","7":"product_cat-vacinas-3","8":"product_tag-vac-equinos","10":"first","11":"outofstock","12":"purchasable","13":"product-type-simple"},"acf":[],"_links":{"self":[{"href":"https:\/\/vetsul.com\/index.php\/wp-json\/wp\/v2\/product\/16962","targetHints":{"allow":["GET"]}}],"collection":[{"href":"https:\/\/vetsul.com\/index.php\/wp-json\/wp\/v2\/product"}],"about":[{"href":"https:\/\/vetsul.com\/index.php\/wp-json\/wp\/v2\/types\/product"}],"wp:featuredmedia":[{"embeddable":true,"href":"https:\/\/vetsul.com\/index.php\/wp-json\/wp\/v2\/media\/16963"}],"wp:attachment":[{"href":"https:\/\/vetsul.com\/index.php\/wp-json\/wp\/v2\/media?parent=16962"}],"wp:term":[{"taxonomy":"product_brand","embeddable":true,"href":"https:\/\/vetsul.com\/index.php\/wp-json\/wp\/v2\/product_brand?post=16962"},{"taxonomy":"product_cat","embeddable":true,"href":"https:\/\/vetsul.com\/index.php\/wp-json\/wp\/v2\/product_cat?post=16962"},{"taxonomy":"product_tag","embeddable":true,"href":"https:\/\/vetsul.com\/index.php\/wp-json\/wp\/v2\/product_tag?post=16962"}],"curies":[{"name":"wp","href":"https:\/\/api.w.org\/{rel}","templated":true}]}}