{"id":16954,"date":"2018-01-10T11:11:31","date_gmt":"2018-01-10T13:11:31","guid":{"rendered":"http:\/\/35.194.95.18\/wp-admin\/?post_type=product&#038;p=16954"},"modified":"2025-02-07T16:00:25","modified_gmt":"2025-02-07T19:00:25","slug":"vacina-antitetanica-hertape","status":"publish","type":"product","link":"https:\/\/vetsul.com\/index.php\/product\/vacina-antitetanica-hertape\/","title":{"rendered":"Vacina Antitet\u00e2nica Hertape"},"content":{"rendered":"<p>Vacina Antitet\u00e2nica Hertape<\/p>\n<p>&nbsp;<\/p>\n<p>Indica\u00e7\u00f5es:<\/p>\n<p>Vacina Antitet\u00e2nica Hertape \u00e9 indicada na preven\u00e7\u00e3o do t\u00e9tano em equinos, bovinos, ovinos, caprinos e su\u00ednos.<\/p>\n<p>&nbsp;<\/p>\n<p>F\u00f3rmula:<\/p>\n<p>Vacina Antitet\u00e2nica Hertape \u00e9 uma vacina produzida a partir do tox\u00f3ide purificado de Clostridium tetani, obtido atrav\u00e9s de culturas concentradas dessa bact\u00e9ria, inativado pela adi\u00e7\u00e3o de formalde\u00eddo e adsorvido pelo gel de fosfato de alum\u00ednio.<\/p>\n<p>&nbsp;<\/p>\n<p>Dosagem e administra\u00e7\u00e3o da Vacina Antitet\u00e2nica Hertape:<\/p>\n<p>Aplicar pela via subcut\u00e2nea usando seringa e agulha esterilizadas, 2 doses de 2ml cada, intervaladas de 1 m\u00eas, sendo a 1\u00aa de 4 a 8 semanas antes de interven\u00e7\u00f5es cir\u00fargicas, para todas as esp\u00e9cies animais.<\/p>\n<p>Nas esp\u00e9cies mais suscept\u00edveis ao t\u00e9tano, principalmente equinos, deve-se empregar a vacina\u00e7\u00e3o sistem\u00e1tica descrita a seguir:<\/p>\n<p>\u00c9guas prenhes: 1\u00aa dose 8 semanas antes do parto e a 2\u00aa dose 4 semanas ap\u00f3s a 1\u00aa dose.<\/p>\n<p>Potros: 1\u00aa dose \u00e0s 6 semanas de idade (provenientes de \u00e9guas n\u00e3o vacinadas) ou aos 6 meses (provenientes de \u00e9guas vacinadas). Em ambos os casos deve-se aplicar a 2\u00aa dose ap\u00f3s 4 semanas e um refor\u00e7o ap\u00f3s 12 meses.<\/p>\n<p>Em casos de feridas profundas, \u00e9 aconselh\u00e1vel uma dose de refor\u00e7o no dia do acidente em quaisquer esp\u00e9cies animais.<\/p>\n<p>&nbsp;<\/p>\n<p>Importante:<\/p>\n<p>Como todo produto biol\u00f3gico, podem raramente ocorrer rea\u00e7\u00f5es anafil\u00e1ticas, que devem ser imediatamente tratadas com adrenalina 1:1000.<\/p>\n<p>N\u00e3o vacinar animais doentes e ou convalescentes, n\u00e3o vacinar animais debilitados ou altamente parasitados.<\/p>\n<p>Conservar entre 2 e 8\u00b0C. Agite antes de usar.<\/p>\n<p><\/p>\n<p><span style=\"background-color: rgb(255, 0, 0);\"><font color=\"#ffff00\">CONSULTAR DISPONIBILIDADE DE ENVIO!!<\/font><\/span><\/p>\n<p><span style=\"background-color: rgb(255, 0, 0);\"><font color=\"#ffff00\">TODAS AS VACINAS S\u00c3O ENVIADAS EM CAIXAS DE ISOPOR. O CUSTO DA CAIXA SER\u00c1 ADICIONADO AO VALOR TOTAL DO PEDIDO!<\/font><\/span><\/p>\n","protected":false},"excerpt":{"rendered":"<p>Vacina Antitet\u00e2nica Hertape &nbsp; Indica\u00e7\u00f5es: Vacina Antitet\u00e2nica Hertape \u00e9 indicada na preven\u00e7\u00e3o do t\u00e9tano em equinos, bovinos, ovinos, caprinos e su\u00ednos. &nbsp;<\/p>\n","protected":false},"featured_media":16955,"template":"","meta":{"_acf_changed":false},"product_brand":[],"product_cat":[171,176],"product_tag":[],"class_list":{"0":"post-16954","1":"product","2":"type-product","3":"status-publish","4":"has-post-thumbnail","6":"product_cat-vacinas","7":"product_cat-vacinas-3","9":"first","10":"outofstock","11":"purchasable","12":"product-type-simple"},"acf":[],"_links":{"self":[{"href":"https:\/\/vetsul.com\/index.php\/wp-json\/wp\/v2\/product\/16954","targetHints":{"allow":["GET"]}}],"collection":[{"href":"https:\/\/vetsul.com\/index.php\/wp-json\/wp\/v2\/product"}],"about":[{"href":"https:\/\/vetsul.com\/index.php\/wp-json\/wp\/v2\/types\/product"}],"wp:featuredmedia":[{"embeddable":true,"href":"https:\/\/vetsul.com\/index.php\/wp-json\/wp\/v2\/media\/16955"}],"wp:attachment":[{"href":"https:\/\/vetsul.com\/index.php\/wp-json\/wp\/v2\/media?parent=16954"}],"wp:term":[{"taxonomy":"product_brand","embeddable":true,"href":"https:\/\/vetsul.com\/index.php\/wp-json\/wp\/v2\/product_brand?post=16954"},{"taxonomy":"product_cat","embeddable":true,"href":"https:\/\/vetsul.com\/index.php\/wp-json\/wp\/v2\/product_cat?post=16954"},{"taxonomy":"product_tag","embeddable":true,"href":"https:\/\/vetsul.com\/index.php\/wp-json\/wp\/v2\/product_tag?post=16954"}],"curies":[{"name":"wp","href":"https:\/\/api.w.org\/{rel}","templated":true}]}}