{"id":16952,"date":"2018-01-10T10:34:22","date_gmt":"2018-01-10T12:34:22","guid":{"rendered":"http:\/\/35.194.95.18\/wp-admin\/?post_type=product&#038;p=16952"},"modified":"2025-08-12T10:05:13","modified_gmt":"2025-08-12T13:05:13","slug":"unguento-pearson-plus-aerosol-400ml","status":"publish","type":"product","link":"https:\/\/vetsul.com\/index.php\/product\/unguento-pearson-plus-aerosol-400ml\/","title":{"rendered":"UNGUENTO PEARSON PLUS AEROSOL &#8211; 400ml"},"content":{"rendered":"<p>UNGUENTO PLUS AEROSOL possui a\u00e7\u00e3o cicatrizante, larvicida e repelente com comprovado poder de fixa\u00e7\u00e3o no local do ferimento, mesmo sob a\u00e7\u00e3o frequente das chuvas.&nbsp;<\/p>\n<p><\/p>\n<p>Pelo seu excelente poder de fixa\u00e7\u00e3o, \u00e9 um produto especialmente indicado para regi\u00f5es abdominais. \u00c9 indicado como medica\u00e7\u00e3o curativa nas interven\u00e7\u00f5es cir\u00fargicas, tais como em DESCORNAS, CASTRA\u00c7\u00d5ES, RUFI\u00d5ES E CESARIANAS.&nbsp;<\/p>\n<p><\/p>\n<p>Utilizado tamb\u00e9m em pisaduras, podrid\u00e3o dos cascos mi\u00edases, feridas oriundas de marca\u00e7\u00e3o, no umbigo de rec\u00e9m-nascidos e em ferimentos causados pela tosquia.&nbsp;<\/p>\n<p><\/p>\n<p>\u00c9 indicado ainda como repelente para as moscas causadoras das mi\u00edases (bicheiras) e bernes<\/p>\n<p>F\u00f3rmula:<\/p>\n<p>Cada 100g cont\u00e9m:<\/p>\n<p>\u00d3xido de Zinco &#8230;&#8230;&#8230;&#8230;&#8230;&#8230;&#8230;&#8230;&#8230;&#8230;&#8230;&#8230;&#8230;.25,0g<\/p>\n<p>Permetrina&#8230;&#8230;&#8230;&#8230;&#8230;&#8230;&#8230;&#8230;&#8230;&#8230;&#8230;&#8230;&#8230;&#8230;&#8230;&#8230;.0,5g<\/p>\n<p>Excipiente Propelente: Butano q.s.p&#8230;&#8230;&#8230;..100,0g<\/p>\n<p><\/p>\n<p>Indica\u00e7\u00f5es:<\/p>\n<p>UNG\u00dcENTO PLUS AEROSOL possui a\u00e7\u00e3o cicatrizante, larvicida e repelente com comprovado poder de fixa\u00e7\u00e3o no local do ferimento, mesmo sob a\u00e7\u00e3o frequente das chuvas. Pelo seu excelente poder de fixa\u00e7\u00e3o, \u00e9 um produto especialmente indicado para regi\u00f5es abdominais. \u00c9 indicado como medica\u00e7\u00e3o curativa nas interven\u00e7\u00f5es cir\u00fargicas, tais como em DESCORNAS, CASTRA\u00c7\u00d5ES, RUFI\u00d5ES E CESARIANAS.<\/p>\n<p>Utilizado tamb\u00e9m em pisaduras, podrid\u00e3o dos cascos mi\u00edases, feridas oriundas de marca\u00e7\u00e3o, no umbigo de rec\u00e9m-nascidos e em ferimentos causados pela tosquia. \u00c9 indicado ainda como repelente para as moscas causadoras das mi\u00edases (bicheiras) e bernes.<\/p>\n<p><\/p>\n<p>Dosagem:<\/p>\n<p>Agitar bem a embalagem antes do uso. Aplicar UNGUENTO PLUS AEROSOL de modo a cobrir toda a \u00e1rea a ser tratada, direcionando o jato a uma dist\u00e2ncia aproximada de 15 a 20cm. O tratamento dever\u00e1 ser repetido at\u00e9 que se obtenha completa cicatriza\u00e7\u00e3o.<\/p>\n<p><\/p>\n<p>Administra\u00e7\u00e3o:<\/p>\n<p>USO T\u00d3PICO<\/p>\n<p><\/p>\n<p>Precau\u00e7\u00f5es:<\/p>\n<p>Conservar em local fresco, seco e ao abrigo da luz solar.<\/p>\n<p><\/p>\n<p>ATEN\u00c7\u00c3O:<\/p>\n<p>&#8211; INFLAM\u00c1VEL<\/p>\n<p>&#8211; Conservar fora do alcance das crian\u00e7as e animais dom\u00e9sticos .<\/p>\n<p>&#8211; N\u00e3o perfurar a lata mesmo vazia.<\/p>\n<p>&#8211; N\u00e3o guardar ou aplicar junto de alimentos, bebidas, produtos de higiene e cosm\u00e9ticos.<\/p>\n<p>&#8211; Em caso de ingest\u00e3o acidental, efetuar lavagem estomacal a crit\u00e9rio m\u00e9dico.<\/p>\n<p>&#8211; N\u00e3o jogar a embalagem vazia no incinerador.<\/p>\n<p>&#8211; Perigoso se aplicado pr\u00f3ximo a chamas ou superf\u00edcies aquecidas.<\/p>\n<p><\/p>\n<p>TRATAMENTO M\u00c9DICO:<\/p>\n<p>Princ\u00edpio ativo: Permetrina (inseticida piretr\u00f3ide).<\/p>\n<p>&#8211; N\u00e3o h\u00e1 ant\u00eddoto espec\u00edfico. Tratar sintomaticamente.<\/p>\n<p>&#8211; O produto possui uma baixa toxicidade aguda por via oral ou d\u00e9rmica.<\/p>\n<p><\/p>\n<p>Venda sob prescri\u00e7\u00e3o do M\u00e9dico Veterin\u00e1rio.<\/p>\n<p><\/p>\n<p>Apresenta\u00e7\u00e3o:<\/p>\n<p>Lata de 400 mL<\/p>\n<p><\/p>\n<p>Data do Vencimento: 02 (dois) anos ap\u00f3s a data da fabrica\u00e7\u00e3o.<\/p>\n<p><\/p>\n<p>Classe Terap\u00eautica:<\/p>\n<p>OUTROS<\/p>\n<p><\/p>\n<p>Princ\u00edpio(s) Ativo(s):<\/p>\n<p>\u00d3XIDO DE ZINCO<\/p>\n<p>PERMETRINA<\/p>\n<p><\/p>\n<p>Registro no Minist\u00e9rio da Agricultura, Pecu\u00e1ria e Abastecimento:<\/p>\n<p>n\u00ba 3.835em 17\/10\/91<\/p>\n<p><\/p>\n<p>Respons\u00e1vel T\u00e9cnico:<\/p>\n<p>Maria do Socorro Barbosa Gil &#8211; CRMV: CRF\/RJ n. 2800<\/p>\n","protected":false},"excerpt":{"rendered":"<p>UNGUENTO PLUS AEROSOL possui a\u00e7\u00e3o cicatrizante, larvicida e repelente com comprovado poder de fixa\u00e7\u00e3o no local do ferimento, mesmo sob a\u00e7\u00e3o frequente<\/p>\n","protected":false},"featured_media":16953,"template":"","meta":{"_acf_changed":false},"product_brand":[],"product_cat":[185,188],"product_tag":[],"class_list":{"0":"post-16952","1":"product","2":"type-product","3":"status-publish","4":"has-post-thumbnail","6":"product_cat-cicatrizantes-e-mata-bicheiras","7":"product_cat-cicatrizantes-e-mata-bicheiras-3","9":"first","10":"instock","11":"purchasable","12":"product-type-simple"},"acf":[],"_links":{"self":[{"href":"https:\/\/vetsul.com\/index.php\/wp-json\/wp\/v2\/product\/16952","targetHints":{"allow":["GET"]}}],"collection":[{"href":"https:\/\/vetsul.com\/index.php\/wp-json\/wp\/v2\/product"}],"about":[{"href":"https:\/\/vetsul.com\/index.php\/wp-json\/wp\/v2\/types\/product"}],"wp:featuredmedia":[{"embeddable":true,"href":"https:\/\/vetsul.com\/index.php\/wp-json\/wp\/v2\/media\/16953"}],"wp:attachment":[{"href":"https:\/\/vetsul.com\/index.php\/wp-json\/wp\/v2\/media?parent=16952"}],"wp:term":[{"taxonomy":"product_brand","embeddable":true,"href":"https:\/\/vetsul.com\/index.php\/wp-json\/wp\/v2\/product_brand?post=16952"},{"taxonomy":"product_cat","embeddable":true,"href":"https:\/\/vetsul.com\/index.php\/wp-json\/wp\/v2\/product_cat?post=16952"},{"taxonomy":"product_tag","embeddable":true,"href":"https:\/\/vetsul.com\/index.php\/wp-json\/wp\/v2\/product_tag?post=16952"}],"curies":[{"name":"wp","href":"https:\/\/api.w.org\/{rel}","templated":true}]}}