{"id":16942,"date":"2018-01-10T10:16:56","date_gmt":"2018-01-10T12:16:56","guid":{"rendered":"http:\/\/35.194.95.18\/wp-admin\/?post_type=product&#038;p=16942"},"modified":"2025-02-07T16:00:25","modified_gmt":"2025-02-07T19:00:25","slug":"tyladen-100ml","status":"publish","type":"product","link":"https:\/\/vetsul.com\/index.php\/product\/tyladen-100ml\/","title":{"rendered":"TYLADEN &#8211; 100ml"},"content":{"rendered":"<p>TYLADEN \u00e9 uma solu\u00e7\u00e3o antimicrobiana injet\u00e1vel para bovinos, ovinos e caprinos amplamente utilizada para o combate de infec\u00e7\u00f5es por organismos sens\u00edveis a tilosina.<\/p>\n<p>F\u00f3rmula:<\/p>\n<p>Cada 100 mL cont\u00e9m:<\/p>\n<p>Tilosina (sob forma base)&#8230;&#8230;&#8230;&#8230;&#8230;&#8230;&#8230;&#8230;&#8230;&#8230;&#8230;&#8230;&#8230;&#8230;&#8230;&#8230;&#8230;&#8230;&#8230;&#8230;&#8230;&#8230;&#8230;20,0 g<\/p>\n<p>Ve\u00edculo q.s.p. &#8230;&#8230;&#8230;&#8230;&#8230;&#8230;&#8230;&#8230;&#8230;&#8230;&#8230;&#8230;&#8230;&#8230;&#8230;&#8230;&#8230;&#8230;&#8230;&#8230;&#8230;&#8230;&#8230;&#8230;&#8230;&#8230;&#8230;.100,0 mL<\/p>\n<p><\/p>\n<p>Indica\u00e7\u00f5es:<\/p>\n<p>Tratamento de doen\u00e7as infecciosas que acometem bovinos, su\u00ednos e caprinos, tais como:<\/p>\n<p>Metrites:<\/p>\n<p>Staphylococcus spp,<\/p>\n<p>Streptococcus spp;<\/p>\n<p>Piodermites:<\/p>\n<p>Staphylococcus spp,<\/p>\n<p>Streptococcus spp;<\/p>\n<p>Pneumonia enzo\u00f3tica dos su\u00ednos e bovinos:&nbsp;<\/p>\n<p>Mycoplasma hyopneumoniae,<\/p>\n<p>Streptococcus spp,<\/p>\n<p>Pasteurella multocida;<\/p>\n<p>Artrite:&nbsp;<\/p>\n<p>Mycoplasma hyosynoviae;<\/p>\n<p>Mastite aguda:<\/p>\n<p>Mycoplasma spp,<\/p>\n<p>Staphylococcus aureus,<\/p>\n<p>Streptococcus agalactiae,<\/p>\n<p>Streptococcus dysgalactiae;<\/p>\n<p>Infec\u00e7\u00e3o podal:<\/p>\n<p>Fusobacterium necrophorum.<\/p>\n<p>Tratamento de apoio da enterite necr\u00f3tica superficial:<\/p>\n<p>Treponema hyodisenteriae.<\/p>\n<p>Tratamento de infec\u00e7\u00f5es bacterianas secund\u00e1rias \u00e0s mol\u00e9stias virais.<\/p>\n<p>Tratamento de infec\u00e7\u00f5es p\u00f3s-operat\u00f3rias.<\/p>\n<p><\/p>\n<p>Dosagem:<\/p>\n<p>Dose m\u00e9dia: 10 mg do produto\/kg de peso, sendo:<\/p>\n<p>Bovinos: 5 mL do produto\/100kg de peso\/dia (3 dias no m\u00ednimo)<\/p>\n<p>Su\u00ednos e Caprinos: 1 mL do produto\/20 kg de peso\/dia (3 dias no m\u00e1ximo)<\/p>\n<p><\/p>\n<p>Nos casos de Mastite por Mycoplasma, paralelamente ao primeiro tratamento por via intramuscular, podem ser inoculados, por via intramam\u00e1ria, 2 mL do produto, dilu\u00eddos em 20 mL de propilenoglicol est\u00e9ril.<\/p>\n<p><\/p>\n<p>Administra\u00e7\u00e3o:<\/p>\n<p>Injet\u00e1vel por via intramuscular.<\/p>\n<p><\/p>\n<p>ATEN\u00c7\u00c3O:<\/p>\n<p>O tratamento deve ser prolongado, por mais 48 horas, ap\u00f3s o desaparecimento dos sintomas.<\/p>\n<p><\/p>\n<p>Precau\u00e7\u00f5es:<\/p>\n<p>EFEITOS COLATERAIS:<\/p>\n<p>Em su\u00ednos pode produzir irrita\u00e7\u00e3o no local da aplica\u00e7\u00e3o. Pode ocorrer pet\u00e9quias, pruridos cut\u00e2neos, edema de vulva e prolapso de reto.<\/p>\n<p><\/p>\n<p>PRECAU\u00c7\u00d5ES:<\/p>\n<p>Interromper o tratamento se o edema vulvar e o prolapso n\u00e3o regredirem.<\/p>\n<p><\/p>\n<p>INTERA\u00c7\u00d5ES MEDICAMENTOSAS:<\/p>\n<p>A tilosina n\u00e3o deve ser associada aos antibi\u00f3ticos bactericidas.<\/p>\n<p><\/p>\n<p>PERIODO DE CAR\u00caNCIA:<\/p>\n<p>Carne: suspender o tratamento 21 dias antes do abate dos animais tratados, quando destinados ao consumo humano.<\/p>\n<p>Leite: N\u00e3o utilizar o leite de animais em tratamento para consumo humano at\u00e9 96 horas ap\u00f3s a \u00faltima aplica\u00e7\u00e3o.<\/p>\n<p>Restri\u00e7\u00f5es de uso: N\u00e3o administrar em f\u00eameas leiteiras lactantes.<\/p>\n<p><\/p>\n<p>VENDA SOB PRESCRI\u00c7\u00c3O E APLICA\u00c7\u00c3O SOB ORIENTA\u00c7\u00c3O DO M\u00c9DICO VETERIN\u00c1RIO.<\/p>\n<p>Conservar o produto em local seco e fresco, ao abrigo da luz solar. Mantenha este ou qualquer outro medicamento fora do alcance de crian\u00e7as e animais dom\u00e9sticos.<\/p>\n<p><\/p>\n<p>Apresenta\u00e7\u00e3o:<\/p>\n<p>Frasco-ampola de vidro contendo 50 e 100 mL.<\/p>\n<p><\/p>\n<p>Classe Terap\u00eautica:<\/p>\n<p>ANTIMICROBIANOS GERAIS; ANTIF\u00daNGICOS E ANTIPROTOZO\u00c1RIOS (COCCIDIOS, FLAGELADOS)<\/p>\n<p><\/p>\n<p>Princ\u00edpio(s) Ativo(s):<\/p>\n<p>TILOSINA<\/p>\n<p><\/p>\n<p>Registro no Minist\u00e9rio da Agricultura, Pecu\u00e1ria e Abastecimento:<\/p>\n<p>6.101\/97<\/p>\n","protected":false},"excerpt":{"rendered":"<p>TYLADEN \u00e9 uma solu\u00e7\u00e3o antimicrobiana injet\u00e1vel para bovinos, ovinos e caprinos amplamente utilizada para o combate de infec\u00e7\u00f5es por organismos sens\u00edveis a<\/p>\n","protected":false},"featured_media":16943,"template":"","meta":{"_acf_changed":false},"product_brand":[966],"product_cat":[170,175],"product_tag":[720,718,719],"class_list":{"0":"post-16942","1":"product","2":"type-product","3":"status-publish","4":"has-post-thumbnail","6":"product_brand-ceva","7":"product_cat-anti-microbianos","8":"product_cat-antimicrobianos-2","9":"product_tag-tiladem","10":"product_tag-tiladen","11":"product_tag-tyladem","13":"first","14":"instock","15":"purchasable","16":"product-type-simple"},"acf":[],"_links":{"self":[{"href":"https:\/\/vetsul.com\/index.php\/wp-json\/wp\/v2\/product\/16942","targetHints":{"allow":["GET"]}}],"collection":[{"href":"https:\/\/vetsul.com\/index.php\/wp-json\/wp\/v2\/product"}],"about":[{"href":"https:\/\/vetsul.com\/index.php\/wp-json\/wp\/v2\/types\/product"}],"wp:featuredmedia":[{"embeddable":true,"href":"https:\/\/vetsul.com\/index.php\/wp-json\/wp\/v2\/media\/16943"}],"wp:attachment":[{"href":"https:\/\/vetsul.com\/index.php\/wp-json\/wp\/v2\/media?parent=16942"}],"wp:term":[{"taxonomy":"product_brand","embeddable":true,"href":"https:\/\/vetsul.com\/index.php\/wp-json\/wp\/v2\/product_brand?post=16942"},{"taxonomy":"product_cat","embeddable":true,"href":"https:\/\/vetsul.com\/index.php\/wp-json\/wp\/v2\/product_cat?post=16942"},{"taxonomy":"product_tag","embeddable":true,"href":"https:\/\/vetsul.com\/index.php\/wp-json\/wp\/v2\/product_tag?post=16942"}],"curies":[{"name":"wp","href":"https:\/\/api.w.org\/{rel}","templated":true}]}}