{"id":16938,"date":"2018-01-10T09:53:34","date_gmt":"2018-01-10T11:53:34","guid":{"rendered":"http:\/\/35.194.95.18\/wp-admin\/?post_type=product&#038;p=16938"},"modified":"2025-04-08T14:59:15","modified_gmt":"2025-04-08T17:59:15","slug":"trissulfin-injetavel-50-ml-ouro-fino","status":"publish","type":"product","link":"https:\/\/vetsul.com\/index.php\/product\/trissulfin-injetavel-50-ml-ouro-fino\/","title":{"rendered":"TRISSULFIN INJETAVEL 50 ML &#8211; OURO FINO"},"content":{"rendered":"<p>F\u00f3rmula:<\/p>\n<p>Sulfametoxazol&#8230;&#8230;&#8230;&#8230;&#8230;&#8230;&#8230;20,00 g<\/p>\n<p>Trimetoprim &#8230;&#8230;&#8230;&#8230;&#8230;&#8230;&#8230;&#8230; 4,00 g<\/p>\n<p>Ve\u00edculo q.s.p. &#8230;&#8230;&#8230;&#8230;&#8230;&#8230;.100,00 ml<\/p>\n<p><\/p>\n<p><\/p>\n<p>Indica\u00e7\u00f5es:<\/p>\n<p>Trissulfin Solu\u00e7\u00e3o Injet\u00e1vel \u00e9 indicado no tratamento das doen\u00e7as infecciosas bacterianas, causadas por agentes Gram-positivos e Gram-negativos, sens\u00edveis \u00e0 associa\u00e7\u00e3o Sulfametoxazol, Trimetoprim, tais como: Escherichia coli, Salmonella spp, Pasteurella spp, Staphylococcus spp, Estreptococcusspp, Corynebacterium spp, Haemophillus spp, causadores das seguintes doen\u00e7as: Colibacilose, Salmonelose, Pasteurelose, Pneumonia, Pneumoenterite, Metrite, Vaginite, Mastite, Pododermatite e&nbsp;<\/p>\n<p>Garrotilho.&nbsp;<\/p>\n<p><\/p>\n<p>Trissulfin Solu\u00e7\u00e3o Injet\u00e1vel \u00e9 indicado para Bovinos, Ovinos, Su\u00ednos e Eq\u00fcinos.<\/p>\n<p><\/p>\n<p><\/p>\n<p><\/p>\n<p>Dosagem:<\/p>\n<p>Posologia e modo de usar:&nbsp;<\/p>\n<p>Trissulfin Solu\u00e7\u00e3o Injet\u00e1vel \u00e9 indicado para aplica\u00e7\u00e3o intramuscular, subcut\u00e2nea ou&nbsp;<\/p>\n<p>endovenosa, na dosagem de 1 ml para cada 15 kg de peso vivo, por dia, durante 05 (cinco) dias consecutivos.&nbsp;<\/p>\n<p>A dosagem recomendada para os animais \u00e9 de 10-15 mg\/kg de peso vivo.<\/p>\n<p>Em eq\u00fcinos recomendamos apenas a via endovenosa lenta.<\/p>\n<p><\/p>\n<p><\/p>\n<p><\/p>\n<p>Administra\u00e7\u00e3o:<\/p>\n<p>Trissulfin Solu\u00e7\u00e3o Injet\u00e1vel \u00e9 indicado para aplica\u00e7\u00e3o intramuscular, subcut\u00e2nea ou&nbsp;<\/p>\n<p>endovenosa.<\/p>\n<p>Em eq\u00fcinos recomendamos apenas a via endovenosa lenta.<\/p>\n<p><\/p>\n<p><\/p>\n<p><\/p>\n<p>Precau\u00e7\u00f5es:<\/p>\n<p>Contra-indica\u00e7\u00f5es:&nbsp;<\/p>\n<p>Trissulfin Solu\u00e7\u00e3o Injet\u00e1vel n\u00e3o \u00e9 indicado para animais com Glomerulonefrite ou Insufici\u00eancia Renal Aguda.<\/p>\n<p><\/p>\n<p>Precau\u00e7\u00f5es e per\u00edodo de car\u00eancia:&nbsp;<\/p>\n<p>Suspender o tratamento 5 dias antes do abate, ou aproveitamento do leite para consumo humano.&nbsp;<\/p>\n<p>Conservar em local seco e fresco, ao abrigo da luz solar, fora do alcance de crian\u00e7as.&nbsp;<\/p>\n<p><\/p>\n<p>Venda sob prescri\u00e7\u00e3o e aplica\u00e7\u00e3o sob orienta\u00e7\u00e3o do m\u00e9dico veterin\u00e1rio.<\/p>\n<p><\/p>\n<p><\/p>\n<p>Apresenta\u00e7\u00e3o:<\/p>\n<p>Frasco ampola de vidro \u00e2mbar contendo 20 ou 50 ml.<\/p>\n<p><\/p>\n<p>Classe Terap\u00eautica:<\/p>\n<p>ANTIMICROBIANOS GERAIS; ANTIF\u00daNGICOS E ANTIPROTOZO\u00c1RIOS (COCCIDIOS, FLAGELADOS)<\/p>\n<p><\/p>\n<p>Princ\u00edpio(s) Ativo(s):<\/p>\n<p>SULFONAMIDAS<\/p>\n<p>TRIMETOPRIMA<\/p>\n<p><\/p>\n<p><\/p>\n<p>Registro no Minist\u00e9rio da Agricultura, Pecu\u00e1ria e Abastecimento:<\/p>\n<p>n\u00b0 3.555 em 18\/12\/90.<\/p>\n<p><\/p>\n<p>Respons\u00e1vel T\u00e9cnico:<\/p>\n<p>Dr. Fausto Eduardo Fonseca Terra &#8211; CRMV: CRMV-SP 10.300<\/p>\n","protected":false},"excerpt":{"rendered":"<p>F\u00f3rmula: Sulfametoxazol&#8230;&#8230;&#8230;&#8230;&#8230;&#8230;&#8230;20,00 g Trimetoprim &#8230;&#8230;&#8230;&#8230;&#8230;&#8230;&#8230;&#8230; 4,00 g Ve\u00edculo q.s.p. &#8230;&#8230;&#8230;&#8230;&#8230;&#8230;.100,00 ml Indica\u00e7\u00f5es: Trissulfin Solu\u00e7\u00e3o Injet\u00e1vel \u00e9 indicado no tratamento das doen\u00e7as infecciosas<\/p>\n","protected":false},"featured_media":16939,"template":"","meta":{"_acf_changed":false},"product_brand":[955],"product_cat":[170,175],"product_tag":[],"class_list":{"0":"post-16938","1":"product","2":"type-product","3":"status-publish","4":"has-post-thumbnail","6":"product_brand-ouro-fino","7":"product_cat-anti-microbianos","8":"product_cat-antimicrobianos-2","10":"first","11":"instock","12":"purchasable","13":"product-type-simple"},"acf":[],"_links":{"self":[{"href":"https:\/\/vetsul.com\/index.php\/wp-json\/wp\/v2\/product\/16938","targetHints":{"allow":["GET"]}}],"collection":[{"href":"https:\/\/vetsul.com\/index.php\/wp-json\/wp\/v2\/product"}],"about":[{"href":"https:\/\/vetsul.com\/index.php\/wp-json\/wp\/v2\/types\/product"}],"wp:featuredmedia":[{"embeddable":true,"href":"https:\/\/vetsul.com\/index.php\/wp-json\/wp\/v2\/media\/16939"}],"wp:attachment":[{"href":"https:\/\/vetsul.com\/index.php\/wp-json\/wp\/v2\/media?parent=16938"}],"wp:term":[{"taxonomy":"product_brand","embeddable":true,"href":"https:\/\/vetsul.com\/index.php\/wp-json\/wp\/v2\/product_brand?post=16938"},{"taxonomy":"product_cat","embeddable":true,"href":"https:\/\/vetsul.com\/index.php\/wp-json\/wp\/v2\/product_cat?post=16938"},{"taxonomy":"product_tag","embeddable":true,"href":"https:\/\/vetsul.com\/index.php\/wp-json\/wp\/v2\/product_tag?post=16938"}],"curies":[{"name":"wp","href":"https:\/\/api.w.org\/{rel}","templated":true}]}}