{"id":16903,"date":"2018-01-09T16:53:57","date_gmt":"2018-01-09T18:53:57","guid":{"rendered":"http:\/\/35.194.95.18\/wp-admin\/?post_type=product&#038;p=16903"},"modified":"2025-04-08T14:59:02","modified_gmt":"2025-04-08T17:59:02","slug":"tormicina-100-50-ml","status":"publish","type":"product","link":"https:\/\/vetsul.com\/index.php\/product\/tormicina-100-50-ml\/","title":{"rendered":"TORMICINA 100 50 ML"},"content":{"rendered":"<p style=\"margin-bottom: 15px; padding: 0px; border: 0px; outline: none; list-style: none; color: rgb(83, 83, 83); font-size: 12px; font-family: Roboto, sans-serif; text-align: justify;\"><strong style=\"margin: 0px; padding: 0px; border: 0px; outline: none; list-style: none;\"><span style=\"margin: 0px; padding: 0px; border: 0px; outline: none; list-style: none; font-size: 10pt; font-family: arial, sans-serif;\">F\u00f3rmula:<\/span><\/strong><br style=\"margin: 0px; padding: 0px; border: 0px; outline: none; list-style: none;\"><span style=\"margin: 0px; padding: 0px; border: 0px; outline: none; list-style: none; font-size: 10pt; font-family: arial, sans-serif;\">F\u00f3rmula (em 100mL):<br style=\"margin: 0px; padding: 0px; border: 0px; outline: none; list-style: none;\">Oxitetraciclina base&#8230;&#8230;&#8230;&#8230;&#8230;&#8230;&#8230;&#8230;&#8230;&#8230;10.000 mg<br style=\"margin: 0px; padding: 0px; border: 0px; outline: none; list-style: none;\">Lidoca\u00edna&#8230;&#8230;&#8230;&#8230;&#8230;&#8230;&#8230;&#8230;&#8230;&#8230;&#8230;&#8230;&#8230;&#8230;&#8230;. 2.000 mg<br style=\"margin: 0px; padding: 0px; border: 0px; outline: none; list-style: none;\">Ve\u00edculo q.s.p&#8230;&#8230;&#8230;&#8230;&#8230;&#8230;&#8230;&#8230;&#8230;&#8230;&#8230;&#8230;&#8230;. 100 mL<br style=\"margin: 0px; padding: 0px; border: 0px; outline: none; list-style: none;\"><br style=\"margin: 0px; padding: 0px; border: 0px; outline: none; list-style: none;\"><\/span><\/p>\n<p style=\"margin-bottom: 15px; padding: 0px; border: 0px; outline: none; list-style: none; color: rgb(83, 83, 83); font-size: 12px; font-family: Roboto, sans-serif; text-align: justify;\"><strong style=\"margin: 0px; padding: 0px; border: 0px; outline: none; list-style: none;\"><span style=\"margin: 0px; padding: 0px; border: 0px; outline: none; list-style: none; font-size: 10pt; font-family: arial, sans-serif;\">Indica\u00e7\u00f5es:<\/span><\/strong><br style=\"margin: 0px; padding: 0px; border: 0px; outline: none; list-style: none;\"><span style=\"margin: 0px; padding: 0px; border: 0px; outline: none; list-style: none; font-size: 10pt; font-family: arial, sans-serif;\">Nas infec\u00e7\u00f5es produzidas por microorganismos sens\u00edveis a oxitetraciclina, e como auxiliar no controle e preven\u00e7\u00e3o das infec\u00e7\u00f5es p\u00f3s-operat\u00f3rias e p\u00f3s-parto ocasionadas por microorganismos sens\u00edveis \u00e0 oxitetraciclina.<br style=\"margin: 0px; padding: 0px; border: 0px; outline: none; list-style: none;\"><br style=\"margin: 0px; padding: 0px; border: 0px; outline: none; list-style: none;\">BOVINOS &#8211; No tratamento da anaplasmose (<em style=\"margin: 0px; padding: 0px; border: 0px; outline: none; list-style: none;\">Anaplasma marginale, Anaplasma centrale<\/em>); actinobacilose (<em style=\"margin: 0px; padding: 0px; border: 0px; outline: none; list-style: none;\">Actinobacillus lignieresii<\/em>); actinomicose (<em style=\"margin: 0px; padding: 0px; border: 0px; outline: none; list-style: none;\">Actinomyces bovis<\/em>); metrites causadas por<em style=\"margin: 0px; padding: 0px; border: 0px; outline: none; list-style: none;\">E<\/em><em style=\"margin: 0px; padding: 0px; border: 0px; outline: none; list-style: none;\">. coli<\/em>, cepas sens\u00edveis de estafilococos e estreptococos; mastites causadas por&nbsp;<em style=\"margin: 0px; padding: 0px; border: 0px; outline: none; list-style: none;\">Corynebacterium pyogenes, E. coli, Pasteurella haemolytica<\/em>&nbsp;e cepas sens\u00edveis de estreptococos; pielonefrite bovina causada por&nbsp;<em style=\"margin: 0px; padding: 0px; border: 0px; outline: none; list-style: none;\">Corynebacterium renale<\/em>; artrites e poliartrites causadas por&nbsp;<em style=\"margin: 0px; padding: 0px; border: 0px; outline: none; list-style: none;\">Salmonella spp., Escherichia coli, Clostridium spp<\/em>&nbsp;e cepas sens\u00edveis de estreptococos; foot rot (podrid\u00e3o dos cascos e difteria causados por&nbsp;<em style=\"margin: 0px; padding: 0px; border: 0px; outline: none; list-style: none;\">Fusobacterium necrophorum<\/em>; queratoconjuntivite bovina, causada por&nbsp;<em style=\"margin: 0px; padding: 0px; border: 0px; outline: none; list-style: none;\">Moraxella bovis<\/em>; leptospirose, causada por&nbsp;<em style=\"margin: 0px; padding: 0px; border: 0px; outline: none; list-style: none;\">Leptospira spp<\/em>; bronquites, broncopneumonias e pasteurelose causadas por&nbsp;<em style=\"margin: 0px; padding: 0px; border: 0px; outline: none; list-style: none;\">Pasteurella spp., Mycoplasma pneumoniae, Haemophillus spp., e Salmonella spp.<\/em>; pneumoenterites causadas por&nbsp;<em style=\"margin: 0px; padding: 0px; border: 0px; outline: none; list-style: none;\">Salmonella spp, E. coli.<\/em>&nbsp;e cepas sens\u00edveis de estreptococus.; bruceloses causadas por&nbsp;<em style=\"margin: 0px; padding: 0px; border: 0px; outline: none; list-style: none;\">Brucella spp<\/em>; enterites bacterianas causadas por&nbsp;<em style=\"margin: 0px; padding: 0px; border: 0px; outline: none; list-style: none;\">Escherichia coli, Salmonella spp<\/em>; cistites causadas por&nbsp;<em style=\"margin: 0px; padding: 0px; border: 0px; outline: none; list-style: none;\">Corynebacterium pyogenes<\/em>; onfaloflebite causada por&nbsp;<em style=\"margin: 0px; padding: 0px; border: 0px; outline: none; list-style: none;\">E. coli, Salmonella spp, Fusobacterium necrophorum<\/em>&nbsp;e cepas sens\u00edveis de estreptococos; infec\u00e7\u00f5es causadas por&nbsp;<em style=\"margin: 0px; padding: 0px; border: 0px; outline: none; list-style: none;\">Clostridium chauvoei<\/em>&nbsp;(carb\u00fanculo sintom\u00e1tico); por&nbsp;<em style=\"margin: 0px; padding: 0px; border: 0px; outline: none; list-style: none;\">Bacillus anthracis<\/em>&nbsp;(carb\u00fanculo hem\u00e1tico); e&nbsp;<em style=\"margin: 0px; padding: 0px; border: 0px; outline: none; list-style: none;\">Clostridium perfringens<\/em>&nbsp;(enterotoxemia).<br style=\"margin: 0px; padding: 0px; border: 0px; outline: none; list-style: none;\"><br style=\"margin: 0px; padding: 0px; border: 0px; outline: none; list-style: none;\">SU\u00cdNOS \u2013 No tratamento de pneumonias ocasionadas por&nbsp;<em style=\"margin: 0px; padding: 0px; border: 0px; outline: none; list-style: none;\">Pasteurella multocida<\/em>; metrites causadas por&nbsp;<em style=\"margin: 0px; padding: 0px; border: 0px; outline: none; list-style: none;\">E. coli<\/em>, cepas sens\u00edveis de estafilococus e estreptococus; leptospirose, causada por&nbsp;<em style=\"margin: 0px; padding: 0px; border: 0px; outline: none; list-style: none;\">Leptospira spp<\/em>.; erisipela (<em style=\"margin: 0px; padding: 0px; border: 0px; outline: none; list-style: none;\">Erysipelothrix rhusiopathiae<\/em>); mastites sist\u00eamicas, causadas por&nbsp;<em style=\"margin: 0px; padding: 0px; border: 0px; outline: none; list-style: none;\">Corynebacterium pyogenes, E. coli, Pasteurella hemolytica<\/em>&nbsp;e cepas sens\u00edveis de estreptococus e estafilococos; enterites bacterianas (diarr\u00e9ias, colibacilose), causados por&nbsp;<em style=\"margin: 0px; padding: 0px; border: 0px; outline: none; list-style: none;\">E. coli, Lawsonia intracellularis<\/em>; disenteria causada por&nbsp;<em style=\"margin: 0px; padding: 0px; border: 0px; outline: none; list-style: none;\">Serpulina hyodysenteriae<\/em>; artrites, causadas por&nbsp;<em style=\"margin: 0px; padding: 0px; border: 0px; outline: none; list-style: none;\">Salmonella spp., E. coli, Clostridium spp.<\/em><br style=\"margin: 0px; padding: 0px; border: 0px; outline: none; list-style: none;\">Feridas infectadas, por cepas de estafilococos e estreptococos sens\u00edveis \u00e0 oxitetraciclina; pasteureloses (<em style=\"margin: 0px; padding: 0px; border: 0px; outline: none; list-style: none;\">Pasteurella spp<\/em>), s\u00edndrome MMA (metrite\/mastite\/agalactia) em porcas, causados por<em style=\"margin: 0px; padding: 0px; border: 0px; outline: none; list-style: none;\">Mcoplasma<\/em><em style=\"margin: 0px; padding: 0px; border: 0px; outline: none; list-style: none;\">&nbsp;spp, E.&nbsp;<\/em><em style=\"margin: 0px; padding: 0px; border: 0px; outline: none; list-style: none;\">coli<\/em>e cepas de estreptococos e estafilococos sens\u00edveis \u00e0 oxitetraciclina. Enterites (diarr\u00e9ias dos leit\u00f5e), ocasionadas por&nbsp;<em style=\"margin: 0px; padding: 0px; border: 0px; outline: none; list-style: none;\">E.coli.<\/em>&nbsp;<br style=\"margin: 0px; padding: 0px; border: 0px; outline: none; list-style: none;\"><br style=\"margin: 0px; padding: 0px; border: 0px; outline: none; list-style: none;\">OVINOS \u2013 pneumonia, ocasionada por<em style=\"margin: 0px; padding: 0px; border: 0px; outline: none; list-style: none;\">&nbsp;<\/em><em style=\"margin: 0px; padding: 0px; border: 0px; outline: none; list-style: none;\">Pasteurella multocida<\/em>; aborto enzo\u00f3tico, causado por&nbsp;<em style=\"margin: 0px; padding: 0px; border: 0px; outline: none; list-style: none;\">Bucella<\/em>; metrites causadas por&nbsp;<em style=\"margin: 0px; padding: 0px; border: 0px; outline: none; list-style: none;\">E. coli,<\/em>&nbsp;cepas sens\u00edveis de estafilococos e estreptococos; infec\u00e7\u00f5es causadas por&nbsp;<em style=\"margin: 0px; padding: 0px; border: 0px; outline: none; list-style: none;\">Clostridium chauvoei<\/em>&nbsp;(carb\u00fanculo sintom\u00e1tico); foot rot (podrid\u00e3o do casco), causado por<em style=\"margin: 0px; padding: 0px; border: 0px; outline: none; list-style: none;\">Fusobacterium necrophorum. Mastites sist\u00eamicas<\/em>, causadas por&nbsp;<em style=\"margin: 0px; padding: 0px; border: 0px; outline: none; list-style: none;\">Corynebacterium pyogenes, E. coli, Pasteurella haemolytica<\/em>&nbsp;e cepas de estafilococos e estreptococos sens\u00edveis \u00e0 oxitetraciclina. Artrite infecciosa , causada por&nbsp;<em style=\"margin: 0px; padding: 0px; border: 0px; outline: none; list-style: none;\">E. coli, Salmonella spp, Clostridium spp<\/em>&nbsp;e cepas de estreptococos e estafilococos sens\u00edveis \u00e0 oxitetraciclina; vibriose ovina (<em style=\"margin: 0px; padding: 0px; border: 0px; outline: none; list-style: none;\">Vibrio fetus<\/em>).<br style=\"margin: 0px; padding: 0px; border: 0px; outline: none; list-style: none;\">Feridas infectadas por cepas sens\u00edveis de estafilococos e estreptococos.&nbsp;<br style=\"margin: 0px; padding: 0px; border: 0px; outline: none; list-style: none;\"><br style=\"margin: 0px; padding: 0px; border: 0px; outline: none; list-style: none;\">Eq\u00fcinos: Para o tratamento de pneumonia (&nbsp;<em style=\"margin: 0px; padding: 0px; border: 0px; outline: none; list-style: none;\">Streptococcus sp, E. coli, Actinobacillus equili, Corynebacterium equi&nbsp;<\/em>), garrotilho, artrites, infec\u00e7\u00f5es da pele, anexos e tecidos moles ( metrite, onfaloflebite, mastite, abcessos ), determinados por&nbsp;<em style=\"margin: 0px; padding: 0px; border: 0px; outline: none; list-style: none;\">Streptococcus sp, Corynebacterium sp, Fusobacterium necrophorum.<\/em>&nbsp;Auxiliar no controle e preven\u00e7\u00e3o da infec\u00e7\u00f5es p\u00f3s operat\u00f3rias causadas por germes sens\u00edveis \u00e0 oxitetraciclina.<br style=\"margin: 0px; padding: 0px; border: 0px; outline: none; list-style: none;\"><br style=\"margin: 0px; padding: 0px; border: 0px; outline: none; list-style: none;\">C\u00e3es e Gatos : Pneumonia (&nbsp;<em style=\"margin: 0px; padding: 0px; border: 0px; outline: none; list-style: none;\">Pasteurella sp, Mycoplasma&nbsp;<\/em>), metrite (&nbsp;<em style=\"margin: 0px; padding: 0px; border: 0px; outline: none; list-style: none;\">E. coli, Staphilococcus e Streptococcus&nbsp;<\/em>) , otite (&nbsp;<em style=\"margin: 0px; padding: 0px; border: 0px; outline: none; list-style: none;\">Streptococcus sp&nbsp;<\/em>), abcessos (<em style=\"margin: 0px; padding: 0px; border: 0px; outline: none; list-style: none;\">Corynebacterium sp, Streptococcus sp<\/em>&nbsp;), erliquiose (&nbsp;<em style=\"margin: 0px; padding: 0px; border: 0px; outline: none; list-style: none;\">Erlichia canis&nbsp;<\/em>), infec\u00e7\u00f5es da pele e anexos.&nbsp;<br style=\"margin: 0px; padding: 0px; border: 0px; outline: none; list-style: none;\"><br style=\"margin: 0px; padding: 0px; border: 0px; outline: none; list-style: none;\">Aves: Para o tratamento da Bouba Avi\u00e1ria e Doen\u00e7a Respirat\u00f3ria Cr\u00f4nica Complicada, causadas por<em style=\"margin: 0px; padding: 0px; border: 0px; outline: none; list-style: none;\">Mycoplasma gallisepepticum e E. coli.<\/em><br style=\"margin: 0px; padding: 0px; border: 0px; outline: none; list-style: none;\"><br style=\"margin: 0px; padding: 0px; border: 0px; outline: none; list-style: none;\">Coelhos : Para o tratamento e infec\u00e7\u00f5es causadas por&nbsp;<em style=\"margin: 0px; padding: 0px; border: 0px; outline: none; list-style: none;\">Pasteurella multocida, Bordetella bronchiseptica, E. coli e Salmonella sp<\/em>.<br style=\"margin: 0px; padding: 0px; border: 0px; outline: none; list-style: none;\"><br style=\"margin: 0px; padding: 0px; border: 0px; outline: none; list-style: none;\"><\/span><\/p>\n<p style=\"margin-bottom: 15px; padding: 0px; border: 0px; outline: none; list-style: none; color: rgb(83, 83, 83); font-size: 12px; font-family: Roboto, sans-serif; text-align: justify;\"><strong style=\"margin: 0px; padding: 0px; border: 0px; outline: none; list-style: none;\"><span style=\"margin: 0px; padding: 0px; border: 0px; outline: none; list-style: none; font-size: 10pt; font-family: arial, sans-serif;\">Dosagem:<\/span><\/strong><br style=\"margin: 0px; padding: 0px; border: 0px; outline: none; list-style: none;\"><span style=\"margin: 0px; padding: 0px; border: 0px; outline: none; list-style: none; font-size: 10pt; font-family: arial, sans-serif;\">Doses di\u00e1rias conforme o peso do animal<br style=\"margin: 0px; padding: 0px; border: 0px; outline: none; list-style: none;\"><br style=\"margin: 0px; padding: 0px; border: 0px; outline: none; list-style: none;\">Bovinos e Eq\u00fcinos: administrar 1mL para cada 10kg de peso corporal, ou seja, 10mg\/kg de peso vivo.<br style=\"margin: 0px; padding: 0px; border: 0px; outline: none; list-style: none;\"><br style=\"margin: 0px; padding: 0px; border: 0px; outline: none; list-style: none;\">Su\u00ednos, Ovinos e Caprinos: at\u00e9 5kg, administrar uma dose de 0,5mL, acima de 5kg, administrar 1mL para cada 10kg de peso corporal.<br style=\"margin: 0px; padding: 0px; border: 0px; outline: none; list-style: none;\"><br style=\"margin: 0px; padding: 0px; border: 0px; outline: none; list-style: none;\">C\u00e3es, Gatos e Coelhos: 0,5mL para cada 5kg de peso.&nbsp;<br style=\"margin: 0px; padding: 0px; border: 0px; outline: none; list-style: none;\"><br style=\"margin: 0px; padding: 0px; border: 0px; outline: none; list-style: none;\">Aves: 0,25mL\/kg a 0,5mL\/kg de peso vivo.<br style=\"margin: 0px; padding: 0px; border: 0px; outline: none; list-style: none;\"><br style=\"margin: 0px; padding: 0px; border: 0px; outline: none; list-style: none;\"><br style=\"margin: 0px; padding: 0px; border: 0px; outline: none; list-style: none;\"><\/span><\/p>\n<p style=\"margin-bottom: 15px; padding: 0px; border: 0px; outline: none; list-style: none; color: rgb(83, 83, 83); font-size: 12px; font-family: Roboto, sans-serif; text-align: justify;\"><strong style=\"margin: 0px; padding: 0px; border: 0px; outline: none; list-style: none;\"><span style=\"margin: 0px; padding: 0px; border: 0px; outline: none; list-style: none; font-size: 10pt; font-family: arial, sans-serif;\">Administra\u00e7\u00e3o:<\/span><\/strong><br style=\"margin: 0px; padding: 0px; border: 0px; outline: none; list-style: none;\"><span style=\"margin: 0px; padding: 0px; border: 0px; outline: none; list-style: none; font-size: 10pt; font-family: arial, sans-serif;\">Via injet\u00e1vel intramuscular profunda.<br style=\"margin: 0px; padding: 0px; border: 0px; outline: none; list-style: none;\">De prefer\u00eancia n\u00e3o aplicar mais de 10mL no mesmo local<br style=\"margin: 0px; padding: 0px; border: 0px; outline: none; list-style: none;\"><br style=\"margin: 0px; padding: 0px; border: 0px; outline: none; list-style: none;\"><\/span><\/p>\n<p style=\"margin-bottom: 15px; padding: 0px; border: 0px; outline: none; list-style: none; color: rgb(83, 83, 83); font-size: 12px; font-family: Roboto, sans-serif; text-align: justify;\"><strong style=\"margin: 0px; padding: 0px; border: 0px; outline: none; list-style: none;\"><span style=\"margin: 0px; padding: 0px; border: 0px; outline: none; list-style: none; font-size: 10pt; font-family: arial, sans-serif;\">Precau\u00e7\u00f5es:<\/span><\/strong><br style=\"margin: 0px; padding: 0px; border: 0px; outline: none; list-style: none;\"><span style=\"margin: 0px; padding: 0px; border: 0px; outline: none; list-style: none; font-size: 10pt; font-family: arial, sans-serif;\">Precau\u00e7\u00f5es:<br style=\"margin: 0px; padding: 0px; border: 0px; outline: none; list-style: none;\">\u2022Como qualquer inje\u00e7\u00e3o, usar equipamento est\u00e9ril e obedecer as normas de assepsia;<br style=\"margin: 0px; padding: 0px; border: 0px; outline: none; list-style: none;\">\u2022Todo medicamento deve ser mantido fora do alcance de crian\u00e7as e animais dom\u00e9sticos.<br style=\"margin: 0px; padding: 0px; border: 0px; outline: none; list-style: none;\">\u2022Guardar as embalagens em local seco e fresco, ao abrigo dos raios solares;<br style=\"margin: 0px; padding: 0px; border: 0px; outline: none; list-style: none;\">\u2022TORMICINA 100 \u00e9 bem tolerada, entretanto, pode ocorrer rea\u00e7\u00e3o local discreta, que desaparece sem necessidade de tratamento.<br style=\"margin: 0px; padding: 0px; border: 0px; outline: none; list-style: none;\"><br style=\"margin: 0px; padding: 0px; border: 0px; outline: none; list-style: none;\">Restri\u00e7\u00f5es de uso e Per\u00edodo de Car\u00eancia:<br style=\"margin: 0px; padding: 0px; border: 0px; outline: none; list-style: none;\">*N\u00e3o diluir o medicamento<br style=\"margin: 0px; padding: 0px; border: 0px; outline: none; list-style: none;\">*N\u00e3o administrar em vacas leiteiras lactantes<br style=\"margin: 0px; padding: 0px; border: 0px; outline: none; list-style: none;\">* Suspender a medica\u00e7\u00e3o 30 dias antes do abate dos animais para consumo humano<\/span><\/p>\n<p style=\"margin-bottom: 15px; padding: 0px; border: 0px; outline: none; list-style: none; color: rgb(83, 83, 83); font-size: 12px; font-family: Roboto, sans-serif; text-align: justify;\"><strong style=\"margin: 0px; padding: 0px; border: 0px; outline: none; list-style: none;\"><span style=\"margin: 0px; padding: 0px; border: 0px; outline: none; list-style: none; font-size: 10pt; font-family: arial, sans-serif;\">Apresenta\u00e7\u00e3o:<\/span><\/strong><br style=\"margin: 0px; padding: 0px; border: 0px; outline: none; list-style: none;\"><span style=\"margin: 0px; padding: 0px; border: 0px; outline: none; list-style: none; font-size: 10pt; font-family: arial, sans-serif;\">Frascos com 10, 20 e 50 mL<\/span><\/p>\n<p style=\"margin-bottom: 15px; padding: 0px; border: 0px; outline: none; list-style: none; color: rgb(83, 83, 83); font-size: 12px; font-family: Roboto, sans-serif; text-align: justify;\"><strong style=\"margin: 0px; padding: 0px; border: 0px; outline: none; list-style: none;\"><span style=\"margin: 0px; padding: 0px; border: 0px; outline: none; list-style: none; font-size: 10pt; font-family: arial, sans-serif;\">Classe Terap\u00eautica:<\/span><\/strong><br style=\"margin: 0px; padding: 0px; border: 0px; outline: none; list-style: none;\"><span style=\"margin: 0px; padding: 0px; border: 0px; outline: none; list-style: none; font-size: 10pt; font-family: arial, sans-serif;\">ANTIMICROBIANOS GERAIS; ANTIF\u00daNGICOS E ANTIPROTOZO\u00c1RIOS (COCCIDIOS, FLAGELADOS)<\/span><\/p>\n<p style=\"margin-bottom: 15px; padding: 0px; border: 0px; outline: none; list-style: none; color: rgb(83, 83, 83); font-size: 12px; font-family: Roboto, sans-serif; text-align: justify;\"><strong style=\"margin: 0px; padding: 0px; border: 0px; outline: none; list-style: none;\"><span style=\"margin: 0px; padding: 0px; border: 0px; outline: none; list-style: none; font-size: 10pt; font-family: arial, sans-serif;\">Princ\u00edpio(s) Ativo(s):<\/span><\/strong><br style=\"margin: 0px; padding: 0px; border: 0px; outline: none; list-style: none;\"><span style=\"margin: 0px; padding: 0px; border: 0px; outline: none; list-style: none; font-size: 10pt; font-family: arial, sans-serif;\">OXITETRACICLINA<br style=\"margin: 0px; padding: 0px; border: 0px; outline: none; list-style: none;\"><br style=\"margin: 0px; padding: 0px; border: 0px; outline: none; list-style: none;\"><\/span><\/p>\n<p style=\"margin-bottom: 15px; padding: 0px; border: 0px; outline: none; list-style: none; color: rgb(83, 83, 83); font-size: 12px; font-family: Roboto, sans-serif; text-align: justify;\"><strong style=\"margin: 0px; padding: 0px; border: 0px; outline: none; list-style: none;\"><span style=\"margin: 0px; padding: 0px; border: 0px; outline: none; list-style: none; font-size: 10pt; font-family: arial, sans-serif;\">Registro no Minist\u00e9rio da Agricultura, Pecu\u00e1ria e&nbsp;Abastecimento:<\/span><\/strong><br style=\"margin: 0px; padding: 0px; border: 0px; outline: none; list-style: none;\"><span style=\"margin: 0px; padding: 0px; border: 0px; outline: none; list-style: none; font-size: 10pt; font-family: arial, sans-serif;\">0.525 em 25\/10\/77<\/span><\/p>\n","protected":false},"excerpt":{"rendered":"<p>F\u00f3rmula:F\u00f3rmula (em 100mL):Oxitetraciclina base&#8230;&#8230;&#8230;&#8230;&#8230;&#8230;&#8230;&#8230;&#8230;&#8230;10.000 mgLidoca\u00edna&#8230;&#8230;&#8230;&#8230;&#8230;&#8230;&#8230;&#8230;&#8230;&#8230;&#8230;&#8230;&#8230;&#8230;&#8230;. 2.000 mgVe\u00edculo q.s.p&#8230;&#8230;&#8230;&#8230;&#8230;&#8230;&#8230;&#8230;&#8230;&#8230;&#8230;&#8230;&#8230;. 100 mL Indica\u00e7\u00f5es:Nas infec\u00e7\u00f5es produzidas por microorganismos sens\u00edveis a oxitetraciclina, e como auxiliar no<\/p>\n","protected":false},"featured_media":16904,"template":"","meta":{"_acf_changed":false},"product_brand":[],"product_cat":[170,175,180],"product_tag":[],"class_list":{"0":"post-16903","1":"product","2":"type-product","3":"status-publish","4":"has-post-thumbnail","6":"product_cat-anti-microbianos","7":"product_cat-antimicrobianos-2","8":"product_cat-anti-microbiano","10":"first","11":"instock","12":"purchasable","13":"product-type-simple"},"acf":[],"_links":{"self":[{"href":"https:\/\/vetsul.com\/index.php\/wp-json\/wp\/v2\/product\/16903","targetHints":{"allow":["GET"]}}],"collection":[{"href":"https:\/\/vetsul.com\/index.php\/wp-json\/wp\/v2\/product"}],"about":[{"href":"https:\/\/vetsul.com\/index.php\/wp-json\/wp\/v2\/types\/product"}],"wp:featuredmedia":[{"embeddable":true,"href":"https:\/\/vetsul.com\/index.php\/wp-json\/wp\/v2\/media\/16904"}],"wp:attachment":[{"href":"https:\/\/vetsul.com\/index.php\/wp-json\/wp\/v2\/media?parent=16903"}],"wp:term":[{"taxonomy":"product_brand","embeddable":true,"href":"https:\/\/vetsul.com\/index.php\/wp-json\/wp\/v2\/product_brand?post=16903"},{"taxonomy":"product_cat","embeddable":true,"href":"https:\/\/vetsul.com\/index.php\/wp-json\/wp\/v2\/product_cat?post=16903"},{"taxonomy":"product_tag","embeddable":true,"href":"https:\/\/vetsul.com\/index.php\/wp-json\/wp\/v2\/product_tag?post=16903"}],"curies":[{"name":"wp","href":"https:\/\/api.w.org\/{rel}","templated":true}]}}