{"id":16901,"date":"2018-01-09T16:51:24","date_gmt":"2018-01-09T18:51:24","guid":{"rendered":"http:\/\/35.194.95.18\/wp-admin\/?post_type=product&#038;p=16901"},"modified":"2025-08-12T09:32:21","modified_gmt":"2025-08-12T12:32:21","slug":"terramicina-mais-50ml","status":"publish","type":"product","link":"https:\/\/vetsul.com\/index.php\/product\/terramicina-mais-50ml\/","title":{"rendered":"TERRAMICINA MAIS 50ml"},"content":{"rendered":"<p>Descri\u00e7\u00e3o:<\/p>\n<p>O Terramicina\u00ae mais \u00e9 uma solu\u00e7\u00e3o injet\u00e1vel, est\u00e9ril e pronta para uso \u00e0 base oxitetraciclina associada ao diclofenaco. A oxitetraciclina \u00e9 um antibi\u00f3tico de amplo espectro altamente ativo contra um grande n\u00famero de microrganismos gram-positivos e gram-negativos. O diclofenaco \u00e9 um anti-inflamat\u00f3rio n\u00e3o-esteroidal (AINE) com a\u00e7\u00e3o contra febre, dor e inflama\u00e7\u00e3o.<\/p>\n<p>Essa associa\u00e7\u00e3o possibilita uma a\u00e7\u00e3o potente contra um grande n\u00famero de agentes microbianos causadores de infec\u00e7\u00e3o e tamb\u00e9m a melhora do bemestar animal de forma pr\u00e1tica e segura.<\/p>\n<p><\/p>\n<p>Composi\u00e7\u00e3o:<\/p>\n<p>Cada 100 mL:<\/p>\n<p>Oxitetraciclina (dihidratada)&#8230;&#8230;&#8230;&#8230;&#8230;&#8230;&#8230;&#8230;&#8230;&#8230;&#8230;&#8230;&#8230;&#8230;&#8230;&#8230;&#8230;&#8230;&#8230;&#8230;&#8230;&#8230;&#8230;..20,0 g<\/p>\n<p>Diclofenaco de s\u00f3dio&#8230;&#8230;&#8230;&#8230;&#8230;&#8230;&#8230;&#8230;&#8230;&#8230;&#8230;&#8230;&#8230;&#8230;&#8230;&#8230;&#8230;&#8230;&#8230;&#8230;&#8230;&#8230;&#8230;&#8230;&#8230;&#8230;&#8230;&#8230;&#8230; 1,0 g<\/p>\n<p>ve\u00edculo q.s.p. &#8230;&#8230;&#8230;&#8230;&#8230;&#8230;&#8230;&#8230;&#8230;&#8230;&#8230;&#8230;&#8230;&#8230;&#8230;&#8230;&#8230;&#8230;&#8230;&#8230;&#8230;&#8230;&#8230;&#8230;&#8230;&#8230;&#8230;&#8230;&#8230;&#8230;&#8230;100,0 mL<\/p>\n<p><\/p>\n<p>Indica\u00e7\u00f5es:<\/p>\n<p>Terramicina\u00ae mais \u00e9 indicado no tratamento de infec\u00e7\u00f5es associadas \u00e0 Pasteurella multocida, Klebsiella pneumoniae; Moraxella bovis; Escherichia coli, Arcanobacterium pyogenes, Fusobacterium necrophorum; Staphylococcus aureus; Streptococcus agalactiae; Streptococcus dysgalactiae; Streptococcus uberis; Corynebacterium bovis;<\/p>\n<p>Dermatophilus congolensis; Dichelobacter nodosus e Salmonella Typhimurium, assim como o combate \u00e0 febre, dor e inflama\u00e7\u00e3o em bovinos.<\/p>\n<p><\/p>\n<p>Posologia e modo de usar:<\/p>\n<p>Terramicina\u00ae mais deve ser administrado, em dose \u00fanica, pela via intramuscular profunda na dose de 1 mL para cada 10 kg de peso corporal (equivalente a 20 mg de oxitetraciclina e 1 mg de diclofenaco s\u00f3dico por kg). N\u00e3o devem ser injetados mais de 10mL em um mesmo local.<\/p>\n<p>\u2022 Administrar produtos injet\u00e1veis preferencialmente na regi\u00e3o dianteira do animal. Desta forma, evitam-se danos nos cortes nobres e se assegura a qualidade da carne ao consumidor.<\/p>\n<p>\u2022 Seguir os procedimentos-padr\u00e3o de antissepsia e assepsia antes de administrar o produto.<\/p>\n<p>\u2022 Agulha recomendada: 40&#215;12.<\/p>\n<p>\u2022 Utilizar somente agulhas est\u00e9reis.<\/p>\n<p>Advert\u00eancia: as subdosagens podem facilitar o desenvolvimento da resist\u00eancia e interferir na efic\u00e1cia do tratamento.<\/p>\n<p>Contraindica\u00e7\u00f5es: n\u00e3o administrar o produto em animais que apresentem hipersensibilidade a qualquer um dos componentes presentes na composi\u00e7\u00e3o.<\/p>\n<p>N\u00e3o administrar em animais com ulcera\u00e7\u00f5es g\u00e1stricas e\/ou intestinais ou portadores de disfun\u00e7\u00e3o renal.<\/p>\n<p><\/p>\n<p>Per\u00edodo de car\u00eancia e precau\u00e7\u00f5es:<\/p>\n<p>Bovinos. Abate: o abate dos animais tratados com este produto somente deve ser realizado 16 dias ap\u00f3s o tratamento. Leite: n\u00e3o indicado para uso em f\u00eameas leiteiras lactantes produzindo leite para consumo humano.<\/p>\n<p>N\u00e3o administrar o produto com prazo de validade vencido. Obedecer a dosagem indicada para uso do produto.<\/p>\n<p>Somente o m\u00e9dico-veterin\u00e1rio est\u00e1 apto a fazer altera\u00e7\u00f5es na dosagem ou no regime de tratamento recomendados para o uso do produto.<\/p>\n<p>Observa\u00e7\u00e3o: Terramicina\u00ae mais pode se tornar escuro com o tempo, por\u00e9m sua atividade permanece inalterada.<\/p>\n","protected":false},"excerpt":{"rendered":"<p>Descri\u00e7\u00e3o: O Terramicina\u00ae mais \u00e9 uma solu\u00e7\u00e3o injet\u00e1vel, est\u00e9ril e pronta para uso \u00e0 base oxitetraciclina associada ao diclofenaco. A oxitetraciclina \u00e9<\/p>\n","protected":false},"featured_media":16902,"template":"","meta":{"_acf_changed":false},"product_brand":[],"product_cat":[170],"product_tag":[],"class_list":{"0":"post-16901","1":"product","2":"type-product","3":"status-publish","4":"has-post-thumbnail","6":"product_cat-anti-microbianos","8":"first","9":"instock","10":"purchasable","11":"product-type-simple"},"acf":[],"_links":{"self":[{"href":"https:\/\/vetsul.com\/index.php\/wp-json\/wp\/v2\/product\/16901","targetHints":{"allow":["GET"]}}],"collection":[{"href":"https:\/\/vetsul.com\/index.php\/wp-json\/wp\/v2\/product"}],"about":[{"href":"https:\/\/vetsul.com\/index.php\/wp-json\/wp\/v2\/types\/product"}],"wp:featuredmedia":[{"embeddable":true,"href":"https:\/\/vetsul.com\/index.php\/wp-json\/wp\/v2\/media\/16902"}],"wp:attachment":[{"href":"https:\/\/vetsul.com\/index.php\/wp-json\/wp\/v2\/media?parent=16901"}],"wp:term":[{"taxonomy":"product_brand","embeddable":true,"href":"https:\/\/vetsul.com\/index.php\/wp-json\/wp\/v2\/product_brand?post=16901"},{"taxonomy":"product_cat","embeddable":true,"href":"https:\/\/vetsul.com\/index.php\/wp-json\/wp\/v2\/product_cat?post=16901"},{"taxonomy":"product_tag","embeddable":true,"href":"https:\/\/vetsul.com\/index.php\/wp-json\/wp\/v2\/product_tag?post=16901"}],"curies":[{"name":"wp","href":"https:\/\/api.w.org\/{rel}","templated":true}]}}