{"id":16899,"date":"2018-01-09T16:48:23","date_gmt":"2018-01-09T18:48:23","guid":{"rendered":"http:\/\/35.194.95.18\/wp-admin\/?post_type=product&#038;p=16899"},"modified":"2025-08-12T09:32:21","modified_gmt":"2025-08-12T12:32:21","slug":"tetravet-50-ml-oxitetraciclina-biofarm","status":"publish","type":"product","link":"https:\/\/vetsul.com\/index.php\/product\/tetravet-50-ml-oxitetraciclina-biofarm\/","title":{"rendered":"TETRAVET 50 ML &#8211; OXITETRACICLINA BIOFARM"},"content":{"rendered":"<p><span style=\"color: #535353; font-family: Arial, sans-serif; font-size: 14px; text-align: justify;\">Indicado para o tratamento de processos infecciosos que acometem os bovinos, ovinos, caprinos e su\u00ed\u00adnos.<\/span><\/p>\n<p class=\"MsoNormal\" style=\"margin-bottom: 15px; padding: 0px; border: 0px; outline: none; list-style: none; color: #535353; font-size: 12px; font-family: Roboto, sans-serif; text-align: justify;\"><span style=\"margin: 0px; padding: 0px; border: 0px; outline: none; list-style: none; font-size: 10pt; line-height: 20px; font-family: Arial, sans-serif;\"><b style=\"margin: 0px; padding: 0px; border: 0px; outline: none; list-style: none;\">COMPOSI\u00c3\u00c7\u00c3O:<\/b><\/span><\/p>\n<p style=\"margin-bottom: 15px; padding: 0px; border: 0px; outline: none; list-style: none; color: #535353; font-size: 12px; font-family: Roboto, sans-serif; text-align: justify;\">\n<p class=\"MsoNormal\" style=\"margin-bottom: 15px; padding: 0px; border: 0px; outline: none; list-style: none; color: #535353; font-size: 12px; font-family: Roboto, sans-serif; text-align: justify;\"><span style=\"margin: 0px; padding: 0px; border: 0px; outline: none; list-style: none; font-size: 10pt; line-height: 20px; font-family: Arial, sans-serif;\">Oxitetraciclina (Cloridrato): 20 g<br style=\"margin: 0px; padding: 0px; border: 0px; outline: none; list-style: none;\" \/>Ve\u00c3\u00adculo q.s.p.: 100 mL<br style=\"margin: 0px; padding: 0px; border: 0px; outline: none; list-style: none;\" \/><br style=\"margin: 0px; padding: 0px; border: 0px; outline: none; list-style: none;\" \/><br style=\"margin: 0px; padding: 0px; border: 0px; outline: none; list-style: none;\" \/><b style=\"margin: 0px; padding: 0px; border: 0px; outline: none; list-style: none;\">MODO DE USAR E DOSAGENS:<\/b><br style=\"margin: 0px; padding: 0px; border: 0px; outline: none; list-style: none;\" \/>Indicado para ser administrado em dose \u00fanica, por via intramuscular profunda, na dose de 1 mL para cada 10 Kg de peso corporal. A dose e a dura\u00e7\u00e3o do tratamento poder\u00e3o ser alteradas \u00c3\u00a0 crit\u00e9rio do M\u00e9dico Veterin\u00e1rio\u00a1rio. Para volumes acima de 10 mL, dividir em 2 pontos de aplica\u00e7\u00e3o.<\/span><\/p>\n<p>&nbsp;<\/p>\n","protected":false},"excerpt":{"rendered":"<p>Indicado para o tratamento de processos infecciosos que acometem os bovinos, ovinos, caprinos e su\u00ed\u00adnos. COMPOSI\u00c3\u00c7\u00c3O: Oxitetraciclina (Cloridrato): 20 gVe\u00c3\u00adculo q.s.p.: 100<\/p>\n","protected":false},"featured_media":16900,"template":"","meta":{"_acf_changed":false},"product_brand":[958],"product_cat":[170,175,180],"product_tag":[993,1013,1014],"class_list":{"0":"post-16899","1":"product","2":"type-product","3":"status-publish","4":"has-post-thumbnail","6":"product_brand-biofarm","7":"product_cat-anti-microbianos","8":"product_cat-antimicrobianos-2","9":"product_cat-anti-microbiano","10":"product_tag-biofarm","11":"product_tag-terramicina","12":"product_tag-tormicina","14":"first","15":"instock","16":"purchasable","17":"product-type-simple"},"acf":[],"_links":{"self":[{"href":"https:\/\/vetsul.com\/index.php\/wp-json\/wp\/v2\/product\/16899","targetHints":{"allow":["GET"]}}],"collection":[{"href":"https:\/\/vetsul.com\/index.php\/wp-json\/wp\/v2\/product"}],"about":[{"href":"https:\/\/vetsul.com\/index.php\/wp-json\/wp\/v2\/types\/product"}],"wp:featuredmedia":[{"embeddable":true,"href":"https:\/\/vetsul.com\/index.php\/wp-json\/wp\/v2\/media\/16900"}],"wp:attachment":[{"href":"https:\/\/vetsul.com\/index.php\/wp-json\/wp\/v2\/media?parent=16899"}],"wp:term":[{"taxonomy":"product_brand","embeddable":true,"href":"https:\/\/vetsul.com\/index.php\/wp-json\/wp\/v2\/product_brand?post=16899"},{"taxonomy":"product_cat","embeddable":true,"href":"https:\/\/vetsul.com\/index.php\/wp-json\/wp\/v2\/product_cat?post=16899"},{"taxonomy":"product_tag","embeddable":true,"href":"https:\/\/vetsul.com\/index.php\/wp-json\/wp\/v2\/product_tag?post=16899"}],"curies":[{"name":"wp","href":"https:\/\/api.w.org\/{rel}","templated":true}]}}