{"id":16849,"date":"2018-01-09T14:10:55","date_gmt":"2018-01-09T16:10:55","guid":{"rendered":"http:\/\/35.194.95.18\/wp-admin\/?post_type=product&#038;p=16849"},"modified":"2025-02-07T16:00:22","modified_gmt":"2025-02-07T19:00:22","slug":"solu-ao-cmt-tadabras-500-ml","status":"publish","type":"product","link":"https:\/\/vetsul.com\/index.php\/product\/solu-ao-cmt-tadabras-500-ml\/","title":{"rendered":"SOLU\u00c7\u00c3O CMT &#8211; TADABRAS &#8211; 500 ML"},"content":{"rendered":"<p>Tip Bar Linha Dedetiza\u00e7\u00e3o<\/p>\n<p>Loja Agropecu\u00e1ria Atendimento&nbsp;&nbsp;<\/p>\n<p>Fa\u00e7a login<\/p>\n<p>FINALIZAR PEDIDO<\/p>\n<p><\/p>\n<p>Digite aqui o que deseja buscar!<\/p>\n<p>&nbsp;<\/p>\n<p>VETERIN\u00c1RIA<\/p>\n<p>DEDETIZA\u00c7\u00c3O<\/p>\n<p>PET SHOP<\/p>\n<p>AGRICULTURA<\/p>\n<p>UTENS\u00cdLIOS<\/p>\n<p>USO PESSOAL<\/p>\n<p>M\u00c1QUINAS E COMPONENTES<\/p>\n<p>TIRO ESPORTIVO<\/p>\n<p>FERRAMENTAS<\/p>\n<p>PROMO\u00c7\u00d5ES<\/p>\n<p>P\u00e1gina inicial&nbsp; Veterin\u00e1ria&nbsp; Acess\u00f3rios&nbsp; Utensilios<\/p>\n<p>Solu\u00e7\u00e3o Cmt &#8211; Tadabras &#8211; 500 ml<\/p>\n<p>clique para ampliar&nbsp;<\/p>\n<p>Solu\u00e7\u00e3o Cmt &#8211; Tadabras &#8211; 500 ml<\/p>\n<p>Solu\u00e7\u00e3o Cmt &#8211; Tadabras &#8211; 500 ml<\/p>\n<p>SOLU\u00c7\u00c3O CMT &#8211; TADABRAS &#8211; 500 ML<\/p>\n<p>Ref: 1761Tadabras0 Avalia\u00e7\u00f5es.<\/p>\n<p>500 ml<\/p>\n<p>Por: R$ 7,78<\/p>\n<p>1X de R$ 7,78 no cart\u00e3o&nbsp;<\/p>\n<p><\/p>\n<p>1<\/p>\n<p>Comprar<\/p>\n<p>calcule a entrega<\/p>\n<p>CEP<\/p>\n<p>calcular<\/p>\n<p>Quem comprou, comprou tamb\u00e9m<\/p>\n<p>Avental para Laticinios &#8211; \u00fanico<\/p>\n<p>AVENTAL PARA LATICINIOS &#8211; \u00daNICO<\/p>\n<p>R$ 13,61<\/p>\n<p>1x de R$ 13,61 sem juros<\/p>\n<p>Amoclox S Vaca Seca &#8211; Seringa &#8211; 7 gr<\/p>\n<p>AMOCLOX S VACA SECA &#8211; SERINGA &#8211; 7 GR<\/p>\n<p>R$ 6,25<\/p>\n<p>1x de R$ 6,25 sem juros<\/p>\n<p>Terramicina Mais<\/p>\n<p>TERRAMICINA MAIS<\/p>\n<p>R$ 17,43<\/p>\n<p>1x de R$ 17,43 sem juros<\/p>\n<p>Agulha Descart\u00e1vel BD &#8211; Caixa com 100<\/p>\n<p>AGULHA DESCART\u00c1VEL BD &#8211; CAIXA COM 100<\/p>\n<p>R$ 18,38<\/p>\n<p>1x de R$ 18,38 sem juros<\/p>\n<p>Cidental L\u00edquido<\/p>\n<p>CIDENTAL L\u00cdQUIDO<\/p>\n<p>R$ 8,12<\/p>\n<p>1x de R$ 8,12 sem juros<\/p>\n<p>Antit\u00f3xico Sm &#8211; 100 ml<\/p>\n<p>ANTIT\u00d3XICO SM &#8211; 100 ML<\/p>\n<p>R$ 17,90<\/p>\n<p>1x de R$ 17,90 sem juros<\/p>\n<p>Cipermetrina 6{bad89740ab836af8afd78adf22d5854117f226b234e4f8ee83a0ac8d28f68ffc} Pour-On &#8211; 1 litro<\/p>\n<p>CIPERMETRINA 6{bad89740ab836af8afd78adf22d5854117f226b234e4f8ee83a0ac8d28f68ffc} POUR-ON &#8211; 1 LITRO<\/p>\n<p>R$ 16,98<\/p>\n<p>1x de R$ 16,98 sem juros<\/p>\n<p>Corta Curso Injet\u00e1vel<\/p>\n<p>CORTA CURSO INJET\u00c1VEL<\/p>\n<p>R$ 30,35<\/p>\n<p>1x de R$ 30,35 sem juros<\/p>\n<p>D 500 Dipirona &#8211; 50 ml<\/p>\n<p>D 500 DIPIRONA &#8211; 50 ML<\/p>\n<p>R$ 12,82<\/p>\n<p>1x de R$ 12,82 sem juros<\/p>\n<p>Dectomax &#8211; Doramectina &#8211; Zoetis<\/p>\n<p>DECTOMAX &#8211; DORAMECTINA &#8211; ZOETIS<\/p>\n<p>5<\/p>\n<p>R$ 18,32<\/p>\n<p>1x de R$ 18,32 sem juros<\/p>\n<p>prevnext<\/p>\n<p>PARA USO EM<\/p>\n<p>&nbsp;<\/p>\n<p>Bovinos<\/p>\n<p>INFORMA\u00c7\u00d5ES<\/p>\n<p>&nbsp;<\/p>\n<p>Leia a bula<\/p>\n<p>&nbsp;<\/p>\n<p>D\u00favidas<\/p>\n<p>FORMULA<\/p>\n<p>Cada 100 ml do produto cont\u00e9m:<\/p>\n<p>Violetade Bromocresol&#8230;&#8230;&#8230;&#8230;&#8230;&#8230;0,02g<\/p>\n<p>Ve\u00edculo..q.s.p&#8230;&#8230;&#8230;&#8230;&#8230;&#8230;&#8230;&#8230;100,00ml<\/p>\n<p>SOBRE<\/p>\n<p>Solu\u00e7\u00e3o Cmt \u00e9 considerado um dos testes mais simples e eficaz para o diagn\u00f3stico da mastite bovina. O produto mistura-se o leite com o reagente, homogene\u00edza-se e faz-se a leitura ap\u00f3s 10 segundos. De acordo com a quantidade de c\u00e9lulas som\u00e1ticas do leite, forma-se um gel, de espessura variada. Se a quantidade de c\u00e9lulas som\u00e1ticas \u00e9 baixa, n\u00e3o forma gel, o resultado \u00e9 negativo. N\u00e3o espere mais!&nbsp; Leve j\u00e1 a qualidade e efic\u00e1cia da Solu\u00e7\u00e3o Cmt!<\/p>\n<p>INDICA\u00c7\u00d5ES<\/p>\n<p>Solu\u00e7\u00e3o Cmt \u00e9 considerado um dos testes mais simples e eficaz para o diagn\u00f3stico da mastite bovina. O produto mistura-se o leite com o reagente, homogene\u00edza-se e faz-se a leitura ap\u00f3s 10 segundos. De acordo com a quantidade de c\u00e9lulas som\u00e1ticas do leite, forma-se um gel, de espessura variada. Se a quantidade de c\u00e9lulas som\u00e1ticas \u00e9 baixa, n\u00e3o forma gel, o resultado \u00e9 negativo.<\/p>\n<p>CAR\u00caNCIA<\/p>\n<p>abate: 122 dias<\/p>\n","protected":false},"excerpt":{"rendered":"<p>Tip Bar Linha Dedetiza\u00e7\u00e3o Loja Agropecu\u00e1ria Atendimento&nbsp;&nbsp; Fa\u00e7a login FINALIZAR PEDIDO Digite aqui o que deseja buscar! &nbsp; VETERIN\u00c1RIA DEDETIZA\u00c7\u00c3O PET SHOP<\/p>\n","protected":false},"featured_media":16850,"template":"","meta":{"_acf_changed":false},"product_brand":[],"product_cat":[166],"product_tag":[],"class_list":{"0":"post-16849","1":"product","2":"type-product","3":"status-publish","4":"has-post-thumbnail","6":"product_cat-equipamentos-utensilios-e-materiais-hospitalares","8":"first","9":"instock","10":"purchasable","11":"product-type-simple"},"acf":[],"_links":{"self":[{"href":"https:\/\/vetsul.com\/index.php\/wp-json\/wp\/v2\/product\/16849","targetHints":{"allow":["GET"]}}],"collection":[{"href":"https:\/\/vetsul.com\/index.php\/wp-json\/wp\/v2\/product"}],"about":[{"href":"https:\/\/vetsul.com\/index.php\/wp-json\/wp\/v2\/types\/product"}],"wp:featuredmedia":[{"embeddable":true,"href":"https:\/\/vetsul.com\/index.php\/wp-json\/wp\/v2\/media\/16850"}],"wp:attachment":[{"href":"https:\/\/vetsul.com\/index.php\/wp-json\/wp\/v2\/media?parent=16849"}],"wp:term":[{"taxonomy":"product_brand","embeddable":true,"href":"https:\/\/vetsul.com\/index.php\/wp-json\/wp\/v2\/product_brand?post=16849"},{"taxonomy":"product_cat","embeddable":true,"href":"https:\/\/vetsul.com\/index.php\/wp-json\/wp\/v2\/product_cat?post=16849"},{"taxonomy":"product_tag","embeddable":true,"href":"https:\/\/vetsul.com\/index.php\/wp-json\/wp\/v2\/product_tag?post=16849"}],"curies":[{"name":"wp","href":"https:\/\/api.w.org\/{rel}","templated":true}]}}