{"id":16841,"date":"2018-01-09T13:44:54","date_gmt":"2018-01-09T15:44:54","guid":{"rendered":"http:\/\/35.194.95.18\/wp-admin\/?post_type=product&#038;p=16841"},"modified":"2025-02-24T16:44:54","modified_gmt":"2025-02-24T19:44:54","slug":"sincrogest-injetavel-50ml-ourofino","status":"publish","type":"product","link":"https:\/\/vetsul.com\/index.php\/product\/sincrogest-injetavel-50ml-ourofino\/","title":{"rendered":"SINCROGEST INJETAVEL 50ML &#8211; OUROFINO"},"content":{"rendered":"<p>Progesterona Injet\u00e1vel.<\/p>\n<p>F\u00f3rmula:<\/p>\n<p>Cada 100 ml cont\u00e9m:<\/p>\n<p><\/p>\n<p>Progesterona&#8230;&#8230;&#8230;&#8230;&#8230;&#8230;&#8230;&#8230;&#8230;&#8230;&#8230;&#8230;15,00 g<\/p>\n<p><\/p>\n<p>Ve\u00edculo q.s.p&#8230;&#8230;&#8230;&#8230;&#8230;&#8230;&#8230;&#8230;&#8230;&#8230;&#8230;.100,00 ml<\/p>\n<p><\/p>\n<p>&nbsp;<\/p>\n<p><\/p>\n<p>Indica\u00e7\u00f5es:<\/p>\n<p>A progesterona \u00e9 um horm\u00f4nio esteroide e determina a dura\u00e7\u00e3o do ciclo estral por meio do bloqueio da secre\u00e7\u00e3o do horm\u00f4nio liberador das gonadotrofinas (GnRH) no hipot\u00e1lamo e consequentemente de LH e a ovula\u00e7\u00e3o. Sincrogest Injet\u00e1vel tem ampla utiliza\u00e7\u00e3o na medicina veterin\u00e1ria quando se precisa reproduzir o efeito de progest\u00e1genos naturais. \u00c9 indicado para f\u00eameas bovinas na sincroniza\u00e7\u00e3o de onda folicular na utiliza\u00e7\u00e3o em conjunto com estr\u00f3genos. Tal associa\u00e7\u00e3o determina a atresia de fol\u00edculos e emerg\u00eancia de uma nova onda folicular.<\/p>\n<p><\/p>\n<p>&nbsp;<\/p>\n<p><\/p>\n<p>Dosagem:<\/p>\n<p>Aplicar Sincrogest Injet\u00e1vel pela via intramuscular profunda na dosagem de 1,0 ml (150 mg de progesterona) em dose \u00fanica.<\/p>\n<p><\/p>\n<p>Obs: Uma vez que a resposta aos tratamentos hormonais \u00e9 individualizada, cabe ao m\u00e9dico veterin\u00e1rio prescrever a dose mais adequada a cada caso ou para cada protocolo reprodutivo.<\/p>\n<p><\/p>\n<p>&nbsp;<\/p>\n<p><\/p>\n<p>Administra\u00e7\u00e3o:<\/p>\n<p>Via intramuscular profunda.<\/p>\n<p><\/p>\n<p>&nbsp;<\/p>\n<p><\/p>\n<p>Precau\u00e7\u00f5es:<\/p>\n<p>Obedecer ao modo de aplica\u00e7\u00e3o do produto. Utilizar agulhas e seringas esterelizadas, observando as boas pr\u00e1ticas de assepsia. A resposta aos tratamentos hormonais depende do bom estado corporal (nutricional e de sa\u00fade) em que o animal se encontra e da aus\u00eancia de dist\u00farbios fisiol\u00f3gicos, reprodutivos e hormonais.<\/p>\n<p><\/p>\n<p>Intera\u00e7\u00f5es medicamentosas: O metabolismo das progestinas, entre elas a progesterona, pode aumentar quando administradas juntamente com a rifampicina, visto que este \u00e9 um potente indutor das enzimas do citocromo P450 presentes no f\u00edgado.<\/p>\n<p><\/p>\n<p>Rea\u00e7\u00f5es adversas: O produto n\u00e3o provoca rea\u00e7\u00f5es adversas se utilizado conforme as recomenda\u00e7\u00f5es do fabricante. N\u00e3o s\u00e3o esperadas rea\u00e7\u00f5es de hipersensibilidade em animais com o uso do produto, entretanto, rea\u00e7\u00f5es individuais de hipersensibilidade podem ocorrer em animais suscept\u00edveis.<\/p>\n<p><\/p>\n<p>Contra indica\u00e7\u00f5es e limita\u00e7\u00f5es de uso: N\u00e3o aplicar em animais jovens, sexualmente imaturos. N\u00e3o utilizar medicamentos com o prazo de validade vencido. N\u00e3o utilizar em animais que apresentem hipersensibilidade a qualquer um dos componentes do produto.<\/p>\n<p><\/p>\n<p>Per\u00edodo de car\u00eancia: O produto n\u00e3o requer per\u00edodo de car\u00eancia para o abate de bovinos tratados. O produto n\u00e3o requer per\u00edodo de car\u00eancia para o consumo de leite de bovinos tratados.<\/p>\n<p><\/p>\n<p>A utiliza\u00e7\u00e3o do produto em condi\u00e7\u00f5es diferentes das indicadas nesta bula pode causar a presen\u00e7a de res\u00edduos acima dos limites aprovados, tornando o alimento de origem animal impr\u00f3prio para o consumo.<\/p>\n<p><\/p>\n<p>Conservar em local seco e fresco, entre 15\u00baC e 30\u00baC, ao abrigo da luz solar intensa e fora do alcance de crian\u00e7as e animais dom\u00e9sticos. Venda sob prescri\u00e7\u00e3o e aplica\u00e7\u00e3o sob orienta\u00e7\u00e3o do m\u00e9dico veterin\u00e1rio.<\/p>\n<p><\/p>\n<p>&nbsp;<\/p>\n<p><\/p>\n<p>Apresenta\u00e7\u00e3o:<\/p>\n<p>Frasco-ampola de vidro contendo 50 ml.<\/p>\n","protected":false},"excerpt":{"rendered":"<p>Progesterona Injet\u00e1vel. F\u00f3rmula: Cada 100 ml cont\u00e9m: Progesterona&#8230;&#8230;&#8230;&#8230;&#8230;&#8230;&#8230;&#8230;&#8230;&#8230;&#8230;&#8230;15,00 g Ve\u00edculo q.s.p&#8230;&#8230;&#8230;&#8230;&#8230;&#8230;&#8230;&#8230;&#8230;&#8230;&#8230;.100,00 ml &nbsp; Indica\u00e7\u00f5es: A progesterona \u00e9 um horm\u00f4nio esteroide e determina<\/p>\n","protected":false},"featured_media":16842,"template":"","meta":{"_acf_changed":false},"product_brand":[955],"product_cat":[164,163,172,177],"product_tag":[1031,1030],"class_list":{"0":"post-16841","1":"product","2":"type-product","3":"status-publish","4":"has-post-thumbnail","6":"product_brand-ouro-fino","7":"product_cat-bovinos-e-ovinos","8":"product_cat-equinos","9":"product_cat-reproducao","10":"product_cat-reproducao-2","11":"product_tag-iatf","12":"product_tag-ouro-fino","14":"first","15":"instock","16":"purchasable","17":"product-type-simple"},"acf":[],"_links":{"self":[{"href":"https:\/\/vetsul.com\/index.php\/wp-json\/wp\/v2\/product\/16841","targetHints":{"allow":["GET"]}}],"collection":[{"href":"https:\/\/vetsul.com\/index.php\/wp-json\/wp\/v2\/product"}],"about":[{"href":"https:\/\/vetsul.com\/index.php\/wp-json\/wp\/v2\/types\/product"}],"wp:featuredmedia":[{"embeddable":true,"href":"https:\/\/vetsul.com\/index.php\/wp-json\/wp\/v2\/media\/16842"}],"wp:attachment":[{"href":"https:\/\/vetsul.com\/index.php\/wp-json\/wp\/v2\/media?parent=16841"}],"wp:term":[{"taxonomy":"product_brand","embeddable":true,"href":"https:\/\/vetsul.com\/index.php\/wp-json\/wp\/v2\/product_brand?post=16841"},{"taxonomy":"product_cat","embeddable":true,"href":"https:\/\/vetsul.com\/index.php\/wp-json\/wp\/v2\/product_cat?post=16841"},{"taxonomy":"product_tag","embeddable":true,"href":"https:\/\/vetsul.com\/index.php\/wp-json\/wp\/v2\/product_tag?post=16841"}],"curies":[{"name":"wp","href":"https:\/\/api.w.org\/{rel}","templated":true}]}}