{"id":16837,"date":"2018-01-09T11:47:39","date_gmt":"2018-01-09T13:47:39","guid":{"rendered":"http:\/\/35.194.95.18\/wp-admin\/?post_type=product&#038;p=16837"},"modified":"2025-02-24T16:44:06","modified_gmt":"2025-02-24T19:44:06","slug":"sincrodiol-50-ml-benzoato-de-estradiol-ouro-fino","status":"publish","type":"product","link":"https:\/\/vetsul.com\/index.php\/product\/sincrodiol-50-ml-benzoato-de-estradiol-ouro-fino\/","title":{"rendered":"SINCRODIOL 50 ML BENZOATO DE ESTRADIOL- OURO FINO"},"content":{"rendered":"<p>F\u00f3rmula:<\/p>\n<p>Cada 100 ml cont\u00e9m:<\/p>\n<p>Benzoato de Estradiol&#8230;&#8230;&#8230;&#8230;&#8230;&#8230;&#8230;&#8230;&#8230;&#8230;&#8230;&#8230;&#8230;..100,00 mg<\/p>\n<p>Ve\u00edculo q.s.p&#8230;&#8230;&#8230;&#8230;&#8230;&#8230;&#8230;&#8230;&#8230;&#8230;&#8230;&#8230;&#8230;&#8230;&#8230;&#8230;&#8230;&#8230;. 100,00 ml<\/p>\n<p><\/p>\n<p><\/p>\n<p>Indica\u00e7\u00f5es:<\/p>\n<p><\/p>\n<p>SINCRODIOL (Benzoato de Estradiol) tem ampla utiliza\u00e7\u00e3o na medicina veterin\u00e1ria quando se precisa reproduzir o efeito de subst\u00e2ncias estr\u00f3genas naturais. \u00c9 indicado para:<\/p>\n<p>BOVINOS E BUBALINOS<\/p>\n<p>&#8211; Protocolos reprodutivos de insemina\u00e7\u00e3o artificial: na sincroniza\u00e7\u00e3o das ondas foliculares, ovula\u00e7\u00e3o do fol\u00edculo dominante e indu\u00e7\u00e3o de cio.<\/p>\n<p>&#8211; Anestro.<\/p>\n<p>EQ\u00dcINOS<\/p>\n<p>&#8211; Promover indu\u00e7\u00e3o do cio.<\/p>\n<p>&#8211; Anestro.<\/p>\n<p><\/p>\n<p><\/p>\n<p>Dosagem:<\/p>\n<p>MODO DE USO E DOSAGEM<\/p>\n<p><\/p>\n<p>BOVINOS E BUBALINOS&nbsp;<\/p>\n<p>1) Protocolos reprodutivos<\/p>\n<p>No dia da inser\u00e7\u00e3o de implantes de progest\u00e1genos: aplicar 2,0 ml via intramuscular para provocar atresia do fol\u00edculo dominante e uma nova onda de crescimento folicular.<\/p>\n<p>Ap\u00f3s 1 a 2 dias da retirada do implante, aplicar 1,0 a 2,0 ml, via intramuscular, para estimular a libera\u00e7\u00e3o de horm\u00f4nio luteinizante e ovula\u00e7\u00e3o.<\/p>\n<p>2) Para corre\u00e7\u00e3o de anestro: aplicar 2,0 ml via intramuscular ou subcut\u00e2nea.<\/p>\n<p><\/p>\n<p>EQ\u00dcINOS<\/p>\n<p>1)Para indu\u00e7\u00e3o do cio e corre\u00e7\u00e3o de anestro: aplicar 3,0 a 5,0 ml, via intramuscular, conforme esquema abaixo:<\/p>\n<p><\/p>\n<p>D1: 5,0 mL de BE<\/p>\n<p>D2: 4,0 mL de BE<\/p>\n<p>D3: 3,0 mL de BE<\/p>\n<p><\/p>\n<p><\/p>\n<p>Onde:&nbsp;<\/p>\n<p>BE: Benzoato de Estradiol (Sincrodiol)<\/p>\n<p>D1: Dia 1; D2: Dia 2; D3: Dia 3<\/p>\n<p><\/p>\n<p><\/p>\n<p>Administra\u00e7\u00e3o:<\/p>\n<p>Intramuscular ou Subcut\u00e2nea, conforme indica\u00e7\u00e3o.<\/p>\n<p><\/p>\n<p>Precau\u00e7\u00f5es:<\/p>\n<p>Obedecer \u00e0s dosagens recomendadas para uso do produto.<\/p>\n<p>Utilizar agulhas e seringas esterilizadas, observando as boas pr\u00e1ticas de assepsia.<\/p>\n<p>Usar com cautela em animais com problemas hep\u00e1ticos devido \u00e0 diminui\u00e7\u00e3o da capacidade de metabolizar os estr\u00f3genos.<\/p>\n<p>N\u00e3o aplicar em animais jovens, sexualmente imaturos.<\/p>\n<p>A resposta da utiliza\u00e7\u00e3o de horm\u00f4nios com finalidade de sincroniza\u00e7\u00e3o do cio depende do bom estado corporal em que o animal se encontra e da aus\u00eancia de causas de baixa fertilidade como doen\u00e7as reprodutivas e end\u00f3crinas.<\/p>\n<p><\/p>\n<p>CONTRA-INDICA\u00c7\u00d5ES E LIMITA\u00c7\u00d5ES DE USO:<\/p>\n<p>N\u00e3o administrar o produto em animais prenhes.<\/p>\n<p>N\u00e3o utilizar medicamentos com o prazo de validade vencido.<\/p>\n<p>N\u00e3o utilizar em animais que apresentem hipersensibilidade a qualquer um dos componentes do produto.<\/p>\n<p><\/p>\n<p>REA\u00c7\u00d5ES ADVERSAS:<\/p>\n<p>O produto n\u00e3o apresenta rea\u00e7\u00f5es adversas quando administrado dentro das recomenda\u00e7\u00f5es indicadas.<\/p>\n<p><\/p>\n<p>PER\u00cdODO DE CAR\u00caNCIA:<\/p>\n<p>N\u00e3o h\u00e1 per\u00edodo de car\u00eancia para a carne ou leite dos animais tratados.<\/p>\n<p><\/p>\n<p><\/p>\n<p><\/p>\n<p>Apresenta\u00e7\u00e3o:<\/p>\n<p>Frasco-ampola de vidro contendo 5,0 ml, 10,0 ml, 20,0 ml 50,0 ml e 100 ml.<\/p>\n<p><\/p>\n<p>Classe Terap\u00eautica:<\/p>\n<p>HORM\u00d4NIOS\/SIMILARES<\/p>\n<p><\/p>\n<p>Princ\u00edpio(s) Ativo(s):<\/p>\n<p>BENZOATO DE ESTRADIOL<\/p>\n<div><\/div>\n","protected":false},"excerpt":{"rendered":"<p>F\u00f3rmula: Cada 100 ml cont\u00e9m: Benzoato de Estradiol&#8230;&#8230;&#8230;&#8230;&#8230;&#8230;&#8230;&#8230;&#8230;&#8230;&#8230;&#8230;&#8230;..100,00 mg Ve\u00edculo q.s.p&#8230;&#8230;&#8230;&#8230;&#8230;&#8230;&#8230;&#8230;&#8230;&#8230;&#8230;&#8230;&#8230;&#8230;&#8230;&#8230;&#8230;&#8230;. 100,00 ml Indica\u00e7\u00f5es: SINCRODIOL (Benzoato de Estradiol) tem ampla utiliza\u00e7\u00e3o na<\/p>\n","protected":false},"featured_media":16838,"template":"","meta":{"_acf_changed":false},"product_brand":[955],"product_cat":[164,163,172,177],"product_tag":[1031,1030],"class_list":{"0":"post-16837","1":"product","2":"type-product","3":"status-publish","4":"has-post-thumbnail","6":"product_brand-ouro-fino","7":"product_cat-bovinos-e-ovinos","8":"product_cat-equinos","9":"product_cat-reproducao","10":"product_cat-reproducao-2","11":"product_tag-iatf","12":"product_tag-ouro-fino","14":"first","15":"instock","16":"purchasable","17":"product-type-simple"},"acf":[],"_links":{"self":[{"href":"https:\/\/vetsul.com\/index.php\/wp-json\/wp\/v2\/product\/16837","targetHints":{"allow":["GET"]}}],"collection":[{"href":"https:\/\/vetsul.com\/index.php\/wp-json\/wp\/v2\/product"}],"about":[{"href":"https:\/\/vetsul.com\/index.php\/wp-json\/wp\/v2\/types\/product"}],"wp:featuredmedia":[{"embeddable":true,"href":"https:\/\/vetsul.com\/index.php\/wp-json\/wp\/v2\/media\/16838"}],"wp:attachment":[{"href":"https:\/\/vetsul.com\/index.php\/wp-json\/wp\/v2\/media?parent=16837"}],"wp:term":[{"taxonomy":"product_brand","embeddable":true,"href":"https:\/\/vetsul.com\/index.php\/wp-json\/wp\/v2\/product_brand?post=16837"},{"taxonomy":"product_cat","embeddable":true,"href":"https:\/\/vetsul.com\/index.php\/wp-json\/wp\/v2\/product_cat?post=16837"},{"taxonomy":"product_tag","embeddable":true,"href":"https:\/\/vetsul.com\/index.php\/wp-json\/wp\/v2\/product_tag?post=16837"}],"curies":[{"name":"wp","href":"https:\/\/api.w.org\/{rel}","templated":true}]}}