{"id":16821,"date":"2018-01-09T11:14:52","date_gmt":"2018-01-09T13:14:52","guid":{"rendered":"http:\/\/35.194.95.18\/wp-admin\/?post_type=product&#038;p=16821"},"modified":"2025-02-07T16:00:21","modified_gmt":"2025-02-07T19:00:21","slug":"shampoo-novapiel-500ml","status":"publish","type":"product","link":"https:\/\/vetsul.com\/index.php\/product\/shampoo-novapiel-500ml\/","title":{"rendered":"Shampoo Novapiel  500ml"},"content":{"rendered":"<p class=\"MsoNormal\" style=\"margin-bottom: 15.0pt; line-height: normal; mso-outline-level: 1; vertical-align: baseline;\"><b><span style=\"font-size: 24.0pt; font-family: 'Source Sans Pro',sans-serif; mso-fareast-font-family: 'Times New Roman'; mso-bidi-font-family: 'Times New Roman'; color: #525352; mso-font-kerning: 18.0pt; mso-fareast-language: PT-BR;\">Shampoo<br \/>\nNovapiel<\/span><\/b><\/p>\n<p class=\"MsoNormal\" style=\"margin-bottom: .0001pt; line-height: normal;\"><span style=\"font-size: 12.0pt; font-family: 'Source Sans Pro',sans-serif; mso-fareast-font-family: 'Times New Roman'; mso-bidi-font-family: 'Times New Roman'; color: #525352; border: none windowtext 1.0pt; mso-border-alt: none windowtext 0cm; padding: 0cm; mso-fareast-language: PT-BR;\">500ml<\/span><\/p>\n<p><span style=\"font-size: 12.0pt; line-height: 107{bad89740ab836af8afd78adf22d5854117f226b234e4f8ee83a0ac8d28f68ffc}; font-family: 'inherit',serif; mso-fareast-font-family: 'Times New Roman'; mso-bidi-font-family: 'Times New Roman'; color: #525352; letter-spacing: .8pt; mso-ansi-language: PT-BR; mso-fareast-language: PT-BR; mso-bidi-language: AR-SA;\">O Shampoo Sanol Dog Novapiel 500 ml \u00e9 um produto<br \/>\nantibacteriano e anti-seborr\u00e9ico para c\u00e3es, gatos e cavalos. Com Per\u00f3xido de<br \/>\nBenzoila 2,5{bad89740ab836af8afd78adf22d5854117f226b234e4f8ee83a0ac8d28f68ffc}, \u00e9 indicado para o tratamento sintom\u00e1tico de piodermites<br \/>\nsuperficiais e profundas, como a dermatite piotraum\u00e1tica, piodermite das<br \/>\ndobras, impetigo, furunculose, sindrome seborr\u00e9ica e foliculite superficial. O<br \/>\nShampoo Novapiel ainda contribui eliminando e prevenindo a prolifera\u00e7\u00e3o de<br \/>\nbact\u00e9rias durante o tratamento de sarna no animal<\/span><\/p>\n","protected":false},"excerpt":{"rendered":"<p>Shampoo Novapiel 500ml O Shampoo Sanol Dog Novapiel 500 ml \u00e9 um produto antibacteriano e anti-seborr\u00e9ico para c\u00e3es, gatos e cavalos. Com<\/p>\n","protected":false},"featured_media":17898,"template":"","meta":{"_acf_changed":false},"product_brand":[974],"product_cat":[192,193,165],"product_tag":[],"class_list":{"0":"post-16821","1":"product","2":"type-product","3":"status-publish","4":"has-post-thumbnail","6":"product_brand-sanol","7":"product_cat-higiene-e-cuidados","8":"product_cat-higiene-e-cuidados-2","9":"product_cat-pet","11":"first","12":"instock","13":"purchasable","14":"product-type-simple"},"acf":[],"_links":{"self":[{"href":"https:\/\/vetsul.com\/index.php\/wp-json\/wp\/v2\/product\/16821","targetHints":{"allow":["GET"]}}],"collection":[{"href":"https:\/\/vetsul.com\/index.php\/wp-json\/wp\/v2\/product"}],"about":[{"href":"https:\/\/vetsul.com\/index.php\/wp-json\/wp\/v2\/types\/product"}],"wp:featuredmedia":[{"embeddable":true,"href":"https:\/\/vetsul.com\/index.php\/wp-json\/wp\/v2\/media\/17898"}],"wp:attachment":[{"href":"https:\/\/vetsul.com\/index.php\/wp-json\/wp\/v2\/media?parent=16821"}],"wp:term":[{"taxonomy":"product_brand","embeddable":true,"href":"https:\/\/vetsul.com\/index.php\/wp-json\/wp\/v2\/product_brand?post=16821"},{"taxonomy":"product_cat","embeddable":true,"href":"https:\/\/vetsul.com\/index.php\/wp-json\/wp\/v2\/product_cat?post=16821"},{"taxonomy":"product_tag","embeddable":true,"href":"https:\/\/vetsul.com\/index.php\/wp-json\/wp\/v2\/product_tag?post=16821"}],"curies":[{"name":"wp","href":"https:\/\/api.w.org\/{rel}","templated":true}]}}