{"id":16800,"date":"2018-01-09T10:38:15","date_gmt":"2018-01-09T12:38:15","guid":{"rendered":"http:\/\/35.194.95.18\/wp-admin\/?post_type=product&#038;p=16800"},"modified":"2025-02-07T16:00:21","modified_gmt":"2025-02-07T19:00:21","slug":"eliminador-de-odores-floral-02lt","status":"publish","type":"product","link":"https:\/\/vetsul.com\/index.php\/product\/eliminador-de-odores-floral-02lt\/","title":{"rendered":"Eliminador de Odores Floral 02lt"},"content":{"rendered":"<p class=\"MsoNormal\" style=\"margin-bottom:15.0pt;line-height:normal;mso-outline-level:\n1;vertical-align:baseline\"><b><span style=\"font-size:24.0pt;font-family:&quot;Source Sans Pro&quot;,sans-serif;\nmso-fareast-font-family:&quot;Times New Roman&quot;;mso-bidi-font-family:&quot;Times New Roman&quot;;\ncolor:#525352;mso-font-kerning:18.0pt;mso-fareast-language:PT-BR\">Eliminador de<br \/>\nOdores Floral<o:p><\/o:p><\/span><\/b><\/p>\n<p class=\"MsoNormal\" style=\"margin-bottom:0cm;margin-bottom:.0001pt;line-height:\nnormal\"><span style=\"font-size:12.0pt;font-family:&quot;Source Sans Pro&quot;,sans-serif;\nmso-fareast-font-family:&quot;Times New Roman&quot;;mso-bidi-font-family:&quot;Times New Roman&quot;;\ncolor:#525352;border:none windowtext 1.0pt;mso-border-alt:none windowtext 0cm;\npadding:0cm;mso-fareast-language:PT-BR\">2l<\/span><span style=\"font-size:12.0pt;\nfont-family:&quot;Times New Roman&quot;,serif;mso-fareast-font-family:&quot;Times New Roman&quot;;\nmso-fareast-language:PT-BR\"><o:p><\/o:p><\/span><\/p>\n<\/p>\n<p class=\"MsoNormal\" style=\"margin-bottom:0cm;margin-bottom:.0001pt;line-height:\nnormal;vertical-align:baseline\"><span style=\"font-size:12.0pt;font-family:&quot;inherit&quot;,serif;\nmso-fareast-font-family:&quot;Times New Roman&quot;;mso-bidi-font-family:&quot;Times New Roman&quot;;\ncolor:#525352;letter-spacing:.8pt;mso-fareast-language:PT-BR\">O Eliminador de<br \/>\nOdores Floral 2l \u00e9 recomendado para remover o cheiro de urina do ambiente em<br \/>\nque o c\u00e3o vive. Podendo ser usado concentrado ou dilu\u00eddo em \u00e1gua, ele<br \/>\nproporciona um ambiente agrad\u00e1vel, limpo e perfumado ao seu pet.<o:p><\/o:p><\/span><\/p>\n","protected":false},"excerpt":{"rendered":"<p>Eliminador de Odores Floral 2l O Eliminador de Odores Floral 2l \u00e9 recomendado para remover o cheiro de urina do ambiente em<\/p>\n","protected":false},"featured_media":16801,"template":"","meta":{"_acf_changed":false},"product_brand":[974],"product_cat":[193,165],"product_tag":[],"class_list":{"0":"post-16800","1":"product","2":"type-product","3":"status-publish","4":"has-post-thumbnail","6":"product_brand-sanol","7":"product_cat-higiene-e-cuidados-2","8":"product_cat-pet","10":"first","11":"outofstock","12":"shipping-taxable","13":"purchasable","14":"product-type-simple"},"acf":[],"_links":{"self":[{"href":"https:\/\/vetsul.com\/index.php\/wp-json\/wp\/v2\/product\/16800","targetHints":{"allow":["GET"]}}],"collection":[{"href":"https:\/\/vetsul.com\/index.php\/wp-json\/wp\/v2\/product"}],"about":[{"href":"https:\/\/vetsul.com\/index.php\/wp-json\/wp\/v2\/types\/product"}],"wp:featuredmedia":[{"embeddable":true,"href":"https:\/\/vetsul.com\/index.php\/wp-json\/wp\/v2\/media\/16801"}],"wp:attachment":[{"href":"https:\/\/vetsul.com\/index.php\/wp-json\/wp\/v2\/media?parent=16800"}],"wp:term":[{"taxonomy":"product_brand","embeddable":true,"href":"https:\/\/vetsul.com\/index.php\/wp-json\/wp\/v2\/product_brand?post=16800"},{"taxonomy":"product_cat","embeddable":true,"href":"https:\/\/vetsul.com\/index.php\/wp-json\/wp\/v2\/product_cat?post=16800"},{"taxonomy":"product_tag","embeddable":true,"href":"https:\/\/vetsul.com\/index.php\/wp-json\/wp\/v2\/product_tag?post=16800"}],"curies":[{"name":"wp","href":"https:\/\/api.w.org\/{rel}","templated":true}]}}