{"id":16794,"date":"2018-01-09T10:30:43","date_gmt":"2018-01-09T12:30:43","guid":{"rendered":"http:\/\/35.194.95.18\/wp-admin\/?post_type=product&#038;p=16794"},"modified":"2025-02-07T16:00:20","modified_gmt":"2025-02-07T19:00:20","slug":"sanol-abrilhantador-500ml","status":"publish","type":"product","link":"https:\/\/vetsul.com\/index.php\/product\/sanol-abrilhantador-500ml\/","title":{"rendered":"Sanol Abrilhantador 500ml"},"content":{"rendered":"<p class=\"MsoNormal\" style=\"margin-bottom: 15.0pt; line-height: normal; mso-outline-level: 1; vertical-align: baseline;\"><b><span style=\"font-size: 24.0pt; font-family: 'Source Sans Pro',sans-serif; mso-fareast-font-family: 'Times New Roman'; mso-bidi-font-family: 'Times New Roman'; color: #525352; mso-font-kerning: 18.0pt; mso-fareast-language: PT-BR;\">Abrilhantador<\/span><\/b><\/p>\n<p class=\"MsoNormal\" style=\"margin-bottom: .0001pt; line-height: normal;\"><span style=\"font-size: 12.0pt; font-family: 'Source Sans Pro',sans-serif; mso-fareast-font-family: 'Times New Roman'; mso-bidi-font-family: 'Times New Roman'; color: #525352; border: none windowtext 1.0pt; mso-border-alt: none windowtext 0cm; padding: 0cm; mso-fareast-language: PT-BR;\">500ml<\/span><\/p>\n<p class=\"MsoNormal\" style=\"margin-bottom: .0001pt; line-height: normal; vertical-align: baseline;\"><span style=\"font-size: 12.0pt; font-family: 'inherit',serif; mso-fareast-font-family: 'Times New Roman'; mso-bidi-font-family: 'Times New Roman'; color: #525352; letter-spacing: .8pt; mso-fareast-language: PT-BR;\">Indicado para<br \/>\nexposi\u00e7\u00f5es, o Abrilhantador 500ml foi formulado para diminuir o efeito do frizz<br \/>\nda pelagem equina, desembara\u00e7ando, aumentando o brilho e amaciando. Deixa o<br \/>\npelo com toque suave, melhorando o penteado com o animal \u00famido e acelerando o<br \/>\ntempo de secagem, economizando tempo nas prepara\u00e7\u00f5es.<\/span><\/p>\n","protected":false},"excerpt":{"rendered":"<p>Abrilhantador 500ml Indicado para exposi\u00e7\u00f5es, o Abrilhantador 500ml foi formulado para diminuir o efeito do frizz da pelagem equina, desembara\u00e7ando, aumentando o<\/p>\n","protected":false},"featured_media":17884,"template":"","meta":{"_acf_changed":false},"product_brand":[974],"product_cat":[192,193,165],"product_tag":[],"class_list":{"0":"post-16794","1":"product","2":"type-product","3":"status-publish","4":"has-post-thumbnail","6":"product_brand-sanol","7":"product_cat-higiene-e-cuidados","8":"product_cat-higiene-e-cuidados-2","9":"product_cat-pet","11":"first","12":"instock","13":"purchasable","14":"product-type-simple"},"acf":[],"_links":{"self":[{"href":"https:\/\/vetsul.com\/index.php\/wp-json\/wp\/v2\/product\/16794","targetHints":{"allow":["GET"]}}],"collection":[{"href":"https:\/\/vetsul.com\/index.php\/wp-json\/wp\/v2\/product"}],"about":[{"href":"https:\/\/vetsul.com\/index.php\/wp-json\/wp\/v2\/types\/product"}],"wp:featuredmedia":[{"embeddable":true,"href":"https:\/\/vetsul.com\/index.php\/wp-json\/wp\/v2\/media\/17884"}],"wp:attachment":[{"href":"https:\/\/vetsul.com\/index.php\/wp-json\/wp\/v2\/media?parent=16794"}],"wp:term":[{"taxonomy":"product_brand","embeddable":true,"href":"https:\/\/vetsul.com\/index.php\/wp-json\/wp\/v2\/product_brand?post=16794"},{"taxonomy":"product_cat","embeddable":true,"href":"https:\/\/vetsul.com\/index.php\/wp-json\/wp\/v2\/product_cat?post=16794"},{"taxonomy":"product_tag","embeddable":true,"href":"https:\/\/vetsul.com\/index.php\/wp-json\/wp\/v2\/product_tag?post=16794"}],"curies":[{"name":"wp","href":"https:\/\/api.w.org\/{rel}","templated":true}]}}