{"id":16772,"date":"2018-01-09T09:11:36","date_gmt":"2018-01-09T11:11:36","guid":{"rendered":"http:\/\/35.194.95.18\/wp-admin\/?post_type=product&#038;p=16772"},"modified":"2025-04-08T10:41:21","modified_gmt":"2025-04-08T13:41:21","slug":"retardoesteroide-50-ml-hertape","status":"publish","type":"product","link":"https:\/\/vetsul.com\/index.php\/product\/retardoesteroide-50-ml-hertape\/","title":{"rendered":"RETARDOESTEROIDE 50 ML &#8211; HERTAPE"},"content":{"rendered":"<p class=\"MsoNormal\"><span style=\"font-size:12.0pt;line-height:107{bad89740ab836af8afd78adf22d5854117f226b234e4f8ee83a0ac8d28f68ffc};font-family:\n&quot;Arial&quot;,sans-serif\">Composi\u00e7\u00e3o<o:p><\/o:p><\/span><\/p>\n<p class=\"MsoNormal\"><span style=\"font-size:12.0pt;line-height:107{bad89740ab836af8afd78adf22d5854117f226b234e4f8ee83a0ac8d28f68ffc};font-family:\n&quot;Arial&quot;,sans-serif\">Cada 100 mL cont\u00e9m:<o:p><\/o:p><\/span><\/p>\n<p class=\"MsoNormal\"><span style=\"font-size:12.0pt;line-height:107{bad89740ab836af8afd78adf22d5854117f226b234e4f8ee83a0ac8d28f68ffc};font-family:\n&quot;Arial&quot;,sans-serif\">Acetonido de triancinolona<br \/>\n&#8230;&#8230;&#8230;&#8230;&#8230;&#8230;&#8230;&#8230;&#8230;&#8230;&#8230;&#8230;&#8230;&#8230;&#8230;&#8230;.. 0,2 g<o:p><\/o:p><\/span><\/p>\n<p class=\"MsoNormal\"><span style=\"font-size:12.0pt;line-height:107{bad89740ab836af8afd78adf22d5854117f226b234e4f8ee83a0ac8d28f68ffc};font-family:\n&quot;Arial&quot;,sans-serif\">Ve\u00edculo q.s.p. &#8230;&#8230;&#8230;&#8230;&#8230;&#8230;&#8230;&#8230;&#8230;&#8230;&#8230;&#8230;&#8230;&#8230;&#8230;&#8230;&#8230;&#8230;&#8230;&#8230;&#8230;&#8230;&#8230;<br \/>\n100,0 mL<o:p><\/o:p><\/span><\/p>\n<p class=\"MsoNormal\"><span style=\"font-size:12.0pt;line-height:107{bad89740ab836af8afd78adf22d5854117f226b234e4f8ee83a0ac8d28f68ffc};font-family:\n&quot;Arial&quot;,sans-serif\">Indica\u00e7\u00e3o:<o:p><\/o:p><\/span><\/p>\n<p class=\"MsoNormal\"><span style=\"font-size:12.0pt;line-height:107{bad89740ab836af8afd78adf22d5854117f226b234e4f8ee83a0ac8d28f68ffc};font-family:\n&quot;Arial&quot;,sans-serif\">&nbsp;Indicado nas<br \/>\ninflama\u00e7\u00f5es causadas por infec\u00e7\u00f5es, alergias, traumatismos e outras etiologias.<o:p><\/o:p><\/span><\/p>\n<p class=\"MsoNormal\"><span style=\"font-size:12.0pt;line-height:107{bad89740ab836af8afd78adf22d5854117f226b234e4f8ee83a0ac8d28f68ffc};font-family:\n&quot;Arial&quot;,sans-serif\">Em bovinos \u00e9 indicado tamb\u00e9m na cetose.<o:p><\/o:p><\/span><\/p>\n<p class=\"MsoNormal\"><span style=\"font-size:12.0pt;line-height:107{bad89740ab836af8afd78adf22d5854117f226b234e4f8ee83a0ac8d28f68ffc};font-family:\n&quot;Arial&quot;,sans-serif\">Esp\u00e9cies:<o:p><\/o:p><\/span><\/p>\n<p class=\"MsoNormal\"><span style=\"font-size:12.0pt;line-height:107{bad89740ab836af8afd78adf22d5854117f226b234e4f8ee83a0ac8d28f68ffc};font-family:\n&quot;Arial&quot;,sans-serif\">Bovinos, Equinos, Caninos, Felinos.<o:p><\/o:p><\/span><\/p>\n<p class=\"MsoNormal\"><span style=\"font-size:12.0pt;line-height:107{bad89740ab836af8afd78adf22d5854117f226b234e4f8ee83a0ac8d28f68ffc};font-family:\n&quot;Arial&quot;,sans-serif\">&nbsp;Modo de usar:<o:p><\/o:p><\/span><\/p>\n<p class=\"MsoNormal\"><span style=\"font-size:12.0pt;line-height:107{bad89740ab836af8afd78adf22d5854117f226b234e4f8ee83a0ac8d28f68ffc};font-family:\n&quot;Arial&quot;,sans-serif\">Administrar o produto atrav\u00e9s de inje\u00e7\u00e3o intramuscular:<o:p><\/o:p><\/span><\/p>\n<p class=\"MsoNormal\"><span style=\"font-size:12.0pt;line-height:107{bad89740ab836af8afd78adf22d5854117f226b234e4f8ee83a0ac8d28f68ffc};font-family:\n&quot;Arial&quot;,sans-serif\">Equinos: 0,01 a 0,02 mL de RETARDOESTER\u00d3IDE por kg de peso<br \/>\ncorporal em dose \u00fanica (faixa de 6 a 10 mL do produto por animal).<o:p><\/o:p><\/span><\/p>\n<p class=\"MsoNormal\"><span style=\"font-size:12.0pt;line-height:107{bad89740ab836af8afd78adf22d5854117f226b234e4f8ee83a0ac8d28f68ffc};font-family:\n&quot;Arial&quot;,sans-serif\">C\u00e3es e gatos: 0,05 a 0,10 mL de RETARDOESTER\u00d3IDE por kg de<br \/>\npeso corporal em dose \u00fanica. A remiss\u00e3o pode se dar ao fim de 5 a 15 dias. Se<br \/>\nos sintomas persistirem, pode-se repetir a dose.<o:p><\/o:p><\/span><\/p>\n<p class=\"MsoNormal\"><span style=\"font-size:12.0pt;line-height:107{bad89740ab836af8afd78adf22d5854117f226b234e4f8ee83a0ac8d28f68ffc};font-family:\n&quot;Arial&quot;,sans-serif\">Vacas leiteiras: para tratamento da cetose, por via<br \/>\nintramuscular, administrar uma dose \u00fanica de 10 mL de RETARDOESTER\u00d3IDE por<br \/>\nanimal. Se n\u00e3o houver resposta em 24 horas, reconsiderar o diagn\u00f3stico.<o:p><\/o:p><\/span><\/p>\n<p class=\"MsoNormal\"><span style=\"font-size:12.0pt;line-height:107{bad89740ab836af8afd78adf22d5854117f226b234e4f8ee83a0ac8d28f68ffc};font-family:\n&quot;Arial&quot;,sans-serif\">Em alguns animais, os sintomas retornam em um intervalo de<br \/>\n4 a 40 dias ap\u00f3s o tratamento. Nestes casos, repetir a dose.<o:p><\/o:p><\/span><\/p>\n<p class=\"MsoNormal\"><span style=\"font-size:12.0pt;line-height:107{bad89740ab836af8afd78adf22d5854117f226b234e4f8ee83a0ac8d28f68ffc};font-family:\n&quot;Arial&quot;,sans-serif\">Via intra-articular ou intra-sinovial (em artrites):<o:p><\/o:p><\/span><\/p>\n<p class=\"MsoNormal\"><span style=\"font-size:12.0pt;line-height:107{bad89740ab836af8afd78adf22d5854117f226b234e4f8ee83a0ac8d28f68ffc};font-family:\n&quot;Arial&quot;,sans-serif\">Equinos: 3 a 9 mL de RETARDOESTER\u00d3IDE em dose \u00fanica. A dose<br \/>\npoder\u00e1 ser repetida 3 a 4 dias ap\u00f3s, se houver necessidade.<o:p><\/o:p><\/span><\/p>\n<p class=\"MsoNormal\"><span style=\"font-size:12.0pt;line-height:107{bad89740ab836af8afd78adf22d5854117f226b234e4f8ee83a0ac8d28f68ffc};font-family:\n&quot;Arial&quot;,sans-serif\">C\u00e3es e gatos: 0,5 a 1,5 mL de RETARDOESTER\u00d3IDE em dose<br \/>\n\u00fanica. A dose poder\u00e1 ser repetida 3 a 4 dias ap\u00f3s, se for necess\u00e1rio.<o:p><\/o:p><\/span><\/p>\n<p class=\"MsoNormal\"><span style=\"font-size:12.0pt;line-height:107{bad89740ab836af8afd78adf22d5854117f226b234e4f8ee83a0ac8d28f68ffc};font-family:\n&quot;Arial&quot;,sans-serif\">Per\u00edodo de Car\u00eancia:<o:p><\/o:p><\/span><\/p>\n<p class=\"MsoNormal\"><span style=\"font-size:12.0pt;line-height:107{bad89740ab836af8afd78adf22d5854117f226b234e4f8ee83a0ac8d28f68ffc};font-family:\n&quot;Arial&quot;,sans-serif\">N\u00e3o administrar em f\u00eameas leiteiras produzindo leite para<br \/>\nconsumo humano.<o:p><\/o:p><\/span><\/p>\n<p class=\"MsoNormal\"><span style=\"font-size:12.0pt;line-height:107{bad89740ab836af8afd78adf22d5854117f226b234e4f8ee83a0ac8d28f68ffc};font-family:\n&quot;Arial&quot;,sans-serif\">N\u00e3o administrar em equinos cuja carne seja destinada ao<br \/>\nconsumo humano.<o:p><\/o:p><\/span><\/p>\n<\/p>\n<p class=\"MsoNormal\"><span style=\"font-size:12.0pt;line-height:107{bad89740ab836af8afd78adf22d5854117f226b234e4f8ee83a0ac8d28f68ffc};font-family:\n&quot;Arial&quot;,sans-serif\">N\u00e3o abater o animal tratado antes de decorridos 21 dias<br \/>\nap\u00f3s o final do tratamento.<o:p><\/o:p><\/span><\/p>\n","protected":false},"excerpt":{"rendered":"<p>Composi\u00e7\u00e3o Cada 100 mL cont\u00e9m: Acetonido de triancinolona &#8230;&#8230;&#8230;&#8230;&#8230;&#8230;&#8230;&#8230;&#8230;&#8230;&#8230;&#8230;&#8230;&#8230;&#8230;&#8230;.. 0,2 g Ve\u00edculo q.s.p. &#8230;&#8230;&#8230;&#8230;&#8230;&#8230;&#8230;&#8230;&#8230;&#8230;&#8230;&#8230;&#8230;&#8230;&#8230;&#8230;&#8230;&#8230;&#8230;&#8230;&#8230;&#8230;&#8230; 100,0 mL Indica\u00e7\u00e3o: &nbsp;Indicado nas inflama\u00e7\u00f5es causadas por<\/p>\n","protected":false},"featured_media":16773,"template":"","meta":{"_acf_changed":false},"product_brand":[966,960],"product_cat":[168,174,179],"product_tag":[1035,1000,1036],"class_list":{"0":"post-16772","1":"product","2":"type-product","3":"status-publish","4":"has-post-thumbnail","6":"product_brand-ceva","7":"product_brand-hertape","8":"product_cat-anti-inflamatorios","9":"product_cat-anti-inflamatorios-3","10":"product_cat-anti-inflamatorio","11":"product_tag-ceva","12":"product_tag-hertape","13":"product_tag-retardo","15":"first","16":"instock","17":"purchasable","18":"product-type-simple"},"acf":[],"_links":{"self":[{"href":"https:\/\/vetsul.com\/index.php\/wp-json\/wp\/v2\/product\/16772","targetHints":{"allow":["GET"]}}],"collection":[{"href":"https:\/\/vetsul.com\/index.php\/wp-json\/wp\/v2\/product"}],"about":[{"href":"https:\/\/vetsul.com\/index.php\/wp-json\/wp\/v2\/types\/product"}],"wp:featuredmedia":[{"embeddable":true,"href":"https:\/\/vetsul.com\/index.php\/wp-json\/wp\/v2\/media\/16773"}],"wp:attachment":[{"href":"https:\/\/vetsul.com\/index.php\/wp-json\/wp\/v2\/media?parent=16772"}],"wp:term":[{"taxonomy":"product_brand","embeddable":true,"href":"https:\/\/vetsul.com\/index.php\/wp-json\/wp\/v2\/product_brand?post=16772"},{"taxonomy":"product_cat","embeddable":true,"href":"https:\/\/vetsul.com\/index.php\/wp-json\/wp\/v2\/product_cat?post=16772"},{"taxonomy":"product_tag","embeddable":true,"href":"https:\/\/vetsul.com\/index.php\/wp-json\/wp\/v2\/product_tag?post=16772"}],"curies":[{"name":"wp","href":"https:\/\/api.w.org\/{rel}","templated":true}]}}