{"id":16735,"date":"2018-01-06T11:13:05","date_gmt":"2018-01-06T13:13:05","guid":{"rendered":"http:\/\/35.194.95.18\/wp-admin\/?post_type=product&#038;p=16735"},"modified":"2025-04-08T10:13:03","modified_gmt":"2025-04-08T13:13:03","slug":"proverme-sache-28-gramas","status":"publish","type":"product","link":"https:\/\/vetsul.com\/index.php\/product\/proverme-sache-28-gramas\/","title":{"rendered":"PROVERME SACHE 28 GRAMAS"},"content":{"rendered":"<p>Anti-helm\u00edntico eficaz no controle dos nemat\u00f3deos, especialmente Ascaris spp em bovinos, equ\u00eddeos, su\u00ednos, aves, c\u00e3es e gatos, controlando, ainda, Oxyuris spp em su\u00ednos, aves, bovinos e gatos.<\/p>\n<p>POSOLOGIA<\/p>\n<p><\/p>\n<p>\u00b7&nbsp; &nbsp; &nbsp; &nbsp; &nbsp;Via Oral: Misturado ao alimento ou dissolvido na \u00e1gua de beber.<\/p>\n<p><\/p>\n<p>\u00b7&nbsp; &nbsp; &nbsp; &nbsp; &nbsp;Bezerros: um sach\u00ea (28g) dissolvido em \u00e1gua para cada 80kg de peso corporal. Manter o animal sem \u00e1gua algumas horas antes de administrar o produto.<\/p>\n<p><\/p>\n<p>\u00b7&nbsp; &nbsp; &nbsp; &nbsp; &nbsp;Equ\u00eddeos: um sach\u00ea (28g) para cada 80kg de peso corporal, misturado com mel ou melado.<\/p>\n<p><\/p>\n<p>\u00b7&nbsp; &nbsp; &nbsp; &nbsp; &nbsp;Dose m\u00e1xima: 3 sach\u00eas para animais de 240kg a 250kg de peso corporal.<\/p>\n<p><\/p>\n<p>\u00b7&nbsp; &nbsp; &nbsp; &nbsp; &nbsp;Fornecer 1 envelope para potro e 3 envelopes para equ\u00eddeo adulto misturado na ra\u00e7\u00e3o.<\/p>\n<p><\/p>\n<p>\u00b7&nbsp; &nbsp; &nbsp; &nbsp; &nbsp;Repetir o tratamento ap\u00f3s 25 dias.<\/p>\n<p><\/p>\n<p>\u00b7&nbsp; &nbsp; &nbsp; &nbsp; &nbsp;Su\u00ednos: um sach\u00ea (28g) para cada 80kg de peso corporal, misturado em 2kg de ra\u00e7\u00e3o.<\/p>\n<p><\/p>\n<p>\u00b7&nbsp; &nbsp; &nbsp; &nbsp; &nbsp;Deixar os su\u00ednos em jejum de 10 horas a 12 horas antes de fornecer a ra\u00e7\u00e3o medicada.<\/p>\n<p><\/p>\n<p>\u00b7&nbsp; &nbsp; &nbsp; &nbsp; &nbsp;Aves: um sach\u00ea (28g) dissolvido em 12 litros de \u00e1gua para 200 frangos de 60 dias ou 100 galinhas com 90 dias de idade.<\/p>\n<p><\/p>\n<p>\u00b7&nbsp; &nbsp; &nbsp; &nbsp; &nbsp;C\u00e3es e gatos jovens: 125mg a 180mg de citrato de piperazina por kg de peso corporal correspondendo \u00e0 dose m\u00e1xima de 1g de Proverme para 5kg de peso corporal.<\/p>\n<p><\/p>\n<p>CAR\u00caNCIA<\/p>\n<p><\/p>\n<p>\u00b7&nbsp; &nbsp; &nbsp; &nbsp; &nbsp;Suspender a medica\u00e7\u00e3o 5 dias antes do abate dos animais destinados para consumo humano.<\/p>\n<p><\/p>\n<p>\u00b7&nbsp; &nbsp; &nbsp; &nbsp; &nbsp;Suspender a medica\u00e7\u00e3o 96 horas antes de destinar leite e ovos para consumo humano.<\/p>\n","protected":false},"excerpt":{"rendered":"<p>Anti-helm\u00edntico eficaz no controle dos nemat\u00f3deos, especialmente Ascaris spp em bovinos, equ\u00eddeos, su\u00ednos, aves, c\u00e3es e gatos, controlando, ainda, Oxyuris spp em<\/p>\n","protected":false},"featured_media":16736,"template":"","meta":{"_acf_changed":false},"product_brand":[],"product_cat":[200,164,163,186,167],"product_tag":[998,1042,1043,267],"class_list":{"0":"post-16735","1":"product","2":"type-product","3":"status-publish","4":"has-post-thumbnail","6":"product_cat-agropecuaria-equipamentos","7":"product_cat-bovinos-e-ovinos","8":"product_cat-equinos","9":"product_cat-vermifugo-e-carrapaticida","10":"product_cat-vermifugos-e-carrapaticidas","11":"product_tag-aves","12":"product_tag-galinha","13":"product_tag-galo","14":"product_tag-vermifugo","16":"first","17":"instock","18":"purchasable","19":"product-type-simple"},"acf":[],"_links":{"self":[{"href":"https:\/\/vetsul.com\/index.php\/wp-json\/wp\/v2\/product\/16735","targetHints":{"allow":["GET"]}}],"collection":[{"href":"https:\/\/vetsul.com\/index.php\/wp-json\/wp\/v2\/product"}],"about":[{"href":"https:\/\/vetsul.com\/index.php\/wp-json\/wp\/v2\/types\/product"}],"wp:featuredmedia":[{"embeddable":true,"href":"https:\/\/vetsul.com\/index.php\/wp-json\/wp\/v2\/media\/16736"}],"wp:attachment":[{"href":"https:\/\/vetsul.com\/index.php\/wp-json\/wp\/v2\/media?parent=16735"}],"wp:term":[{"taxonomy":"product_brand","embeddable":true,"href":"https:\/\/vetsul.com\/index.php\/wp-json\/wp\/v2\/product_brand?post=16735"},{"taxonomy":"product_cat","embeddable":true,"href":"https:\/\/vetsul.com\/index.php\/wp-json\/wp\/v2\/product_cat?post=16735"},{"taxonomy":"product_tag","embeddable":true,"href":"https:\/\/vetsul.com\/index.php\/wp-json\/wp\/v2\/product_tag?post=16735"}],"curies":[{"name":"wp","href":"https:\/\/api.w.org\/{rel}","templated":true}]}}