{"id":16695,"date":"2018-01-06T09:39:28","date_gmt":"2018-01-06T11:39:28","guid":{"rendered":"http:\/\/35.194.95.18\/wp-admin\/?post_type=product&#038;p=16695"},"modified":"2025-04-08T10:12:56","modified_gmt":"2025-04-08T13:12:56","slug":"pentabi-tico-veterin-rio-refor-ado","status":"publish","type":"product","link":"https:\/\/vetsul.com\/index.php\/product\/pentabi-tico-veterin-rio-refor-ado\/","title":{"rendered":"PENTABI\u00d3TICO VETERIN\u00c1RIO REFOR\u00c7ADO"},"content":{"rendered":"<p>Descri\u00e7\u00e3o:<\/p>\n<p>Anti-infeccioso de amplo espectro. Suspens\u00e3o injet\u00e1vel.<\/p>\n<p><\/p>\n<p>Composi\u00e7\u00e3o:<\/p>\n<p>Cada frasco-ampola (8,6 g) com p\u00f3 cont\u00e9m:<\/p>\n<p>Benzilpenicilina benzatina &#8230;&#8230;&#8230;&#8230;&#8230;&#8230;&#8230;&#8230;&#8230;&#8230;&#8230;&#8230;&#8230;&#8230;&#8230;&#8230;&#8230;&#8230;&#8230;&#8230;.3.000.000 UI<\/p>\n<p>Benzilpenicilina proca\u00edna &#8230;&#8230;&#8230;&#8230;&#8230;&#8230;&#8230;&#8230;&#8230;&#8230;&#8230;&#8230;&#8230;&#8230;&#8230;&#8230;&#8230;&#8230;&#8230;&#8230;&#8230; 1.500.000 UI<\/p>\n<p>Benzilpenicilina pot\u00e1ssica &#8230;&#8230;&#8230;&#8230;&#8230;&#8230;&#8230;&#8230;&#8230;&#8230;&#8230;&#8230;&#8230;&#8230;&#8230;&#8230;&#8230;&#8230;&#8230;&#8230;&#8230;1.500.000 UI<\/p>\n<p>Dihidroestreptomicina base (sulfato) &#8230;&#8230;&#8230;&#8230;&#8230;&#8230;&#8230;&#8230;&#8230;&#8230;&#8230;&#8230;&#8230;&#8230;&#8230;&#8230;1.250 mg<\/p>\n<p>Estreptomicina base (sulfato) &#8230;&#8230;&#8230;&#8230;&#8230;&#8230;&#8230;&#8230;&#8230;&#8230;&#8230;&#8230;&#8230;&#8230;&#8230;&#8230;&#8230;&#8230;&#8230;&#8230;..1.250 mg<\/p>\n<p>Citrato de s\u00f3dio &#8230;&#8230;&#8230;&#8230;&#8230;&#8230;&#8230;&#8230;&#8230;&#8230;&#8230;&#8230;&#8230;&#8230;&#8230;&#8230;&#8230;&#8230;&#8230;&#8230;&#8230;&#8230;&#8230;&#8230;&#8230;&#8230;&#8230;&#8230;&#8230;&#8230;. 150 mg<\/p>\n<p>Ve\u00edculo q.s.p. &#8230;&#8230;&#8230;&#8230;&#8230;&#8230;&#8230;&#8230;&#8230;&#8230;&#8230;&#8230;&#8230;&#8230;&#8230;&#8230;&#8230;&#8230;&#8230;&#8230;&#8230;&#8230;&#8230;&#8230;&#8230;&#8230;&#8230;&#8230;&#8230;&#8230;&#8230;&#8230;&#8230; 15 mL<\/p>\n<p><\/p>\n<p>Indica\u00e7\u00f5es:<\/p>\n<p>Pentabi\u00f3tico\u00ae Veterin\u00e1rio Refor\u00e7ado \u00e9 indicado nas seguintes afec\u00e7\u00f5es:<\/p>\n<p>diarreias (Escherichia spp, Salmonella spp, Proteus spp), mastites (Streptococcus spp, Bacillus spp, Escherichia spp, Staphylococcus spp, Pasteurella spp, Corynebacterium spp), actinomicose (Actinomyces spp), carb\u00fanculo (Bacillus spp, Clostridium spp), tuberculose (Mycobacterium spp), rinites (Escherichia spp, Corynebacterium spp, Pasteurella spp, Pseudomonas spp), pneumonias (Pasteurella spp, Haemophilus spp, Pneumococcus spp, Streptococcus spp), meningite (Streptococcus spp, Meningococcus spp), leptospirose (Leptospira spp), vibriose (Campylobacter spp), artrite (Streptococcus spp), abortos (Leptospira spp, Listeria spp, Actinobacillus spp, Staphylococcus spp, Pasteurella spp), erisipela (Erysipelothrix spp).&nbsp;<\/p>\n<p>Pentabi\u00f3tico\u00ae Veterin\u00e1rio Refor\u00e7ado pode ser utilizado em bovinos, equinos, ovinos, caprinos, su\u00ednos, c\u00e3es e gatos.<\/p>\n<p><\/p>\n<p>Posologia e modo de usar:<\/p>\n<p>Para bovinos e equinos: usar a dose m\u00e9dia de 5 mL para 100 kg de peso vivo, o que corresponde a 12.000 UI das penicilinas por kg e 5 mg de estreptomicina e dihidroestreptomicina por kg. Para ovinos, caprinos e su\u00ednos: usar a dose m\u00e9dia de 6 mL para cada 100 kg de peso vivo, o que corresponde a 14.400 UI das penicilinas por kg e 6 mg de estreptomicina e dihidroestreptomicina por kg.<\/p>\n<p>Prepara\u00e7\u00e3o da suspens\u00e3o e via de aplica\u00e7\u00e3o: a suspens\u00e3o deve ser feita no momento da aplica\u00e7\u00e3o com todo o volume do diluente, cujo frasco acompanha o frasco com o p\u00f3. Aplicar a inje\u00e7\u00e3o por via intramuscular profunda, puxando o \u00eambolo antes de injetar o medicamento, para se certificar de que nenhum vaso sangu\u00edneo foi atingido.<\/p>\n<p><\/p>\n<p>Per\u00edodo de car\u00eancia e precau\u00e7\u00f5es:<\/p>\n<p>Aten\u00e7\u00e3o: obedecer aos seguintes per\u00edodos de car\u00eancia \u2013 bovinos, caprinos e ovinos. Abate: o abate dos animais tratados com este produto somente deve ser realizado 30 dias ap\u00f3s a \u00faltima aplica\u00e7\u00e3o.<\/p>\n<p>Leite: o leite dos animais tratados com este produto n\u00e3o deve ser destinado ao consumo humano at\u00e9 4 a 5 dias ap\u00f3s a \u00faltima aplica\u00e7\u00e3o do produto. Su\u00ednos e equinos. Abate: o abate dos animais tratados com este produto somente deve ser realizado 30 dias ap\u00f3s a \u00faltima aplica\u00e7\u00e3o.<\/p>\n<p>Contraindica\u00e7\u00f5es: alergia \u00e0 penicilina e nefrite com perda funcional superior a 75{bad89740ab836af8afd78adf22d5854117f226b234e4f8ee83a0ac8d28f68ffc}. Precau\u00e7\u00f5es: os choques anafil\u00e1ticos em animais decorrentes da penicilina s\u00e3o raros, no entanto, o m\u00e9dico-veterin\u00e1rio deve estar atento \u00e0 possibilidade de ocorr\u00eancia.<\/p>\n<p><\/p>\n<p>Apresenta\u00e7\u00e3o:<\/p>\n<p>Frasco \u00e2mbar com diluente.<\/p>\n","protected":false},"excerpt":{"rendered":"<p>Descri\u00e7\u00e3o: Anti-infeccioso de amplo espectro. Suspens\u00e3o injet\u00e1vel. Composi\u00e7\u00e3o: Cada frasco-ampola (8,6 g) com p\u00f3 cont\u00e9m: Benzilpenicilina benzatina &#8230;&#8230;&#8230;&#8230;&#8230;&#8230;&#8230;&#8230;&#8230;&#8230;&#8230;&#8230;&#8230;&#8230;&#8230;&#8230;&#8230;&#8230;&#8230;&#8230;.3.000.000 UI Benzilpenicilina proca\u00edna &#8230;&#8230;&#8230;&#8230;&#8230;&#8230;&#8230;&#8230;&#8230;&#8230;&#8230;&#8230;&#8230;&#8230;&#8230;&#8230;&#8230;&#8230;&#8230;&#8230;&#8230;<\/p>\n","protected":false},"featured_media":16696,"template":"","meta":{"_acf_changed":false},"product_brand":[970],"product_cat":[170,175,164,163],"product_tag":[758],"class_list":{"0":"post-16695","1":"product","2":"type-product","3":"status-publish","4":"has-post-thumbnail","6":"product_brand-zoetis","7":"product_cat-anti-microbianos","8":"product_cat-antimicrobianos-2","9":"product_cat-bovinos-e-ovinos","10":"product_cat-equinos","11":"product_tag-antibiotico","13":"first","14":"instock","15":"purchasable","16":"product-type-simple"},"acf":[],"_links":{"self":[{"href":"https:\/\/vetsul.com\/index.php\/wp-json\/wp\/v2\/product\/16695","targetHints":{"allow":["GET"]}}],"collection":[{"href":"https:\/\/vetsul.com\/index.php\/wp-json\/wp\/v2\/product"}],"about":[{"href":"https:\/\/vetsul.com\/index.php\/wp-json\/wp\/v2\/types\/product"}],"wp:featuredmedia":[{"embeddable":true,"href":"https:\/\/vetsul.com\/index.php\/wp-json\/wp\/v2\/media\/16696"}],"wp:attachment":[{"href":"https:\/\/vetsul.com\/index.php\/wp-json\/wp\/v2\/media?parent=16695"}],"wp:term":[{"taxonomy":"product_brand","embeddable":true,"href":"https:\/\/vetsul.com\/index.php\/wp-json\/wp\/v2\/product_brand?post=16695"},{"taxonomy":"product_cat","embeddable":true,"href":"https:\/\/vetsul.com\/index.php\/wp-json\/wp\/v2\/product_cat?post=16695"},{"taxonomy":"product_tag","embeddable":true,"href":"https:\/\/vetsul.com\/index.php\/wp-json\/wp\/v2\/product_tag?post=16695"}],"curies":[{"name":"wp","href":"https:\/\/api.w.org\/{rel}","templated":true}]}}