{"id":16691,"date":"2018-01-06T09:34:14","date_gmt":"2018-01-06T11:34:14","guid":{"rendered":"http:\/\/35.194.95.18\/wp-admin\/?post_type=product&#038;p=16691"},"modified":"2025-04-08T10:12:56","modified_gmt":"2025-04-08T13:12:56","slug":"penfort-ppu-50ml","status":"publish","type":"product","link":"https:\/\/vetsul.com\/index.php\/product\/penfort-ppu-50ml\/","title":{"rendered":"PENFORT PPU &#8211; 50ml"},"content":{"rendered":"<p>Penfort\u00ae PPU \u00e9 a combina\u00e7\u00e3o perfeita: tr\u00eas antibi\u00f3tico em um \u00fanico produto.<\/p>\n<p>&nbsp;<\/p>\n<p>Amplo espectro de a\u00e7\u00e3o, atua sobre bact\u00e9rias Gram-positivas e Gram-negativas.<\/p>\n<p>&nbsp;<\/p>\n<p>A\u00e7\u00e3o r\u00e1pida e prolongada.<\/p>\n<p>F\u00f3rmula:<\/p>\n<p>Cada 100 mL cont\u00e9m:<\/p>\n<p>Benzil Penicilina G Proca\u00edna&#8230;&#8230;&#8230;&#8230;&#8230;&#8230;&#8230;&#8230;&#8230;&#8230;&#8230;&#8230;.10.000.000 UI<\/p>\n<p>Benzil Penicilina G Benzatina&#8230;&#8230;&#8230;&#8230;&#8230;&#8230;&#8230;&#8230;&#8230;&#8230;&#8230;..10.000.000 UI<\/p>\n<p>Diidroestreptomicina (Sulfato)&#8230;&#8230;&#8230;&#8230;&#8230;&#8230;&#8230;&#8230;&#8230;&#8230;&#8230;&#8230;&#8230;&#8230;.20,0 g<\/p>\n<p>Ve\u00edculo&#8230;&#8230;.q.s.p&#8230;&#8230;&#8230;&#8230;&#8230;&#8230;&#8230;&#8230;&#8230;&#8230;&#8230;&#8230;&#8230;&#8230;&#8230;&#8230;&#8230;&#8230;..100,0 mL<\/p>\n<p>&nbsp;<\/p>\n<p>Indica\u00e7\u00f5es:<\/p>\n<p>Com Penicilina Proca\u00edna e Benzatina.<\/p>\n<p>Antibi\u00f3tico de ampla a\u00e7\u00e3o pronto para uso.<\/p>\n<p>&nbsp;<\/p>\n<p>Penfort PPU \u00e9 indicado no tratamento de infec\u00e7\u00f5es bacterianas que acometem bovinos, eq\u00fcinos, ovinos, caprinos e su\u00ednos; causadas ou associadas aos seguintes microrganismos:<\/p>\n<p>&nbsp;<\/p>\n<p>Para bovinos:<\/p>\n<p>Abcessos e f\u00edstulas purulentas (Staphylococcus spp, Streptococcus spp, Corynebacterium pyogenes, Pseudomonas aeruginosa, Proteus mirabilis);<\/p>\n<p>Actinobacilose (Actinobacillus spp);<\/p>\n<p>Actinomicose (Actinomyces spp);<\/p>\n<p>Artrite infecciosa e piog\u00eanica (Staphylococcus aureus, Corynebacterium pyogenes, Escherichia coli, Salmonella spp, Pseudomonas aeruginosa);<\/p>\n<p>Broncopneumonias (Mycobacterium spp, Haemophilus spp, Pseudomonas spp, Klebsiella spp, Staphylococcus aureus, Streptococcus spp);<\/p>\n<p>Carb\u00fanculo hem\u00e1tico (Bacillus anthracis);<\/p>\n<p>Carb\u00fanculo sintom\u00e1tico (Clostridium chauvoei);<\/p>\n<p>Ceratoconjuntivite (Moraxella bovis);<\/p>\n<p>Dermatofilose (Dermatophilus spp);<\/p>\n<p>Edema maligno ou Gangrena gasosa (Clostridium sp);<\/p>\n<p>Endocardite (Streptococcus alfa hemol\u00edticos, Corynebacterium pyogenes, Clostridium chauvoei, Mycoplasma mycoides, Erysipelothrix rhusiopathiae (insidiosa);<\/p>\n<p>Enterites (Escherichia coli, Shigella spp);<\/p>\n<p>Epidermite exsudativa (Staphylococcus hyicus, Staphylococcus hyos);<\/p>\n<p>Hemoglobin\u00faria bacilar (Clostridium hemolyticum);<\/p>\n<p>Hepatite necr\u00f3tica infecciosa (Clostridium novyi);<\/p>\n<p>Leptospirose (Leptospira spp);<\/p>\n<p>Listeriose (Listeria spp);<\/p>\n<p>Mastites (Streptococcus agalactiae, Streptococcus dysgalactiae, Streptococcus uberis, Corynebacterium pyogenes);<\/p>\n<p>Meningoencefalite (Haemophilus somnus);<\/p>\n<p>Nefrites e metrites (Streptococcus spp, Staphylococcus spp, Bacillus spp, Klebsiella spp, Proteus spp, Escherichia coli, Corynebacterium pyogenes);<\/p>\n<p>Pasteurelose (Pasteurella multocida);<\/p>\n<p>Piodermites (Streptococcus pyogenes);<\/p>\n<p>Pododermatite (Staphylococcus aureus, Streptococcus spp, Corynebacterium pyogenes, Fusobacterium necrophorum);<\/p>\n<p>Salmonelose (Salmonella spp);<\/p>\n<p>Sinovite (Staphylococcus aureus, Streptococcus spp);<\/p>\n<p>T\u00e9tano (Clostridium tetani);<\/p>\n<p>Na preven\u00e7\u00e3o de infec\u00e7\u00f5es p\u00f3s-cir\u00fargicas.<\/p>\n<p>&nbsp;<\/p>\n<p>Para Eq\u00fcinos:<\/p>\n<p>Abcessos e f\u00edstulas purulentas (Staphylococcus spp, Streptococcus spp, Corynebacterium pyogenes, Pseudomonas aeruginosa, Proteus mirabilis);<\/p>\n<p>Artrite infecciosa e piog\u00eanica (Staphylococcus aureus, Corynebacterium pyogenes, Escherichia coli, Salmonella spp, Pseudomonas aeruginosa);<\/p>\n<p>Broncopneumonias (Mycobacterium spp, Haemophilus spp, Pseudomonas spp, Klebsiella spp, Staphylococcus aureus, Streptococcus spp);<\/p>\n<p>Dermatofilose (Dermatophilus spp);<\/p>\n<p>Endocardite (Actinobacillus equili, Streptococcus spp);<\/p>\n<p>Enterites (Escherichia coli, Shigella spp);<\/p>\n<p>Garrotilho (Streptococcus equi);<\/p>\n<p>Hepatite necr\u00f3tica infecciosa (Clostridium novyi);<\/p>\n<p>Leptospirose (Leptospira spp);<\/p>\n<p>Linfangite ulcerativa (Corynebacterium pseudotuberculosis);<\/p>\n<p>Nefrites e metrites (Streptococcus spp, Staphylococcus spp, Klebsiella spp, Corynebacterium pyogenes);<\/p>\n<p>Pneumonia corinebacteriana (Corynebacterium equi);<\/p>\n<p>Septicemia dos potros (Salmonella spp, Escherichia coli, Klebsiella sp, Actinobacillus sp);<\/p>\n<p>Salmonelose (Salmonella spp);<\/p>\n<p>T\u00e9tano (Clostridium tetani);<\/p>\n<p>Na preven\u00e7\u00e3o de infec\u00e7\u00f5es p\u00f3s-cir\u00fargicas.<\/p>\n<p>&nbsp;<\/p>\n<p>Para ovinos e caprinos:<\/p>\n<p>Abcessos e f\u00edstulas purulentas (Staphylococcus spp, Streptococcus spp, Corynebacterium pyogenes, Pseudomonas aeruginosa, Proteus mirabilis);<\/p>\n<p>Aborto enzo\u00f3tico (Pasteurella spp);<\/p>\n<p>Actinobacilose (Actinobacillus spp);<\/p>\n<p>Actinomicose (Actinomyces spp);<\/p>\n<p>Artrite infecciosa e piog\u00eanica (Staphylococcus aureus, Corynebacterium pyogenes, Escherichia coli, Salmonella spp, Pseudomonas aeruginosa, Erysipelothrix rhusiopathiae (insidiosa);<\/p>\n<p>Broncopneumonias (Mycobacterium spp, Haemophilus spp, Pseudomonas spp, Klebsiella spp, Staphylococcus aureus, Streptococcus spp, Pasteurella spp);<\/p>\n<p>Campilobacteriose (Campilobacter fetus e Campilobacter jejuni);<\/p>\n<p>Carb\u00fanculo hem\u00e1tico (Bacillus anthracis);<\/p>\n<p>Carb\u00fanculo sintom\u00e1tico (Clostridium chauvoei);<\/p>\n<p>Ceratoconjuntivite (Moraxella spp);<\/p>\n<p>Dermatofilose (Dermatophilus spp);<\/p>\n<p>Edema maligno (Clostridium septicum, Clostridium perfringens);<\/p>\n<p>Endocardite (Erysipelothrix rhusiopathiae (insidiosa), Streptococcus spp, Escherichia coli);<\/p>\n<p>Enterites (Escherichia coli, Shigella spp);<\/p>\n<p>Foot-Root ou Podrid\u00e3o do casco (Fusobacterium necrophorum);<\/p>\n<p>Hemoglobin\u00faria bacilar (Clostridium hemolyticum);<\/p>\n<p>Leptospirose (Leptospira spp);<\/p>\n<p>Linfadenite caseosa dos ovinos (Corynebacterium pseudotuberculosis);<\/p>\n<p>Listeriose (Listeria spp);<\/p>\n<p>Mastites (Streptococcus agalactiae, Streptococcus dysgalactiae, Streptococcus uberis, Corynebacterium pyogenes);<\/p>\n<p>Nefrites e metrites (Streptococcus spp, Staphylococcus spp, Bacillus spp, Klebsiella spp, Proteus spp, Escherichia coli, Corynebacterium pyogenes);<\/p>\n<p>Pasteurelose (Pasteurella multocida);<\/p>\n<p>Piemia por carrapatos (Staphylococcus aureus);<\/p>\n<p>Piodermites (Streptococcus pyogenes);<\/p>\n<p>Salmonelose (Salmonella spp);<\/p>\n<p>Sinovite (Staphylococcus aureus, Streptococcus spp);<\/p>\n<p>T\u00e9tano (Clostridium tetani);<\/p>\n<p>Na preven\u00e7\u00e3o de infec\u00e7\u00f5es p\u00f3s-cir\u00fargicas e p\u00f3s-parto.<\/p>\n<p>&nbsp;<\/p>\n<p>Para su\u00ednos:<\/p>\n<p>Abcessos e f\u00edstulas purulentas (Staphylococcus aureus, Streptococcus spp, Corynebacterium pyogenes, Pseudomonas aeruginosa, Proteus mirabilis);<\/p>\n<p>Actinobacilose (Actinobacillus suis);<\/p>\n<p>Artrite infecciosa (Escherichia coli, Salmonella spp, Erysipelothrix spp);<\/p>\n<p>Broncopneumonias (Haemophilus spp, Klebsiella spp, Staphylococcus aureus, Streptococcus spp);<\/p>\n<p>Carb\u00fanculo hem\u00e1tico (Bacillus anthracis);<\/p>\n<p>Cistite e pielonefrite (Corynebacterium suis);<\/p>\n<p>Endocardite (Erysipelothrix rhusiopathiae (insidiosa), Streptococcus spp, Escherichia coli);<\/p>\n<p>Enterite bacteriana-Diarr\u00e9ia dos leit\u00f5es (Escherichia coli, Salmonella spp);<\/p>\n<p>Epidermite exsudativa (Staphylococcus hyicus);<\/p>\n<p>Erisipela (Erysipelotrix rhusiopathiae);<\/p>\n<p>Leptospirose (Leptospira spp);<\/p>\n<p>Nefrites (Streptococcus spp, Staphylococcus spp, Klebsiella spp, Proteus spp, Pseudomonas spp);<\/p>\n<p>Paratifo dos leit\u00f5es (Salmonella spp);<\/p>\n<p>Pneumonia e pleuropneumonia (Pasteurella spp, Haemophilus spp, Mycoplasma spp, Bordetella bronchiseptica);<\/p>\n<p>Pododermatite (Fusobacterium necrophorum, Staphylococcus aureus, Streptococcus spp, Corynebacterium pyogenes);<\/p>\n<p>Poliartrite infecciosa (Haemophilus parasuis);<\/p>\n<p>Rinite atr\u00f3fica (Bordetella bronchiseptica);<\/p>\n<p>S\u00edndrome M.M.A. (Staphylococcus spp, Streptococcus spp, Corynebacterium pyogenes, Klebsiella spp);<\/p>\n<p>T\u00e9tano (Clostridium tetani);<\/p>\n<p>Na preven\u00e7\u00e3o de infec\u00e7\u00f5es p\u00f3s-cir\u00fargicas e p\u00f3s-parto.<\/p>\n<p>&nbsp;<\/p>\n<p>Dosagem:<\/p>\n<p>Dependendo da gravidade do quadro e do agente infeccioso a ser combatido, a dosagem pode variar de 8.000 UI a 30.000 UI do total de penicilinas por kg de peso corporal; ou pode-se ainda utilizar a dosagem m\u00e9dia de 20.000 UI do total de penicilinas por kg de peso corporal.<\/p>\n<p>Para facilitar o c\u00e1lculo da dosagem, seguir tabela abaixo como refer\u00eancia:<\/p>\n<p>&nbsp;<\/p>\n<p>Para bovinos, eq\u00fcinos, ovinos, caprinos e su\u00edno:<\/p>\n<p>&nbsp;<\/p>\n<p>Dosagem m\u00ednima de 8.000 UI\/kg de peso corporal&#8230;&#8230; 1 mL para cada 25 kg de peso corporal<\/p>\n<p>Dosagem m\u00e9dia de 20.000 UI\/kg de peso corporal&#8230;&#8230; 1 mL para cada 10 kg de peso corporal<\/p>\n<p>Dosagem m\u00e1xima de 30.000 UI\/kg de peso corporal&#8230;. 1 mL para cada 7 kg de peso corporal<\/p>\n<p>&nbsp;<\/p>\n<p>Essas dosagens podem ser alteradas conforme a gravidade do quadro cl\u00ednico, a crit\u00e9rio do M\u00e9dico Veterin\u00e1rio.<\/p>\n<p>&nbsp;<\/p>\n<p>O tratamento \u00e9 em dose \u00fanica, mas poder\u00e1 ser repetido ap\u00f3s 72 horas, caso os sintomas n\u00e3o desapare\u00e7am; ou a crit\u00e9rio do M\u00e9dico Veterin\u00e1rio.<\/p>\n<p>&nbsp;<\/p>\n<p>Administra\u00e7\u00e3o:<\/p>\n<p>O produto \u00e9 injet\u00e1vel, pronto para uso, e deve ser aplicado pela via intramuscular profunda, utilizando agulhas com comprimento de 25 a 30 mm.<\/p>\n<p>Caso o volume de produto a ser aplicado exceda 10 mL, recomenda-se que seja dividido em dois ou mais locais de aplica\u00e7\u00e3o.<\/p>\n<p>&nbsp;<\/p>\n<p>Precau\u00e7\u00f5es:<\/p>\n<p>O produto n\u00e3o deve ser aplicado pela via intravenosa.<\/p>\n<p>&nbsp;<\/p>\n<p>Efeitos adversos:<\/p>\n<p>As rea\u00e7\u00f5es al\u00e9rgicas \u00e0s penicilinas t\u00eam como sinais cl\u00ednicos principais as erup\u00e7\u00f5es cut\u00e2neas, angioedema e anafilaxia.<\/p>\n<p>Hiperpotassemia (hipercalcemia) e arritmias card\u00edacas podem ocorrer quando se administra a penicilina pela via intravenosa.<\/p>\n<p>&nbsp;<\/p>\n<p>Contra-indica\u00e7\u00f5es:<\/p>\n<p>N\u00e3o aplicar em animais com hist\u00f3rico de hipersensibilidade \u00e0s Penicilinas e\/ou Estreptomicinas.<\/p>\n<p>N\u00e3o utilizar em animais com grave disfun\u00e7\u00e3o renal, pois h\u00e1 riscos de neurotoxicidade.<\/p>\n<p>&nbsp;<\/p>\n<p>Intera\u00e7\u00f5es medicamentosas:<\/p>\n<p>N\u00e3o administrar Penfort L.A. Pronto Uso junto com o Probenecide, pois pode prolongar o efeito da Estreptomicina.<\/p>\n<p>Pode ocorrer intera\u00e7\u00e3o entre o produto e agentes bacteriost\u00e1ticos.<\/p>\n<p>O produto apresenta antagonismo com o Cloranfenicol.<\/p>\n<p>H\u00e1 a possibilidade de intera\u00e7\u00e3o entre a Estreptomicina e outras drogas nefrot\u00f3xicas, tais como Furosemida e Anfotericina B.<\/p>\n<p>&nbsp;<\/p>\n<p>Per\u00edodo de car\u00eancia:<\/p>\n<p>N\u00e3o abater, para consumo humano, os animais tratados antes de decorridos 30 dias ap\u00f3s a \u00faltima aplica\u00e7\u00e3o do produto.<\/p>\n<p>N\u00e3o destinar ao consumo humano o leite de f\u00eameas tratadas antes de decorridas 72 horas, ap\u00f3s a \u00faltima aplica\u00e7\u00e3o do produto.<\/p>\n<p>&nbsp;<\/p>\n<p>Venda sob prescri\u00e7\u00e3o e administra\u00e7\u00e3o sob orienta\u00e7\u00e3o do M\u00e9dico Veterin\u00e1rio.<\/p>\n<p>&nbsp;<\/p>\n<p>Conservar em local seco e fresco, ao abrigo da luz solar, fora do alcance de crian\u00e7as e animais dom\u00e9sticos.<\/p>\n<p>&nbsp;<\/p>\n<p>Apresenta\u00e7\u00e3o:<\/p>\n<p>Frasco-ampola de vidro \u00e2mbar 10 mL, 25 mL e 50 mL acondicionados em cartuchos.<\/p>\n<p>&nbsp;<\/p>\n<p>Classe Terap\u00eautica:<\/p>\n<p>ANTIMICROBIANOS GERAIS; ANTIF\u00daNGICOS E ANTIPROTOZO\u00c1RIOS (COCCIDIOS, FLAGELADOS)<\/p>\n<p>&nbsp;<\/p>\n<p>Princ\u00edpio(s) Ativo(s):<\/p>\n<p>PENICILINA<\/p>\n<p>DIHIDROESTREPTOMICINA<\/p>\n<p>&nbsp;<\/p>\n<p>Registro no Minist\u00e9rio da Agricultura, Pecu\u00e1ria e Abastecimento:<\/p>\n<p>n\u00ba 9.125 em 27\/07\/05.<\/p>\n","protected":false},"excerpt":{"rendered":"<p>Penfort\u00ae PPU \u00e9 a combina\u00e7\u00e3o perfeita: tr\u00eas antibi\u00f3tico em um \u00fanico produto. &nbsp; Amplo espectro de a\u00e7\u00e3o, atua sobre bact\u00e9rias Gram-positivas e<\/p>\n","protected":false},"featured_media":16692,"template":"","meta":{"_acf_changed":false},"product_brand":[955],"product_cat":[170,175],"product_tag":[1030],"class_list":{"0":"post-16691","1":"product","2":"type-product","3":"status-publish","4":"has-post-thumbnail","6":"product_brand-ouro-fino","7":"product_cat-anti-microbianos","8":"product_cat-antimicrobianos-2","9":"product_tag-ouro-fino","11":"first","12":"instock","13":"shipping-taxable","14":"purchasable","15":"product-type-simple"},"acf":[],"_links":{"self":[{"href":"https:\/\/vetsul.com\/index.php\/wp-json\/wp\/v2\/product\/16691","targetHints":{"allow":["GET"]}}],"collection":[{"href":"https:\/\/vetsul.com\/index.php\/wp-json\/wp\/v2\/product"}],"about":[{"href":"https:\/\/vetsul.com\/index.php\/wp-json\/wp\/v2\/types\/product"}],"wp:featuredmedia":[{"embeddable":true,"href":"https:\/\/vetsul.com\/index.php\/wp-json\/wp\/v2\/media\/16692"}],"wp:attachment":[{"href":"https:\/\/vetsul.com\/index.php\/wp-json\/wp\/v2\/media?parent=16691"}],"wp:term":[{"taxonomy":"product_brand","embeddable":true,"href":"https:\/\/vetsul.com\/index.php\/wp-json\/wp\/v2\/product_brand?post=16691"},{"taxonomy":"product_cat","embeddable":true,"href":"https:\/\/vetsul.com\/index.php\/wp-json\/wp\/v2\/product_cat?post=16691"},{"taxonomy":"product_tag","embeddable":true,"href":"https:\/\/vetsul.com\/index.php\/wp-json\/wp\/v2\/product_tag?post=16691"}],"curies":[{"name":"wp","href":"https:\/\/api.w.org\/{rel}","templated":true}]}}