{"id":16681,"date":"2018-01-05T15:27:15","date_gmt":"2018-01-05T17:27:15","guid":{"rendered":"http:\/\/35.194.95.18\/wp-admin\/?post_type=product&#038;p=16681"},"modified":"2025-02-24T16:35:58","modified_gmt":"2025-02-24T19:35:58","slug":"moxi-duo","status":"publish","type":"product","link":"https:\/\/vetsul.com\/index.php\/product\/moxi-duo\/","title":{"rendered":"MOXI DUO"},"content":{"rendered":"<p>Produto completo, \u00e0 base de Moxidectina, Praziquantel e Vitamina E, indicado para o tratamento e controle de parasitas internos de equinos.<\/p>\n<p>F\u00f3rmula:<\/p>\n<p><\/p>\n<p>Cada seringa de 9,60 g cont\u00e9m:<\/p>\n<p><\/p>\n<p>Moxidectina &#8230;&#8230;&#8230;&#8230;&#8230;&#8230;&#8230; 0,240 g<\/p>\n<p><\/p>\n<p>Praziquantel &#8230;&#8230;&#8230;&#8230;&#8230;&#8230;&#8230; 1,490 g<\/p>\n<p><\/p>\n<p>Vitamina E &#8230;&#8230;&#8230;&#8230;&#8230;&#8230;&#8230;&#8230; 0,600 g<\/p>\n<p><\/p>\n<p>Ve\u00edculo q.s.p. &#8230;&#8230;&#8230;&#8230;&#8230;&#8230;.. 9,600 g<\/p>\n<p><\/p>\n<p><\/p>\n<p>Indica\u00e7\u00f5es Principais:<\/p>\n<p><\/p>\n<p><\/p>\n<p>O produto \u00e9 indicado para o tratamento e controle de parasitas internos de equinos. Helmintos: Habronema muscae, Trichostrongylus axei, Oxyuris equi, Strongylus edentatus, Triodontophorus serratus, Probstmayria viv\u00edpara e Cyathostominae.<\/p>\n<p><\/p>\n<p>&nbsp;<\/p>\n<p><\/p>\n<p>Modo de Uso e Dosagens:<\/p>\n<p>&nbsp;<\/p>\n<p><\/p>\n<p>Moxi Duo deve ser administrado por via oral, exclusivamente para equinos, aplicada sobre a l\u00edngua do animal, no fundo da boca, que deve estar sem alimento, na dosagem de 1,6 g para cada 100 kg de peso, obedecendo \u00e0 gradua\u00e7\u00e3o que consta no&nbsp; \u00eambolo da seringa, sendo que a seringa completa \u00e9 suficiente para tratar 600 kg de peso corporal, em dose \u00fanica. Ap\u00f3s a aplica\u00e7\u00e3o, manter a cabe\u00e7a do animal levantada por alguns segundos.<\/p>\n<p><\/p>\n<p>As doses s\u00e3o graduadas para: 100 kg, 200 kg, 300 kg, 400 kg, 500 kg e 600 kg.<\/p>\n<p>&nbsp;<\/p>\n<p><\/p>\n<p>Contraindica\u00e7\u00f5es e Limita\u00e7\u00f5es de Uso:<\/p>\n<p>&nbsp;<\/p>\n<p><\/p>\n<p>N\u00e3o administrar em animais com sensibilidade a algum dos componentes do produto. N\u00e3o aplicar&nbsp; em potros inferior a 6 meses.<\/p>\n<p>&nbsp;<\/p>\n<p><\/p>\n<p>Precaus\u00f5es:<\/p>\n<p>&nbsp;<\/p>\n<p><\/p>\n<p>Obdecer \u00e0s dosagens recomendadas para uso do produto.<\/p>\n<p><\/p>\n<p>N\u00e3o utilizar o produto com prazo de validade vencido.<\/p>\n<p><\/p>\n<p>Evitar contato direto com a pele e retirar com \u00e1gua qualquer derramamento acidental.<\/p>\n<p><\/p>\n<p>As embalagens vazias devem ser enterradas ou queimadas.<\/p>\n<p><\/p>\n<p>Ap\u00f3s o uso, n\u00e3o guardar restos do produto.<\/p>\n<p><\/p>\n<p>Procure um m\u00e9dico veterin\u00e1rio para maiores informa\u00e7\u00f5es acerca do controle de parasitoses.<\/p>\n<p><\/p>\n<p>N\u00e3o jogar embalagens vazias em rios ou lagos.<\/p>\n<p><\/p>\n<p>Produto t\u00f3xico para peixes.<\/p>\n<p><\/p>\n<p>A exposi\u00e7\u00e3o direta \u00e0 luz solar ou a altas temperaturas poder\u00e1 degradar o produto.<\/p>\n<p><\/p>\n<p>N\u00e3o administrar o produto em animais destinados ao abate.<\/p>\n<p><\/p>\n<p>&nbsp;<\/p>\n<p><\/p>\n<p>Obedecer aos seguintes per\u00edodos de car\u00eancia:<\/p>\n<p>&nbsp;<\/p>\n<p><\/p>\n<p>Equ\u00eddeos<\/p>\n<p><\/p>\n<p>Abate: Este produto n\u00e3o deve ser aplicado em equinos produtores de carne para o consumo humano.<\/p>\n","protected":false},"excerpt":{"rendered":"<p>Produto completo, \u00e0 base de Moxidectina, Praziquantel e Vitamina E, indicado para o tratamento e controle de parasitas internos de equinos. F\u00f3rmula:<\/p>\n","protected":false},"featured_media":16682,"template":"","meta":{"_acf_changed":false},"product_brand":[955],"product_cat":[186],"product_tag":[1030],"class_list":{"0":"post-16681","1":"product","2":"type-product","3":"status-publish","4":"has-post-thumbnail","6":"product_brand-ouro-fino","7":"product_cat-vermifugo-e-carrapaticida","8":"product_tag-ouro-fino","10":"first","11":"instock","12":"purchasable","13":"product-type-simple"},"acf":[],"_links":{"self":[{"href":"https:\/\/vetsul.com\/index.php\/wp-json\/wp\/v2\/product\/16681","targetHints":{"allow":["GET"]}}],"collection":[{"href":"https:\/\/vetsul.com\/index.php\/wp-json\/wp\/v2\/product"}],"about":[{"href":"https:\/\/vetsul.com\/index.php\/wp-json\/wp\/v2\/types\/product"}],"wp:featuredmedia":[{"embeddable":true,"href":"https:\/\/vetsul.com\/index.php\/wp-json\/wp\/v2\/media\/16682"}],"wp:attachment":[{"href":"https:\/\/vetsul.com\/index.php\/wp-json\/wp\/v2\/media?parent=16681"}],"wp:term":[{"taxonomy":"product_brand","embeddable":true,"href":"https:\/\/vetsul.com\/index.php\/wp-json\/wp\/v2\/product_brand?post=16681"},{"taxonomy":"product_cat","embeddable":true,"href":"https:\/\/vetsul.com\/index.php\/wp-json\/wp\/v2\/product_cat?post=16681"},{"taxonomy":"product_tag","embeddable":true,"href":"https:\/\/vetsul.com\/index.php\/wp-json\/wp\/v2\/product_tag?post=16681"}],"curies":[{"name":"wp","href":"https:\/\/api.w.org\/{rel}","templated":true}]}}