{"id":16657,"date":"2018-01-05T14:36:34","date_gmt":"2018-01-05T16:36:34","guid":{"rendered":"http:\/\/35.194.95.18\/wp-admin\/?post_type=product&#038;p=16657"},"modified":"2025-08-11T13:26:23","modified_gmt":"2025-08-11T16:26:23","slug":"otovet-20ml","status":"publish","type":"product","link":"https:\/\/vetsul.com\/index.php\/product\/otovet-20ml\/","title":{"rendered":"OTOVET 20ml"},"content":{"rendered":"<p>OTOVET \u00e9 uma solu\u00e7\u00e3o otol\u00f3gica antibacteriana, antimic\u00f3tica, anti-inflamat\u00f3ria e analg\u00e9sica. O enrofloxacino e o clotrimazol atuam no controle de otites causadas por bact\u00e9rias e fungos. A dexametasona \u00e9 um potente anti-inflamat\u00f3rio de a\u00e7\u00e3o local que proporciona maior conforto ao animal pela diminui\u00e7\u00e3o da dor provocada pela inflama\u00e7\u00e3o. O cloridrato de lidoca\u00edna \u00e9 um anest\u00e9sico local utilizado no tratamento da dor com baixa toxicidade, proporcionando al\u00edvio imediato e favorecendo o processo de cura. Esta associa\u00e7\u00e3o faz de OTOVET um medicamento completo e moderno na indica\u00e7\u00e3o para otites em todas as esp\u00e9cies animais, de origem bacteriana e f\u00fangica.<\/p>\n<p>Frascos contendo 20mL (acompanha bico aplicador)<\/p>\n<p>F\u00f3rmula:<\/p>\n<p>Cada 100mL cont\u00e9m:<\/p>\n<p>Enrofloxacino<span style=\"white-space:pre\">\t<\/span>0,5g<\/p>\n<p>Clotrimazol<span style=\"white-space:pre\">\t<\/span>1,0g<\/p>\n<p>Dexametasona (fosfato diss\u00f3dico)<span style=\"white-space:pre\">\t<\/span>0,132g*<\/p>\n<p>Cloridrato de Lidoca\u00edna<span style=\"white-space:pre\">\t<\/span>2,0g<\/p>\n<p>Ve\u00edculo q.s.p.<span style=\"white-space:pre\">\t<\/span>100,0mL<\/p>\n","protected":false},"excerpt":{"rendered":"<p>OTOVET \u00e9 uma solu\u00e7\u00e3o otol\u00f3gica antibacteriana, antimic\u00f3tica, anti-inflamat\u00f3ria e analg\u00e9sica. O enrofloxacino e o clotrimazol atuam no controle de otites causadas por<\/p>\n","protected":false},"featured_media":16658,"template":"","meta":{"_acf_changed":false},"product_brand":[958],"product_cat":[180],"product_tag":[993],"class_list":{"0":"post-16657","1":"product","2":"type-product","3":"status-publish","4":"has-post-thumbnail","6":"product_brand-biofarm","7":"product_cat-anti-microbiano","8":"product_tag-biofarm","10":"first","11":"instock","12":"purchasable","13":"product-type-simple"},"acf":[],"_links":{"self":[{"href":"https:\/\/vetsul.com\/index.php\/wp-json\/wp\/v2\/product\/16657","targetHints":{"allow":["GET"]}}],"collection":[{"href":"https:\/\/vetsul.com\/index.php\/wp-json\/wp\/v2\/product"}],"about":[{"href":"https:\/\/vetsul.com\/index.php\/wp-json\/wp\/v2\/types\/product"}],"wp:featuredmedia":[{"embeddable":true,"href":"https:\/\/vetsul.com\/index.php\/wp-json\/wp\/v2\/media\/16658"}],"wp:attachment":[{"href":"https:\/\/vetsul.com\/index.php\/wp-json\/wp\/v2\/media?parent=16657"}],"wp:term":[{"taxonomy":"product_brand","embeddable":true,"href":"https:\/\/vetsul.com\/index.php\/wp-json\/wp\/v2\/product_brand?post=16657"},{"taxonomy":"product_cat","embeddable":true,"href":"https:\/\/vetsul.com\/index.php\/wp-json\/wp\/v2\/product_cat?post=16657"},{"taxonomy":"product_tag","embeddable":true,"href":"https:\/\/vetsul.com\/index.php\/wp-json\/wp\/v2\/product_tag?post=16657"}],"curies":[{"name":"wp","href":"https:\/\/api.w.org\/{rel}","templated":true}]}}