{"id":16642,"date":"2018-01-05T11:58:27","date_gmt":"2018-01-05T13:58:27","guid":{"rendered":"http:\/\/35.194.95.18\/wp-admin\/?post_type=product&#038;p=16642"},"modified":"2025-04-07T15:41:39","modified_gmt":"2025-04-07T18:41:39","slug":"muscle-horse-turbo-2-5kg","status":"publish","type":"product","link":"https:\/\/vetsul.com\/index.php\/product\/muscle-horse-turbo-2-5kg\/","title":{"rendered":"MUSCLE HORSE TURBO 2,5kg"},"content":{"rendered":"<p>MUSCLE HORSE TURBO \u00e9 um suplemento vitam\u00ednico amino\u00e1cido para equinos.<\/p>\n<p>&#8211; Melhora o ganho de peso.<\/p>\n<p>&#8211; Aumento da performance.<\/p>\n<p>&#8211; BCAA&#8217;S: Aumenta a energia da c\u00e9lula e reestrutura a fibra muscular.<\/p>\n<p>Indica\u00e7\u00e3o do produto<\/p>\n<p>Suplemento vitam\u00ednico amino\u00e1cido para equinos em crescimento ou adultos submetidos a pr\u00e1tica regular de exerc\u00edcio ou exerc\u00edcios intensos.<\/p>\n<p>Composi\u00e7\u00e3o b\u00e1sica do produto<\/p>\n<p>Saccharomyces cerevisiae, parede celular de levedura, L-lisina, treonina, DL-metionina, isoleucina, triptofano, leucina, valina, glicina, glutamina, creatina, aditivo flavorizante, cloreto de colina, mela\u00e7o de cana em p\u00f3, prote\u00edna texturizada de soja 69,9{bad89740ab836af8afd78adf22d5854117f226b234e4f8ee83a0ac8d28f68ffc}<\/p>\n<p><\/p>\n<p>N\u00edveis de garantia do produto<\/p>\n<p>\u00c1cido Glut\u00e2mico (m\u00edn.) 110 g\/kg<\/p>\n<p>Aditivo Flavorizante 2.000 mg\/kg<\/p>\n<p>Arginina (m\u00edn.) 49 g\/kg<\/p>\n<p>Cistina (m\u00edn.) 9.000 mg\/kg<\/p>\n<p>Colina (m\u00edn.) 10 g\/kg<\/p>\n<p>Creatina (m\u00edn.) 10 g\/kg<\/p>\n<p>Glicina (m\u00edn.) 70 g\/kg <\/p>\n<p>Histidina (m\u00edn.) 18 g\/kg <\/p>\n<p>Isoleucina (m\u00edn.) 39 g\/kg<\/p>\n<p>L-Glutamina (m\u00edn.) 34 g\/kg<\/p>\n<p>Lisina (m\u00edn.) 64 g\/kg<\/p>\n<p>Leucina (m\u00edn.) 59 g\/kg<\/p>\n<p>Mananoligossacar\u00eddeo (m\u00edn.) 15g\/kg<\/p>\n<p>Metionina (m\u00edn.) 34 g\/kg<\/p>\n<p>Prolina (m\u00edn.) 36 g\/kg<\/p>\n<p>Prote\u00edna Bruta (m\u00edn.) 400 g\/kg<\/p>\n<p>Saccharomyces cerevisiae (m\u00edn.) 1&#215;108 UFC\/g<\/p>\n<p>Serina (m\u00edn.) 27 g\/kg<\/p>\n<p>Tirosina (m\u00edn.) 20 g\/kg<\/p>\n<p>Treonina (m\u00edn.) 50 g\/kg<\/p>\n<p>Triptofano (m\u00edn.) 11 g\/kg<\/p>\n<p>&nbsp;Valina (m\u00edn.) 39 g\/kg<\/p>\n","protected":false},"excerpt":{"rendered":"<p>MUSCLE HORSE TURBO \u00e9 um suplemento vitam\u00ednico amino\u00e1cido para equinos. &#8211; Melhora o ganho de peso. &#8211; Aumento da performance. &#8211; BCAA&#8217;S:<\/p>\n","protected":false},"featured_media":16643,"template":"","meta":{"_acf_changed":false},"product_brand":[963],"product_cat":[178],"product_tag":[989],"class_list":{"0":"post-16642","1":"product","2":"type-product","3":"status-publish","4":"has-post-thumbnail","6":"product_brand-organnact","7":"product_cat-suplementos-e-vitaminas-2","8":"product_tag-organnact","10":"first","11":"instock","12":"purchasable","13":"product-type-simple"},"acf":[],"_links":{"self":[{"href":"https:\/\/vetsul.com\/index.php\/wp-json\/wp\/v2\/product\/16642","targetHints":{"allow":["GET"]}}],"collection":[{"href":"https:\/\/vetsul.com\/index.php\/wp-json\/wp\/v2\/product"}],"about":[{"href":"https:\/\/vetsul.com\/index.php\/wp-json\/wp\/v2\/types\/product"}],"wp:featuredmedia":[{"embeddable":true,"href":"https:\/\/vetsul.com\/index.php\/wp-json\/wp\/v2\/media\/16643"}],"wp:attachment":[{"href":"https:\/\/vetsul.com\/index.php\/wp-json\/wp\/v2\/media?parent=16642"}],"wp:term":[{"taxonomy":"product_brand","embeddable":true,"href":"https:\/\/vetsul.com\/index.php\/wp-json\/wp\/v2\/product_brand?post=16642"},{"taxonomy":"product_cat","embeddable":true,"href":"https:\/\/vetsul.com\/index.php\/wp-json\/wp\/v2\/product_cat?post=16642"},{"taxonomy":"product_tag","embeddable":true,"href":"https:\/\/vetsul.com\/index.php\/wp-json\/wp\/v2\/product_tag?post=16642"}],"curies":[{"name":"wp","href":"https:\/\/api.w.org\/{rel}","templated":true}]}}