{"id":16635,"date":"2018-01-05T10:45:00","date_gmt":"2018-01-05T12:45:00","guid":{"rendered":"http:\/\/35.194.95.18\/wp-admin\/?post_type=product&#038;p=16635"},"modified":"2025-04-04T14:52:59","modified_gmt":"2025-04-04T17:52:59","slug":"glicol-turbo-1-5lt","status":"publish","type":"product","link":"https:\/\/vetsul.com\/index.php\/product\/glicol-turbo-1-5lt\/","title":{"rendered":"GLICOL TURBO 1,5lt"},"content":{"rendered":"<p>GLICOL TURBO \u00e9 um suplemento vitam\u00ednico mineral amino\u00e1cido indicado para equinos, muares, asininos, avestruzes e su\u00ednos, para recupera\u00e7\u00e3o do estado corporal, melhora do apetite e do desenvolvimento. Contribui para a melhora da performance atl\u00e9tica. Cont\u00e9m isoleucina, leucina e valina que s\u00e3o amino\u00e1cidos de cadeia ramificada respons\u00e1veis pela recupera\u00e7\u00e3o das fibras musculares no p\u00f3s exerc\u00edcio.<\/p>\n<p>&#8211; Energ\u00e9tico.<\/p>\n<p><\/p>\n<p>&#8211; Melhora do apetite e do desenvolvimento.<\/p>\n<p><\/p>\n<p>&#8211; Melhora do estado corporal.<\/p>\n<p><\/p>\n<p>&#8211; Contribui para a melhora da performance atl\u00e9tica.<\/p>\n<p><\/p>\n<p>&#8211; Amino\u00e1cido dentro do conceito de prote\u00edna ideal.<\/p>\n<p><\/p>\n<p>&#8211; Cot\u00e9m BCAA&#8217;S respons\u00e1veis pela reestrutura\u00e7\u00e3o das fibras musculares p\u00f3s exerc\u00edcio.<\/p>\n<p><\/p>\n<p>COMPOSI\u00c7\u00c3O B\u00c1SICA DO PRODUTO<\/p>\n<p>\u00d3leo de soja refinado, beta hidroxi metil butirato &#8211; hmb, picolinato de cromo, sorbato de potassio, benzoato de sodio, propilparabeno, DL-metionina, glicina, L-carnitina, corante natural caramelo, proteina texturizada de soja, sorbato de potassio, lecitina de soja, aroma de baunilha, agua, glicose, cloreto de colina, L-lisina, betaina, arginina, prolina.<\/p>\n<p>NIVEIS DE GARANTIA<\/p>\n<p>\u00c1cido Aspartico (m\u00edn.) 12 g\/kg<\/p>\n<p>\u00c1cido Glutamico (m\u00edn.) 18 g\/kg<\/p>\n<p>Alanina (m\u00edn.) 4.400 mg\/kg<\/p>\n<p>Arginina (m\u00edn.) 12 g\/kg<\/p>\n<p>Beta hidroxi metil butirato (m\u00edn.) 1.700 mg\/kg<\/p>\n<p>Betaina (m\u00edn.) 9.800 mg\/kg<\/p>\n<p>Cisteina (m\u00edn.) 1.500 mg\/kg<\/p>\n<p>Colina (m\u00edn.) 11 g\/kg<\/p>\n<p>Cromo (m\u00edn.) 89 mg\/kg<\/p>\n<p>DL-Metionina (m\u00edn.) 29.6 g\/kg<\/p>\n<p>Fenilalanina (m\u00edn.) 5.100 mg\/kg<\/p>\n<p>Glicina (m\u00edn.) 44 g\/kg<\/p>\n<p>Glicose (m\u00edn.) 300 g\/kg<\/p>\n<p>Hidoxiprolina (m\u00edn.) 14 g\/kg<\/p>\n<p>Histidina (m\u00edn.) 2.700 mg\/kg<\/p>\n<p>Isoleucina (m\u00edn.) 4.800 mg\/kg<\/p>\n<p>L-carnitina (m\u00edn.) 18 g\/kg<\/p>\n<p>L-Lisina (m\u00edn.) 38 g\/kg<\/p>\n<p>Leucina (m\u00edn.) 7.900 mg\/kg<\/p>\n<p>Prolina (m\u00edn.) 15 g\/kg<\/p>\n<p>Serina (m\u00edn.) 5.000 mg\/kg<\/p>\n<p>Tirosina (m\u00edn.) 3.500 mg\/kg<\/p>\n<p>Treonina (m\u00edn.) 30.4 g\/kg<\/p>\n<p>Triptofano (m\u00edn.) 8.000 mg\/kg<\/p>\n<p>Valina (m\u00edn.) 4.760 mg\/kg<\/p>\n<p>MODO DE USAR<\/p>\n<p>Fornecer por via oral. Equinos, muares e asininos adultos: 25 ml duas vezes ao dia Potros de sobreano: 15 ml duas vezes ao dia Potros e p\u00f4neis: 10 ml duas vezes ao dia Avestruzes filhotes: 2 ml duas vezes ao dia Avestruzes adultos: 10 ml duas vezes ao dia Leit\u00f5es: 1 ml duas vezes ao dia Su\u00ednos adultos: 5 ml duas vezes ao dia.<\/p>\n","protected":false},"excerpt":{"rendered":"<p>GLICOL TURBO \u00e9 um suplemento vitam\u00ednico mineral amino\u00e1cido indicado para equinos, muares, asininos, avestruzes e su\u00ednos, para recupera\u00e7\u00e3o do estado corporal, melhora<\/p>\n","protected":false},"featured_media":16636,"template":"","meta":{"_acf_changed":false},"product_brand":[963],"product_cat":[178],"product_tag":[989],"class_list":{"0":"post-16635","1":"product","2":"type-product","3":"status-publish","4":"has-post-thumbnail","6":"product_brand-organnact","7":"product_cat-suplementos-e-vitaminas-2","8":"product_tag-organnact","10":"first","11":"instock","12":"shipping-taxable","13":"purchasable","14":"product-type-simple"},"acf":[],"_links":{"self":[{"href":"https:\/\/vetsul.com\/index.php\/wp-json\/wp\/v2\/product\/16635","targetHints":{"allow":["GET"]}}],"collection":[{"href":"https:\/\/vetsul.com\/index.php\/wp-json\/wp\/v2\/product"}],"about":[{"href":"https:\/\/vetsul.com\/index.php\/wp-json\/wp\/v2\/types\/product"}],"wp:featuredmedia":[{"embeddable":true,"href":"https:\/\/vetsul.com\/index.php\/wp-json\/wp\/v2\/media\/16636"}],"wp:attachment":[{"href":"https:\/\/vetsul.com\/index.php\/wp-json\/wp\/v2\/media?parent=16635"}],"wp:term":[{"taxonomy":"product_brand","embeddable":true,"href":"https:\/\/vetsul.com\/index.php\/wp-json\/wp\/v2\/product_brand?post=16635"},{"taxonomy":"product_cat","embeddable":true,"href":"https:\/\/vetsul.com\/index.php\/wp-json\/wp\/v2\/product_cat?post=16635"},{"taxonomy":"product_tag","embeddable":true,"href":"https:\/\/vetsul.com\/index.php\/wp-json\/wp\/v2\/product_tag?post=16635"}],"curies":[{"name":"wp","href":"https:\/\/api.w.org\/{rel}","templated":true}]}}