{"id":16630,"date":"2018-01-05T10:34:19","date_gmt":"2018-01-05T12:34:19","guid":{"rendered":"http:\/\/35.194.95.18\/wp-admin\/?post_type=product&#038;p=16630"},"modified":"2025-04-08T10:12:49","modified_gmt":"2025-04-08T13:12:49","slug":"o2-fitoflu-turbo-500ml","status":"publish","type":"product","link":"https:\/\/vetsul.com\/index.php\/product\/o2-fitoflu-turbo-500ml\/","title":{"rendered":"O2 FITOFLU TURBO 500ml"},"content":{"rendered":"<p>O \u00f3leo de Gengibre e o \u00f3leo de Tomilho s\u00e3o produtos muito importantes para a manuten\u00e7\u00e3o das vias respirat\u00f3rias.<\/p>\n<p>Por ser um produto no dopping, o O2 Fitoflu Turbo pode ser usado antes ou durante as atividades esportivas sem comprometer as habilidades do animal.<\/p>\n<p>Indica\u00e7\u00e3o do produto<\/p>\n<p>Suplemento alimentar indicado para equinos submetidos a qualquer tipo de treinamento ou atividade.<\/p>\n<p>Composi\u00e7\u00e3o b\u00e1sica do produto<\/p>\n<p>Extrato de Macleaya cordata, \u00f3leo de eucalipto, \u00f3leo essencial de gengibre, \u00f3leo essencial de tomilho, \u00e1cido asc\u00f3rbico monofosfato, aroma de menta, L-arginina, vitamina A, iodato de c\u00e1lcio, sulfato de cobre, \u00f3xido de zinco, vitamina E.<\/p>\n<p>N\u00edveis de garantia do produto<\/p>\n<p>\u00c1cido Asc\u00f3rbico 11,2g<\/p>\n<p>Cobre 1.000 mg<\/p>\n<p>Iodo 850 mg<\/p>\n<p>L-Arginina 60 g<\/p>\n<p>\u00d3leo de Eucalipto 70 g<\/p>\n<p>\u00d3leo de Gengibre 3.000 mg<\/p>\n<p>\u00d3leo de Tomilho 6.000 mg<\/p>\n<p>Vitamina A 450.000 UI<\/p>\n<p>Vitamina E 120 UI<\/p>\n<p>Zinco 40 g<\/p>\n<p>Modo de usar<\/p>\n<p>Fornecer por via oral 4 ml para cada 100 kg de peso vivo, duas vezes ao dia.<\/p>\n<p>Apresenta\u00e7\u00e3o<\/p>\n<p>Frasco com 500 ml.<\/p>\n","protected":false},"excerpt":{"rendered":"<p>O \u00f3leo de Gengibre e o \u00f3leo de Tomilho s\u00e3o produtos muito importantes para a manuten\u00e7\u00e3o das vias respirat\u00f3rias. Por ser um<\/p>\n","protected":false},"featured_media":16631,"template":"","meta":{"_acf_changed":false},"product_brand":[963],"product_cat":[178],"product_tag":[989],"class_list":{"0":"post-16630","1":"product","2":"type-product","3":"status-publish","4":"has-post-thumbnail","6":"product_brand-organnact","7":"product_cat-suplementos-e-vitaminas-2","8":"product_tag-organnact","10":"first","11":"instock","12":"purchasable","13":"product-type-simple"},"acf":[],"_links":{"self":[{"href":"https:\/\/vetsul.com\/index.php\/wp-json\/wp\/v2\/product\/16630","targetHints":{"allow":["GET"]}}],"collection":[{"href":"https:\/\/vetsul.com\/index.php\/wp-json\/wp\/v2\/product"}],"about":[{"href":"https:\/\/vetsul.com\/index.php\/wp-json\/wp\/v2\/types\/product"}],"wp:featuredmedia":[{"embeddable":true,"href":"https:\/\/vetsul.com\/index.php\/wp-json\/wp\/v2\/media\/16631"}],"wp:attachment":[{"href":"https:\/\/vetsul.com\/index.php\/wp-json\/wp\/v2\/media?parent=16630"}],"wp:term":[{"taxonomy":"product_brand","embeddable":true,"href":"https:\/\/vetsul.com\/index.php\/wp-json\/wp\/v2\/product_brand?post=16630"},{"taxonomy":"product_cat","embeddable":true,"href":"https:\/\/vetsul.com\/index.php\/wp-json\/wp\/v2\/product_cat?post=16630"},{"taxonomy":"product_tag","embeddable":true,"href":"https:\/\/vetsul.com\/index.php\/wp-json\/wp\/v2\/product_tag?post=16630"}],"curies":[{"name":"wp","href":"https:\/\/api.w.org\/{rel}","templated":true}]}}