{"id":16613,"date":"2018-01-05T10:00:15","date_gmt":"2018-01-05T12:00:15","guid":{"rendered":"http:\/\/35.194.95.18\/wp-admin\/?post_type=product&#038;p=16613"},"modified":"2025-04-03T16:12:41","modified_gmt":"2025-04-03T19:12:41","slug":"casco-pelo-500gr","status":"publish","type":"product","link":"https:\/\/vetsul.com\/index.php\/product\/casco-pelo-500gr\/","title":{"rendered":"CASCO &amp; PELO 500gr"},"content":{"rendered":"<p>CASCO &amp; PELO \u00e9 um suplemento vitam\u00ednico mineral amino\u00e1cido para equinos.<\/p>\n<p>&#8211; Manuten\u00e7\u00e3o das caracter\u00edsticas fisiol\u00f3gicas dos cascos e pelos.<\/p>\n<p>&#8211; Zinco: Est\u00edmulo ao crescimento dos cascos e pelos.<\/p>\n<p>Composi\u00e7\u00e3o b\u00e1sica do produto<\/p>\n<p>Biotina, cloreto de colina, DL-metionina, enxofre ventilado (flor de enxofre), fub\u00e1 de milho, levedura inativada, mela\u00e7o, \u00f3xido de zinco, Saccharomyces cerevisiae, vitamina B2, caulim.<\/p>\n<p>N\u00edveis de garantia do produto<\/p>\n<p>Biotina (m\u00edn.) 800 mg\/kg<\/p>\n<p>Colina (m\u00edn.) 30 g\/kg<\/p>\n<p>Enxofre (m\u00edn.) 10 g\/kg<\/p>\n<p>Metionina (m\u00edn.) 100&nbsp; g\/kg<\/p>\n<p>Prote\u00edna Bruta (m\u00edn.) 120 g\/kg<\/p>\n<p>Saccharomyces cerevisiae (m\u00edn.) 3&#215;108 UFC\/g<\/p>\n<p>Vitamina B2 (m\u00edn.) 23 mg\/kg<\/p>\n<p>Zinco (m\u00edn.) 5.000 mg\/kg<\/p>\n<p>Indica\u00e7\u00e3o de uso<\/p>\n<p>Suplemento vitam\u00ednico mineral amino\u00e1cido para equinos.<\/p>\n<p>Modo de usar<\/p>\n<p>Fornecer por via oral, polvilhado sobre a ra\u00e7\u00e3o: 10g \/ animal \/ dia.<\/p>\n<p>Embalagem contendo colher dosadora.<\/p>\n<p>Apresenta\u00e7\u00e3o<\/p>\n<p>Pote com 500g.<\/p>\n","protected":false},"excerpt":{"rendered":"<p>CASCO &amp; PELO \u00e9 um suplemento vitam\u00ednico mineral amino\u00e1cido para equinos. &#8211; Manuten\u00e7\u00e3o das caracter\u00edsticas fisiol\u00f3gicas dos cascos e pelos. &#8211; Zinco:<\/p>\n","protected":false},"featured_media":16614,"template":"","meta":{"_acf_changed":false},"product_brand":[963],"product_cat":[163,178,194],"product_tag":[989],"class_list":{"0":"post-16613","1":"product","2":"type-product","3":"status-publish","4":"has-post-thumbnail","6":"product_brand-organnact","7":"product_cat-equinos","8":"product_cat-suplementos-e-vitaminas-2","9":"product_cat-todos-os-produtos","10":"product_tag-organnact","12":"first","13":"instock","14":"purchasable","15":"product-type-simple"},"acf":[],"_links":{"self":[{"href":"https:\/\/vetsul.com\/index.php\/wp-json\/wp\/v2\/product\/16613","targetHints":{"allow":["GET"]}}],"collection":[{"href":"https:\/\/vetsul.com\/index.php\/wp-json\/wp\/v2\/product"}],"about":[{"href":"https:\/\/vetsul.com\/index.php\/wp-json\/wp\/v2\/types\/product"}],"wp:featuredmedia":[{"embeddable":true,"href":"https:\/\/vetsul.com\/index.php\/wp-json\/wp\/v2\/media\/16614"}],"wp:attachment":[{"href":"https:\/\/vetsul.com\/index.php\/wp-json\/wp\/v2\/media?parent=16613"}],"wp:term":[{"taxonomy":"product_brand","embeddable":true,"href":"https:\/\/vetsul.com\/index.php\/wp-json\/wp\/v2\/product_brand?post=16613"},{"taxonomy":"product_cat","embeddable":true,"href":"https:\/\/vetsul.com\/index.php\/wp-json\/wp\/v2\/product_cat?post=16613"},{"taxonomy":"product_tag","embeddable":true,"href":"https:\/\/vetsul.com\/index.php\/wp-json\/wp\/v2\/product_tag?post=16613"}],"curies":[{"name":"wp","href":"https:\/\/api.w.org\/{rel}","templated":true}]}}