{"id":16609,"date":"2018-01-05T09:32:54","date_gmt":"2018-01-05T11:32:54","guid":{"rendered":"http:\/\/35.194.95.18\/wp-admin\/?post_type=product&#038;p=16609"},"modified":"2025-04-08T10:12:49","modified_gmt":"2025-04-08T13:12:49","slug":"organew-probiotico-prebiotico","status":"publish","type":"product","link":"https:\/\/vetsul.com\/index.php\/product\/organew-probiotico-prebiotico\/","title":{"rendered":"Organew Probi\u00f3tico + Prebi\u00f3tico 1KG"},"content":{"rendered":"<p>Organew<\/p>\n<p>Probi\u00f3tico + Prebi\u00f3tico<\/p>\n<p>Organew re\u00fane em sua formula\u00e7\u00e3o Vitaminas, Amino\u00e1cidos, FOS, MOS e Leveduras Vivas. Esta perfeita combina\u00e7\u00e3o auxilia no desenvolvimento de uma microbiota intestinal saud\u00e1vel, proporcionando melhor digestibilidade dos alimentos e, consequentemente, aumento da efici\u00eancia alimentar.<\/p>\n<p>INDICA\u00c7\u00c3O DO PRODUTO<\/p>\n<p>Suplemento, contendo Amino\u00e1cidos, Vitaminas, Leveduras e Prebi\u00f3tico, indicado para animais em crescimento, ganho de peso, aumento da performance, est\u00edmulo do apetite, melhora na convers\u00e3o alimentar e no desempenho reprodutivo.<\/p>\n<p>Organew cont\u00e9m leveduras vivas, FOS e MOS, que auxiliam no desenvolvimento de uma microbiota intestinal saud\u00e1vel, proporcionando melhor digestibilidade dos alimentos e, conseq\u00fcentemente, aumento da efici\u00eancia alimentar.<\/p>\n<p>N\u00cdVEIS DE GARANTIA POR KG DO PRODUTO<\/p>\n<p>Prote\u00edna Bruta (M\u00edn.)<span>\t<\/span>178,6 g<\/p>\n<p>Umidade (M\u00e1x.)<span>\t<\/span>73,9 g<\/p>\n<p>Materia Fibrosa (M\u00e1x.)<span>\t<\/span>500 mg<\/p>\n<p>Materia Mineral (M\u00e1x.)<span>\t<\/span>61,0 g<\/p>\n<p>Extrato Et\u00e9reo (M\u00edn.)<span>\t<\/span>28,3 g<\/p>\n<p>Vitamina B1 (M\u00edn.)<span>\t<\/span>5,4 mg<\/p>\n<p>Vitamina B12 (M\u00edn.)<span>\t<\/span>24,0 mcg<\/p>\n<p>Vitamina B2 (M\u00edn.)<span>\t<\/span>19,0 mg<\/p>\n<p>Vitamina B6 (M\u00edn.)<span>\t<\/span>11,2 mg<\/p>\n<p>\u00c1cido Asp\u00e1rtico (M\u00edn.)<span>\t<\/span>18,11 g<\/p>\n<p>\u00c1cido F\u00f3lico (M\u00edn.)<span>\t<\/span>10,0 mg<\/p>\n<p>\u00c1cido Glut\u00e2mico (M\u00edn.)<span>\t<\/span>20,36 g<\/p>\n<p>\u00c1cido Nicot\u00ednico (M\u00edn.)<span>\t<\/span>20,3 mg<\/p>\n<p>Alanina (M\u00edn.)<span>\t<\/span>11,97 g<\/p>\n<p>Arginina (M\u00edn.)<span>\t<\/span>9.770 mg<\/p>\n<p>Biotina (M\u00edn.)<span>\t<\/span>2,8 mg<\/p>\n<p>Cistina (M\u00edn.)<span>\t<\/span>2.461 mg<\/p>\n<p>Colina (M\u00edn.)<span>\t<\/span>750 mg<\/p>\n<p>Fenilalanina (M\u00edn.)<span>\t<\/span>7.130 mg<\/p>\n<p>Fruto-oligossacar\u00eddeos<span>\t<\/span>2.000 mg<\/p>\n<p>Glicina (M\u00edn.)<span>\t<\/span>8.481 mg<\/p>\n<p>Histidina (M\u00edn.)<span>\t<\/span>3.526 mg<\/p>\n<p>Isoleucina (M\u00edn.)<span>\t<\/span>8.740 mg<\/p>\n<p>Leucina (M\u00edn.)<span>\t<\/span>13,3 g<\/p>\n<p>Lisina (M\u00edn.)<span>\t<\/span>16,68 g<\/p>\n<p>Mananoligossacar\u00eddeo<span>\t<\/span>1.000 mg<\/p>\n<p>Metionina (M\u00edn.)<span>\t<\/span>6.649 mg<\/p>\n<p>Prolina (M\u00edn.)<span>\t<\/span>7.327 mg<\/p>\n<p>Saccharomyces cerevisiae<span>\t<\/span>9\u00d7109 UFC<\/p>\n<p>Serina (M\u00edn.)<span>\t<\/span>9.803 mg<\/p>\n<p>Tirosina (M\u00edn.)<span>\t<\/span>4.570 mg<\/p>\n<p>Treonina (M\u00edn.)<span>\t<\/span>7.699 mg<\/p>\n<p>Valina (M\u00edn.)<span>\t<\/span>9.668 mg<\/p>\n<p>MODO DE USAR<\/p>\n<p>Para ser usado por via oral, adicionado ao alimento.<\/p>\n<p>Equinos, muares, asininos, bovinos e bubalinos: 5 a 10 g, uma vez ao dia.<\/p>\n<p>Ovinos, caprinos e avestruzes: 2,5 a 5 g, uma vez ao dia.<\/p>\n<p>Su\u00ednos: 2,5 a 5 g, uma vez ao dia, ou 1 a 2 g por kg de ra\u00e7\u00e3o.<\/p>\n","protected":false},"excerpt":{"rendered":"<p>Organew Probi\u00f3tico + Prebi\u00f3tico Organew re\u00fane em sua formula\u00e7\u00e3o Vitaminas, Amino\u00e1cidos, FOS, MOS e Leveduras Vivas. Esta perfeita combina\u00e7\u00e3o auxilia no desenvolvimento<\/p>\n","protected":false},"featured_media":16610,"template":"","meta":{"_acf_changed":false},"product_brand":[954],"product_cat":[173,178],"product_tag":[991],"class_list":{"0":"post-16609","1":"product","2":"type-product","3":"status-publish","4":"has-post-thumbnail","6":"product_brand-vetnil","7":"product_cat-suplementos-e-vitaminas","8":"product_cat-suplementos-e-vitaminas-2","9":"product_tag-vetnil","11":"first","12":"instock","13":"purchasable","14":"product-type-simple"},"acf":[],"_links":{"self":[{"href":"https:\/\/vetsul.com\/index.php\/wp-json\/wp\/v2\/product\/16609","targetHints":{"allow":["GET"]}}],"collection":[{"href":"https:\/\/vetsul.com\/index.php\/wp-json\/wp\/v2\/product"}],"about":[{"href":"https:\/\/vetsul.com\/index.php\/wp-json\/wp\/v2\/types\/product"}],"wp:featuredmedia":[{"embeddable":true,"href":"https:\/\/vetsul.com\/index.php\/wp-json\/wp\/v2\/media\/16610"}],"wp:attachment":[{"href":"https:\/\/vetsul.com\/index.php\/wp-json\/wp\/v2\/media?parent=16609"}],"wp:term":[{"taxonomy":"product_brand","embeddable":true,"href":"https:\/\/vetsul.com\/index.php\/wp-json\/wp\/v2\/product_brand?post=16609"},{"taxonomy":"product_cat","embeddable":true,"href":"https:\/\/vetsul.com\/index.php\/wp-json\/wp\/v2\/product_cat?post=16609"},{"taxonomy":"product_tag","embeddable":true,"href":"https:\/\/vetsul.com\/index.php\/wp-json\/wp\/v2\/product_tag?post=16609"}],"curies":[{"name":"wp","href":"https:\/\/api.w.org\/{rel}","templated":true}]}}