{"id":16607,"date":"2018-01-05T09:27:04","date_gmt":"2018-01-05T11:27:04","guid":{"rendered":"http:\/\/35.194.95.18\/wp-admin\/?post_type=product&#038;p=16607"},"modified":"2025-08-11T13:26:23","modified_gmt":"2025-08-11T16:26:23","slug":"oleo-canforado-composto-10-ml","status":"publish","type":"product","link":"https:\/\/vetsul.com\/index.php\/product\/oleo-canforado-composto-10-ml\/","title":{"rendered":"OLEO CANFORADO COMPOSTO 20 ML"},"content":{"rendered":"<p>Adjuvante no tratamento das pneumonias, pleuropneumonias, broncopneumonias, bronquites e traqueobronquites.<\/p>\n<p>Ampola contendo 10mL.<\/p>\n<p>F\u00f3rmula:<\/p>\n<p>Cada 10mL cont\u00e9m:<\/p>\n<p>Guaiacol<span style=\"white-space:pre\">\t<\/span>0,25g<\/p>\n<p>Eucaliptol<span style=\"white-space:pre\">\t<\/span>0,6g<\/p>\n<p>C\u00e2nfora<span style=\"white-space:pre\">\t<\/span>1,5g<\/p>\n<p>Clorofila<span style=\"white-space:pre\">\t<\/span>0,02g<\/p>\n<p>Ve\u00edculo q.s.p.<span style=\"white-space:pre\">\t<\/span>10,0mL<\/p>\n<div><\/div>\n","protected":false},"excerpt":{"rendered":"<p>Adjuvante no tratamento das pneumonias, pleuropneumonias, broncopneumonias, bronquites e traqueobronquites. Ampola contendo 10mL. F\u00f3rmula: Cada 10mL cont\u00e9m: Guaiacol 0,25g Eucaliptol 0,6g C\u00e2nfora<\/p>\n","protected":false},"featured_media":16608,"template":"","meta":{"_acf_changed":false},"product_brand":[958],"product_cat":[164,163],"product_tag":[993],"class_list":{"0":"post-16607","1":"product","2":"type-product","3":"status-publish","4":"has-post-thumbnail","6":"product_brand-biofarm","7":"product_cat-bovinos-e-ovinos","8":"product_cat-equinos","9":"product_tag-biofarm","11":"first","12":"instock","13":"purchasable","14":"product-type-simple"},"acf":[],"_links":{"self":[{"href":"https:\/\/vetsul.com\/index.php\/wp-json\/wp\/v2\/product\/16607","targetHints":{"allow":["GET"]}}],"collection":[{"href":"https:\/\/vetsul.com\/index.php\/wp-json\/wp\/v2\/product"}],"about":[{"href":"https:\/\/vetsul.com\/index.php\/wp-json\/wp\/v2\/types\/product"}],"wp:featuredmedia":[{"embeddable":true,"href":"https:\/\/vetsul.com\/index.php\/wp-json\/wp\/v2\/media\/16608"}],"wp:attachment":[{"href":"https:\/\/vetsul.com\/index.php\/wp-json\/wp\/v2\/media?parent=16607"}],"wp:term":[{"taxonomy":"product_brand","embeddable":true,"href":"https:\/\/vetsul.com\/index.php\/wp-json\/wp\/v2\/product_brand?post=16607"},{"taxonomy":"product_cat","embeddable":true,"href":"https:\/\/vetsul.com\/index.php\/wp-json\/wp\/v2\/product_cat?post=16607"},{"taxonomy":"product_tag","embeddable":true,"href":"https:\/\/vetsul.com\/index.php\/wp-json\/wp\/v2\/product_tag?post=16607"}],"curies":[{"name":"wp","href":"https:\/\/api.w.org\/{rel}","templated":true}]}}