{"id":16590,"date":"2018-01-05T08:50:46","date_gmt":"2018-01-05T10:50:46","guid":{"rendered":"http:\/\/35.194.95.18\/wp-admin\/?post_type=product&#038;p=16590"},"modified":"2025-04-08T10:12:49","modified_gmt":"2025-04-08T13:12:49","slug":"organovit-500-ml-modificador-organico","status":"publish","type":"product","link":"https:\/\/vetsul.com\/index.php\/product\/organovit-500-ml-modificador-organico\/","title":{"rendered":"ORGANOVIT 500 ML &#8211; MODIFICADOR ORGANICO"},"content":{"rendered":"<p>COMPOSI\u00c7\u00c3O:&nbsp;&nbsp;&nbsp;&nbsp;<\/p>\n<p>Vitamina E: 100 UI<\/p>\n<p>Vitamina D2: 2.000.000 UI<\/p>\n<p>Vitamina B12: 5.000 \u00b5g<\/p>\n<p>Cloridrato de L-arginina:200mg<\/p>\n<p>Cloridrato de L-histidina:210mg<\/p>\n<p>Cloridrato de L-lisina: 1.000mg<\/p>\n<p>L-leucina: 210mg<\/p>\n<p>L-triptofano: 50mg<\/p>\n<p>L-valina: 200mg<\/p>\n<p>DL-metionina: 210mg<\/p>\n<p>Glicina: 420mg<\/p>\n<p>Cloreto de cobalto: 13mg<\/p>\n<p>Sulfato de cobre: 2mg<\/p>\n<p>Iodeto de pot\u00e1ssio: 15mg<\/p>\n<p>Cloreto de zinco: 10mg<\/p>\n<p>Cloreto de s\u00f3dio: 42mg<\/p>\n<p>Hipofosfito de c\u00e1lcio: 1.500mg<\/p>\n<p>Cloreto de magn\u00e9sio: 210mg<\/p>\n<p>Monoglutamato de s\u00f3dio: 420mg<\/p>\n<p>\u00c1cido ol\u00e9ico: 375mg<\/p>\n<p>Hidr\u00f3xido de alum\u00ednio: 30mg<\/p>\n<p>Ve\u00edculo q.s.p.: 100mL<\/p>\n<p>INDICA\u00c7\u00d5ES:<\/p>\n<p>Regulador do metabolismo, promotor de crescimento, estimulante org\u00e2nico das defici\u00eancias causadas pela car\u00eancia de amino\u00e1cidos, vitaminas e oligoelementos.&nbsp;<\/p>\n<p>Como suplemento auxiliar nas defici\u00eancias nutricionais e como coadjuvante no tratamento de doen\u00e7as infecciosas e parasit\u00e1rias.<\/p>\n<p>MODO DE USAR E DOSAGENS:<\/p>\n<p>Administra\u00e7\u00e3o subcut\u00e2nea, na dose de 10mL para bovinos adultos e 5mL para bezerros, caprinos e ovinos.<\/p>\n","protected":false},"excerpt":{"rendered":"<p>COMPOSI\u00c7\u00c3O:&nbsp;&nbsp;&nbsp;&nbsp; Vitamina E: 100 UI Vitamina D2: 2.000.000 UI Vitamina B12: 5.000 \u00b5g Cloridrato de L-arginina:200mg Cloridrato de L-histidina:210mg Cloridrato de L-lisina:<\/p>\n","protected":false},"featured_media":16591,"template":"","meta":{"_acf_changed":false},"product_brand":[958],"product_cat":[173],"product_tag":[993],"class_list":{"0":"post-16590","1":"product","2":"type-product","3":"status-publish","4":"has-post-thumbnail","6":"product_brand-biofarm","7":"product_cat-suplementos-e-vitaminas","8":"product_tag-biofarm","10":"first","11":"instock","12":"purchasable","13":"product-type-simple"},"acf":[],"_links":{"self":[{"href":"https:\/\/vetsul.com\/index.php\/wp-json\/wp\/v2\/product\/16590","targetHints":{"allow":["GET"]}}],"collection":[{"href":"https:\/\/vetsul.com\/index.php\/wp-json\/wp\/v2\/product"}],"about":[{"href":"https:\/\/vetsul.com\/index.php\/wp-json\/wp\/v2\/types\/product"}],"wp:featuredmedia":[{"embeddable":true,"href":"https:\/\/vetsul.com\/index.php\/wp-json\/wp\/v2\/media\/16591"}],"wp:attachment":[{"href":"https:\/\/vetsul.com\/index.php\/wp-json\/wp\/v2\/media?parent=16590"}],"wp:term":[{"taxonomy":"product_brand","embeddable":true,"href":"https:\/\/vetsul.com\/index.php\/wp-json\/wp\/v2\/product_brand?post=16590"},{"taxonomy":"product_cat","embeddable":true,"href":"https:\/\/vetsul.com\/index.php\/wp-json\/wp\/v2\/product_cat?post=16590"},{"taxonomy":"product_tag","embeddable":true,"href":"https:\/\/vetsul.com\/index.php\/wp-json\/wp\/v2\/product_tag?post=16590"}],"curies":[{"name":"wp","href":"https:\/\/api.w.org\/{rel}","templated":true}]}}