{"id":16586,"date":"2018-01-05T08:42:54","date_gmt":"2018-01-05T10:42:54","guid":{"rendered":"http:\/\/35.194.95.18\/wp-admin\/?post_type=product&#038;p=16586"},"modified":"2025-02-07T16:00:15","modified_gmt":"2025-02-07T19:00:15","slug":"maxicam-gel-30grs","status":"publish","type":"product","link":"https:\/\/vetsul.com\/index.php\/product\/maxicam-gel-30grs\/","title":{"rendered":"MAXICAM GEL 30grs"},"content":{"rendered":"<p>F\u00f3rmula:<\/p>\n<p>Cada 100 g cont\u00e9m:<\/p>\n<p>Meloxicam&#8230;&#8230;&#8230;&#8230;&#8230;&#8230;&#8230;&#8230;&#8230;&#8230;&#8230;&#8230;&#8230;&#8230;&#8230;&#8230;&#8230;&#8230;&#8230;&#8230;&#8230;&#8230;&#8230;..4,50 g&nbsp;<\/p>\n<p>Vitamina E (acetato)&#8230;&#8230;&#8230;&#8230;&#8230;&#8230;&#8230;&#8230;&#8230;&#8230;&#8230;&#8230;&#8230;&#8230;&#8230;&#8230;&#8230;&#8230;..7,50 g<\/p>\n<p>Ve\u00edculo q.s.p. &#8230;&#8230;&#8230;&#8230;&#8230;&#8230;&#8230;&#8230;&#8230;&#8230;&#8230;&#8230;&#8230;&#8230;&#8230;&#8230;&#8230;&#8230;&#8230;&#8230;..100,00 g<\/p>\n<p>Indica\u00e7\u00f5es:<\/p>\n<p>MAXICAM GEL \u00e9 um antiinflamat\u00f3rio n\u00e3o ester\u00f3ide, com atividade inibidora seletiva da cicloxigenase-2 (COX 2), indicado nos seguintes processos inflamat\u00f3rios dos eq\u00fc\u00eddeos:<\/p>\n<p>-Patologias do aparelho locomotor e doen\u00e7as m\u00fasculo-esquel\u00e9ticas, como: miosites, tendinites, oste\u00edtes, artrites, artrites reumat\u00f3ides, osteoartrites, osteoartrose, sinovites, distens\u00f5es miotendinosas, traumatismos, claudica\u00e7\u00f5es, s\u00edndrome do navicular, laminites e auxiliar na repara\u00e7\u00e3o de fraturas.<\/p>\n<p>-Afec\u00e7\u00f5es oculares: uve\u00edtes, conjuntivites, p\u00f3s-operat\u00f3rio.<\/p>\n<p>Desordens de ordem reprodutiva como reten\u00e7\u00e3o de placenta.<\/p>\n<p>-Metrites e mastites.<\/p>\n<p>-Analgesia pr\u00e9 e p\u00f3s-operat\u00f3ria.<\/p>\n<p>-Auxiliar no tratamento de infec\u00e7\u00f5es bacterianas ou cr\u00f4nicas (pneumonias e diarr\u00e9ias) e quadros febris.<\/p>\n<p>Dosagem:<\/p>\n<p>Dosagem para Eq\u00fc\u00eddeos<\/p>\n<p>(eq\u00fcinos, asininos e muares)<\/p>\n<p>0,27 g de meloxicam para cada 450 kg de peso corporal.<\/p>\n<p>(0,6 mg de meloxicam por kg de peso corporal)<\/p>\n<p>0,45 g de vitamina E para cada 450 kg de peso corporal.<\/p>\n<p>(1 mg de vitamina E por kg de peso corporal)<\/p>\n<p>A dosagem para eq\u00fc\u00eddeos est\u00e1 ajustada para 0,6 mg de meloxicam por kg de peso corporal e 1 mg de vitamina E por kg de peso corporal.<\/p>\n<p>Dura\u00e7\u00e3o do tratamento:<\/p>\n<p>A dura\u00e7\u00e3o m\u00e9dia do tratamento \u00e9 de 5 dias ou dever\u00e1 ser estipulada de acordo com a gravidade do quadro cl\u00ednico e tipo de afec\u00e7\u00e3o a ser tratada. Nas patologias cr\u00f4nicas, podem ser necess\u00e1rios tratamentos prolongados por um per\u00edodo de at\u00e9 14 dias, ou a crit\u00e9rio do m\u00e9dico veterin\u00e1rio.&nbsp;<\/p>\n<p>Administra\u00e7\u00e3o:<\/p>\n<p>MAXICAM GEL deve ser administrado uma vez ao dia (a cada 24 horas), via oral, de acordo com a gradua\u00e7\u00e3o da seringa.<\/p>\n<p>A seringa \u00e9 graduada para 5 dias de tratamento para animais adultos. Para potros administrar metade da dosagem (metade de uma gradua\u00e7\u00e3o da seringa).&nbsp;<\/p>\n<p>Precau\u00e7\u00f5es:<\/p>\n<p>Intera\u00e7\u00f5es medicamentosas:<\/p>\n<p>N\u00e3o administrar juntamente com outros antiinflamat\u00f3rios. Recomenda-se um per\u00edodo de 24 horas de intervalo entre um tratamento e outro, ou de acordo com a farmacocin\u00e9tica da droga anteriormente utilizada.<\/p>\n<p>N\u00e3o administrar juntamente com antibi\u00f3ticos do grupo dos aminoglicos\u00eddeos.&nbsp;<\/p>\n<p>N\u00e3o administrar juntamente com agentes anticoagulantes como a warfarina e a aspirina.<\/p>\n<p>Contra-indica\u00e7\u00f5es e limita\u00e7\u00f5es de uso:<\/p>\n<p>N\u00e3o administrar em animais com dist\u00farbios card\u00edacos, hep\u00e1ticos ou renais severos.&nbsp;<\/p>\n<p>N\u00e3o administrar em animais com ulcera\u00e7\u00e3o gastrintestinal ou que apresentarem desordens hemorr\u00e1gicas ou hipersensibilidade ao produto.<\/p>\n<p>Evitar a administra\u00e7\u00e3o em animais desidratados, hipovol\u00eamicos ou hipotensos.<\/p>\n<p>Precau\u00e7\u00f5es:<\/p>\n<p>Obedecer \u00e0 dosagem e via de administra\u00e7\u00e3o indicada para o uso do produto.<\/p>\n<p>O tratamento de animais idosos ou com menos de 06 semanas de idade deve ser acompanhado pelo m\u00e9dico veterin\u00e1rio.<\/p>\n<p>Efeitos adversos:<\/p>\n<p>Podem ocorrer rea\u00e7\u00f5es gerais como diminui\u00e7\u00e3o do apetite, diarr\u00e9ia, melena e apatia. Estas rea\u00e7\u00f5es s\u00e3o geralmente transit\u00f3rias e tendem a desaparecer com a interrup\u00e7\u00e3o ou t\u00e9rmino do tratamento.<\/p>\n<p>Informa\u00e7\u00f5es para uso m\u00e9dico:<\/p>\n<p>O meloxicam \u00e9 um antiinflamat\u00f3rio n\u00e3o ester\u00f3ide da fam\u00edlia dos oxicans, e n\u00e3o possui ant\u00eddoto espec\u00edfico. No caso de intoxica\u00e7\u00f5es, realizar tratamento sintom\u00e1tico.<\/p>\n<p>Per\u00edodo de car\u00eancia:<\/p>\n<p>N\u00e3o destinar ao consumo humano a carne de animais tratados antes de decorridos 3 dias da \u00faltima aplica\u00e7\u00e3o do produto.<\/p>\n<p>Conservar em local seco e fresco, \u00e0 temperatura ambiente, ao abrigo da luz solar, fora do alcance de crian\u00e7as e animais dom\u00e9sticos.<\/p>\n<p>Venda sob prescri\u00e7\u00e3o e administra\u00e7\u00e3o sob orienta\u00e7\u00e3o do m\u00e9dico veterin\u00e1rio.<\/p>\n<p>Apresenta\u00e7\u00e3o:<\/p>\n<p>Seringa pl\u00e1stica graduada contendo 30 gramas do produto.<\/p>\n<p>Classe Terap\u00eautica:<\/p>\n<p>ANTI-INFLAMAT\u00d3RIOS, ANTI-PIR\u00c9TICOS, ANTI-ALERGICOS E ANALG\u00c9SICOS<\/p>\n<p>Princ\u00edpio(s) Ativo(s):<\/p>\n<p>OUTROS<\/p>\n<p>MELOXICAN<\/p>\n<p>Registro no Minist\u00e9rio da Agricultura, Pecu\u00e1ria e Abastecimento: n\u00ba 9192 em 05\/01\/06<\/p>\n<p>Respons\u00e1vel T\u00e9cnico:<\/p>\n<p>Dr. Fausto Eduardo Fonseca Terra &#8211; CRMV: CRMV\/SP \u2013 10.300<\/p>\n","protected":false},"excerpt":{"rendered":"<p>F\u00f3rmula: Cada 100 g cont\u00e9m: Meloxicam&#8230;&#8230;&#8230;&#8230;&#8230;&#8230;&#8230;&#8230;&#8230;&#8230;&#8230;&#8230;&#8230;&#8230;&#8230;&#8230;&#8230;&#8230;&#8230;&#8230;&#8230;&#8230;&#8230;..4,50 g&nbsp; Vitamina E (acetato)&#8230;&#8230;&#8230;&#8230;&#8230;&#8230;&#8230;&#8230;&#8230;&#8230;&#8230;&#8230;&#8230;&#8230;&#8230;&#8230;&#8230;&#8230;..7,50 g Ve\u00edculo q.s.p. &#8230;&#8230;&#8230;&#8230;&#8230;&#8230;&#8230;&#8230;&#8230;&#8230;&#8230;&#8230;&#8230;&#8230;&#8230;&#8230;&#8230;&#8230;&#8230;&#8230;..100,00 g Indica\u00e7\u00f5es: MAXICAM GEL \u00e9 um antiinflamat\u00f3rio n\u00e3o<\/p>\n","protected":false},"featured_media":16587,"template":"","meta":{"_acf_changed":false},"product_brand":[955],"product_cat":[174],"product_tag":[],"class_list":{"0":"post-16586","1":"product","2":"type-product","3":"status-publish","4":"has-post-thumbnail","6":"product_brand-ouro-fino","7":"product_cat-anti-inflamatorios-3","9":"first","10":"outofstock","11":"purchasable","12":"product-type-simple"},"acf":[],"_links":{"self":[{"href":"https:\/\/vetsul.com\/index.php\/wp-json\/wp\/v2\/product\/16586","targetHints":{"allow":["GET"]}}],"collection":[{"href":"https:\/\/vetsul.com\/index.php\/wp-json\/wp\/v2\/product"}],"about":[{"href":"https:\/\/vetsul.com\/index.php\/wp-json\/wp\/v2\/types\/product"}],"wp:featuredmedia":[{"embeddable":true,"href":"https:\/\/vetsul.com\/index.php\/wp-json\/wp\/v2\/media\/16587"}],"wp:attachment":[{"href":"https:\/\/vetsul.com\/index.php\/wp-json\/wp\/v2\/media?parent=16586"}],"wp:term":[{"taxonomy":"product_brand","embeddable":true,"href":"https:\/\/vetsul.com\/index.php\/wp-json\/wp\/v2\/product_brand?post=16586"},{"taxonomy":"product_cat","embeddable":true,"href":"https:\/\/vetsul.com\/index.php\/wp-json\/wp\/v2\/product_cat?post=16586"},{"taxonomy":"product_tag","embeddable":true,"href":"https:\/\/vetsul.com\/index.php\/wp-json\/wp\/v2\/product_tag?post=16586"}],"curies":[{"name":"wp","href":"https:\/\/api.w.org\/{rel}","templated":true}]}}