{"id":16580,"date":"2018-01-05T08:30:34","date_gmt":"2018-01-05T10:30:34","guid":{"rendered":"http:\/\/35.194.95.18\/wp-admin\/?post_type=product&#038;p=16580"},"modified":"2025-04-08T10:12:49","modified_gmt":"2025-04-08T13:12:49","slug":"organnact-prata","status":"publish","type":"product","link":"https:\/\/vetsul.com\/index.php\/product\/organnact-prata\/","title":{"rendered":"ORGANNACT PRATA"},"content":{"rendered":"<p>O ORGANNACT PRATA possui em sua formula\u00e7\u00e3o os mais eficientes componentes, cujo princ\u00edpio ativo tem a fun\u00e7\u00e3o de curar as mi\u00edases dos animais. O Fenitrothion geralmente expulsa a larva da ferida, deixando o local livre para a cicatriza\u00e7\u00e3o. A Clorexidina \u00e9 um eficaz antibacteriano e antiss\u00e9ptico, tem a fun\u00e7\u00e3o de cicatrizar a ferida em tempo recorde e impedir a prolifera\u00e7\u00e3o de bact\u00e9rias. O alum\u00ednio \u00e9 o ve\u00edculo protetor que garante a a\u00e7\u00e3o do produto e, consequentemente, a recupera\u00e7\u00e3o do animal.<\/p>\n<p>INDICA\u00c7\u00d5ES DE USO<\/p>\n<p>Produto indicado para o tratamento de bicheiras (mi\u00edases), profilaxia em feridas acidentais e por outras causas, tais como castra\u00e7\u00e3o, descorna, tosquia, marca\u00e7\u00e3o, amputa\u00e7\u00e3o e p\u00f3s-operat\u00f3rio em geral. Tamb\u00e9m em rachaduras de cascos e umbigo de bezerros rec\u00e9m-nascidos.<\/p>\n<p>F\u00f3rmula (cada 100 ml cont\u00e9m)<\/p>\n<p>Fenitrothion 6,63 g<\/p>\n<p>Cloridrato de Clorexidina 0,15 g<\/p>\n<p>Alumin\u00edo 3,00 g<\/p>\n<p>Ve\u00edculo q.s.p 100 ml<\/p>\n<p>Propelente: propano\/butano 100 g<\/p>\n<p>Modo de Usar<\/p>\n<p>USO T\u00d3PICO. Agitar o tubo e aspergir diretamente sobre o local afetado. Para isto, posicionar o tubo em qualquer posi\u00e7\u00e3o, mesmo de cabe\u00e7a para baixo, e pressionar a v\u00e1lvula dirigindo o fluxo de aerossol para a ferida e regi\u00e3o pr\u00f3xima. Manter o tubo \u201cspray\u201d a uma dist\u00e2ncia de 10 a 15 cm da regi\u00e3o a ser tratada.<\/p>\n","protected":false},"excerpt":{"rendered":"<p>O ORGANNACT PRATA possui em sua formula\u00e7\u00e3o os mais eficientes componentes, cujo princ\u00edpio ativo tem a fun\u00e7\u00e3o de curar as mi\u00edases dos<\/p>\n","protected":false},"featured_media":16581,"template":"","meta":{"_acf_changed":false},"product_brand":[963],"product_cat":[185,188],"product_tag":[989],"class_list":{"0":"post-16580","1":"product","2":"type-product","3":"status-publish","4":"has-post-thumbnail","6":"product_brand-organnact","7":"product_cat-cicatrizantes-e-mata-bicheiras","8":"product_cat-cicatrizantes-e-mata-bicheiras-3","9":"product_tag-organnact","11":"first","12":"instock","13":"purchasable","14":"product-type-simple"},"acf":[],"_links":{"self":[{"href":"https:\/\/vetsul.com\/index.php\/wp-json\/wp\/v2\/product\/16580","targetHints":{"allow":["GET"]}}],"collection":[{"href":"https:\/\/vetsul.com\/index.php\/wp-json\/wp\/v2\/product"}],"about":[{"href":"https:\/\/vetsul.com\/index.php\/wp-json\/wp\/v2\/types\/product"}],"wp:featuredmedia":[{"embeddable":true,"href":"https:\/\/vetsul.com\/index.php\/wp-json\/wp\/v2\/media\/16581"}],"wp:attachment":[{"href":"https:\/\/vetsul.com\/index.php\/wp-json\/wp\/v2\/media?parent=16580"}],"wp:term":[{"taxonomy":"product_brand","embeddable":true,"href":"https:\/\/vetsul.com\/index.php\/wp-json\/wp\/v2\/product_brand?post=16580"},{"taxonomy":"product_cat","embeddable":true,"href":"https:\/\/vetsul.com\/index.php\/wp-json\/wp\/v2\/product_cat?post=16580"},{"taxonomy":"product_tag","embeddable":true,"href":"https:\/\/vetsul.com\/index.php\/wp-json\/wp\/v2\/product_tag?post=16580"}],"curies":[{"name":"wp","href":"https:\/\/api.w.org\/{rel}","templated":true}]}}