{"id":16578,"date":"2018-01-05T08:27:10","date_gmt":"2018-01-05T10:27:10","guid":{"rendered":"http:\/\/35.194.95.18\/wp-admin\/?post_type=product&#038;p=16578"},"modified":"2025-02-07T16:23:53","modified_gmt":"2025-02-07T19:23:53","slug":"lepecid-br-spray-475-ml","status":"publish","type":"product","link":"https:\/\/vetsul.com\/index.php\/product\/lepecid-br-spray-475-ml\/","title":{"rendered":"LEPECID BR SPRAY 475 ML"},"content":{"rendered":"<p>Lepecid BR Spray \u00e9 excelente para o tratamento e prote\u00e7\u00e3o das feridas contra bicheiras. \u00c9 larvicida, bernicida, repelente e cicratizante.<\/p>\n<p>F\u00f3rmula:<\/p>\n<p>Cada 100 ml cont\u00e9m:<\/p>\n<p>Clorpirif\u00f3s &#8230;&#8230;&#8230;&#8230;&#8230;&#8230;&#8230;&#8230;&#8230;&#8230;&#8230;&#8230;&#8230;&#8230;&#8230;&#8230;&#8230;&#8230;&#8230; 0,71 g<\/p>\n<p>Diclorv\u00f3s (DDVP) &#8230;&#8230;&#8230;&#8230;&#8230;&#8230;&#8230;&#8230;&#8230;&#8230;&#8230;&#8230;&#8230;&#8230;.. 1,15 g<\/p>\n<p>Violeta de genciana &#8230;&#8230;&#8230;&#8230;&#8230;&#8230;&#8230;&#8230;&#8230;&#8230;&#8230;&#8230;&#8230;. 0,17 g<\/p>\n<p>Ve\u00edculo q.s.p. &#8230;&#8230;&#8230;&#8230;&#8230;&#8230;&#8230;&#8230;&#8230;&#8230;&#8230;&#8230;&#8230;&#8230;&#8230;&#8230;&#8230;.100,00 ml<\/p>\n<p>Propelente: Butano<\/p>\n<p>Indica\u00e7\u00f5es:<\/p>\n<p>Indica\u00e7\u00f5es e modo de uso:<\/p>\n<p>\u00c9 indicado no combate \u00e0s mi\u00edases cut\u00e2neas (bicheiras), nas castra\u00e7\u00f5es, descornas, cura do umbigo dos rec\u00e9m nascidos, nos ferimentos e cirurgias de pele em geral, para bovinos, equinos, ovinos e su\u00ednos. Aplicar o produto em toda a \u00e1rea afetada, bem como ao seu redor, mantendo o tubo de &#8220;spray&#8221; a uma dist\u00e2ncia de 10 &#8211; 20 cm da regi\u00e3o a ser tratada.<\/p>\n<p>Dosagem:<\/p>\n<p>Aplicar o produto em toda a \u00e1rea afetada, bem como ao seu redor, mantendo o tubo de &#8220;spray&#8221; a uma dist\u00e2ncia de 10 &#8211; 20 cm da regi\u00e3o a ser tratada.<\/p>\n<p>Administra\u00e7\u00e3o:<\/p>\n<p>Uso externo.<\/p>\n<p>Aplicar o produto em toda a \u00e1rea afetada, bem como ao seu redor, mantendo o tubo de &#8220;spray&#8221; a uma dist\u00e2ncia de 10 &#8211; 20 cm da regi\u00e3o a ser tratada.<\/p>\n<p>Per\u00edodo de car\u00eancia:<\/p>\n<p>N\u00e3o se aplica. Produto de uso t\u00f3pico.<\/p>\n","protected":false},"excerpt":{"rendered":"<p>Lepecid BR Spray \u00e9 excelente para o tratamento e prote\u00e7\u00e3o das feridas contra bicheiras. \u00c9 larvicida, bernicida, repelente e cicratizante. F\u00f3rmula: Cada<\/p>\n","protected":false},"featured_media":16579,"template":"","meta":{"_acf_changed":false},"product_brand":[],"product_cat":[185,188],"product_tag":[],"class_list":{"0":"post-16578","1":"product","2":"type-product","3":"status-publish","4":"has-post-thumbnail","6":"product_cat-cicatrizantes-e-mata-bicheiras","7":"product_cat-cicatrizantes-e-mata-bicheiras-3","9":"first","10":"outofstock","11":"shipping-taxable","12":"purchasable","13":"product-type-simple"},"acf":[],"_links":{"self":[{"href":"https:\/\/vetsul.com\/index.php\/wp-json\/wp\/v2\/product\/16578","targetHints":{"allow":["GET"]}}],"collection":[{"href":"https:\/\/vetsul.com\/index.php\/wp-json\/wp\/v2\/product"}],"about":[{"href":"https:\/\/vetsul.com\/index.php\/wp-json\/wp\/v2\/types\/product"}],"wp:featuredmedia":[{"embeddable":true,"href":"https:\/\/vetsul.com\/index.php\/wp-json\/wp\/v2\/media\/16579"}],"wp:attachment":[{"href":"https:\/\/vetsul.com\/index.php\/wp-json\/wp\/v2\/media?parent=16578"}],"wp:term":[{"taxonomy":"product_brand","embeddable":true,"href":"https:\/\/vetsul.com\/index.php\/wp-json\/wp\/v2\/product_brand?post=16578"},{"taxonomy":"product_cat","embeddable":true,"href":"https:\/\/vetsul.com\/index.php\/wp-json\/wp\/v2\/product_cat?post=16578"},{"taxonomy":"product_tag","embeddable":true,"href":"https:\/\/vetsul.com\/index.php\/wp-json\/wp\/v2\/product_tag?post=16578"}],"curies":[{"name":"wp","href":"https:\/\/api.w.org\/{rel}","templated":true}]}}