{"id":16566,"date":"2018-01-04T16:25:13","date_gmt":"2018-01-04T18:25:13","guid":{"rendered":"http:\/\/35.194.95.18\/wp-admin\/?post_type=product&#038;p=16566"},"modified":"2025-04-07T15:41:39","modified_gmt":"2025-04-07T18:41:39","slug":"m-bran-horse","status":"publish","type":"product","link":"https:\/\/vetsul.com\/index.php\/product\/m-bran-horse\/","title":{"rendered":"M-Bran Horse"},"content":{"rendered":"<p>M-Bran Horse<\/p>\n<p>Concentrado energ\u00e9tico recomendado para preparo de ra\u00e7\u00f5es destinadas a equinos submetidos a esfor\u00e7os f\u00edsicos, como treinamento e competi\u00e7\u00f5es esportivas.<\/p>\n<p>Apresenta\u00e7\u00e3o<\/p>\n<p>Sacos contendo 25kg.<\/p>\n<p>embalagem_m-bran_lavizoo_premium<\/p>\n<p>N\u00edveis de garantia por kilograma do produto<\/p>\n<p>Garantia<span style=\"white-space:pre\">\t<\/span>Valor<span style=\"white-space:pre\">\t<\/span>Unidade<\/p>\n<p>C\u00e1lcio (M\u00edn\/M\u00e1x)<span style=\"white-space:pre\">\t<\/span>20\/28<span style=\"white-space:pre\">\t<\/span>g<\/p>\n<p>Cobalto (M\u00ednimo)<span style=\"white-space:pre\">\t<\/span>0,3<span style=\"white-space:pre\">\t<\/span>mg<\/p>\n<p>Cobre (M\u00ednimo)<span style=\"white-space:pre\">\t<\/span>13<span style=\"white-space:pre\">\t<\/span>mg<\/p>\n<p>Energia Digest\u00edvel (M\u00ednimo)<span style=\"white-space:pre\">\t<\/span>3,6<span style=\"white-space:pre\">\t<\/span>Mcal\/kg<\/p>\n<p>Extrato Et\u00e9reo (m\u00ednimo)<span style=\"white-space:pre\">\t<\/span>160<span style=\"white-space:pre\">\t<\/span>g<\/p>\n<p>FDA (m\u00e1ximo)<span style=\"white-space:pre\">\t<\/span>100<span style=\"white-space:pre\">\t<\/span>g<\/p>\n<p>Ferro (M\u00ednimo)<span style=\"white-space:pre\">\t<\/span>12<span style=\"white-space:pre\">\t<\/span>mg<\/p>\n<p>F\u00f3sforo (M\u00ednimo)<span style=\"white-space:pre\">\t<\/span>10<span style=\"white-space:pre\">\t<\/span>g<\/p>\n<p>Lisina (M\u00ednimo)<span style=\"white-space:pre\">\t<\/span>10<span style=\"white-space:pre\">\t<\/span>g<\/p>\n<p>Mangan\u00eas (M\u00ednimo)<span style=\"white-space:pre\">\t<\/span>40<span style=\"white-space:pre\">\t<\/span>mg<\/p>\n<p>Mat\u00e9ria Fibrosa (m\u00e1ximo)<span style=\"white-space:pre\">\t<\/span>80<span style=\"white-space:pre\">\t<\/span>g<\/p>\n<p>Mat\u00e9ria Mineral (m\u00e1ximo)<span style=\"white-space:pre\">\t<\/span>150<span style=\"white-space:pre\">\t<\/span>g<\/p>\n<p>Metionina (M\u00ednimo)<span style=\"white-space:pre\">\t<\/span>2.500<span style=\"white-space:pre\">\t<\/span>mg<\/p>\n<p>Prote\u00edna Bruta (m\u00ednimo)<span style=\"white-space:pre\">\t<\/span>130<span style=\"white-space:pre\">\t<\/span>g<\/p>\n<p>Sel\u00eanio (M\u00ednimo)<span style=\"white-space:pre\">\t<\/span>0,35<span style=\"white-space:pre\">\t<\/span>mg<\/p>\n<p>Umidade (m\u00e1x)<span style=\"white-space:pre\">\t<\/span>100<span style=\"white-space:pre\">\t<\/span>g<\/p>\n<p>Vitamina A (M\u00ednimo)<span style=\"white-space:pre\">\t<\/span>8.000<span style=\"white-space:pre\">\t<\/span>UI<\/p>\n<p>Vitamina D3 (M\u00ednimo)<span style=\"white-space:pre\">\t<\/span>2.000<span style=\"white-space:pre\">\t<\/span>UI<\/p>\n<p>Zinco (M\u00ednimo)<span style=\"white-space:pre\">\t<\/span>55<span style=\"white-space:pre\">\t<\/span>mg<\/p>\n<p>Gama Orizanol (m\u00ednimo)<span style=\"white-space:pre\">\t<\/span>1.000<span style=\"white-space:pre\">\t<\/span>mg<\/p>\n<p>Vitamina E (m\u00ednimo)<span style=\"white-space:pre\">\t<\/span>80<span style=\"white-space:pre\">\t<\/span>UI<\/p>\n<p>Iodo (m\u00ednimo)<span style=\"white-space:pre\">\t<\/span>0,75<span style=\"white-space:pre\">\t<\/span>mg<\/p>\n","protected":false},"excerpt":{"rendered":"<p>M-Bran Horse Concentrado energ\u00e9tico recomendado para preparo de ra\u00e7\u00f5es destinadas a equinos submetidos a esfor\u00e7os f\u00edsicos, como treinamento e competi\u00e7\u00f5es esportivas. Apresenta\u00e7\u00e3o<\/p>\n","protected":false},"featured_media":16567,"template":"","meta":{"_acf_changed":false},"product_brand":[952],"product_cat":[178],"product_tag":[983],"class_list":{"0":"post-16566","1":"product","2":"type-product","3":"status-publish","4":"has-post-thumbnail","6":"product_brand-lavizoo","7":"product_cat-suplementos-e-vitaminas-2","8":"product_tag-lavizoo","10":"first","11":"instock","12":"purchasable","13":"product-type-simple"},"acf":[],"_links":{"self":[{"href":"https:\/\/vetsul.com\/index.php\/wp-json\/wp\/v2\/product\/16566","targetHints":{"allow":["GET"]}}],"collection":[{"href":"https:\/\/vetsul.com\/index.php\/wp-json\/wp\/v2\/product"}],"about":[{"href":"https:\/\/vetsul.com\/index.php\/wp-json\/wp\/v2\/types\/product"}],"wp:featuredmedia":[{"embeddable":true,"href":"https:\/\/vetsul.com\/index.php\/wp-json\/wp\/v2\/media\/16567"}],"wp:attachment":[{"href":"https:\/\/vetsul.com\/index.php\/wp-json\/wp\/v2\/media?parent=16566"}],"wp:term":[{"taxonomy":"product_brand","embeddable":true,"href":"https:\/\/vetsul.com\/index.php\/wp-json\/wp\/v2\/product_brand?post=16566"},{"taxonomy":"product_cat","embeddable":true,"href":"https:\/\/vetsul.com\/index.php\/wp-json\/wp\/v2\/product_cat?post=16566"},{"taxonomy":"product_tag","embeddable":true,"href":"https:\/\/vetsul.com\/index.php\/wp-json\/wp\/v2\/product_tag?post=16566"}],"curies":[{"name":"wp","href":"https:\/\/api.w.org\/{rel}","templated":true}]}}