{"id":16518,"date":"2018-01-04T13:25:03","date_gmt":"2018-01-04T15:25:03","guid":{"rendered":"http:\/\/35.194.95.18\/wp-admin\/?post_type=product&#038;p=16518"},"modified":"2025-04-07T11:54:28","modified_gmt":"2025-04-07T14:54:28","slug":"hemofarm-01-litro","status":"publish","type":"product","link":"https:\/\/vetsul.com\/index.php\/product\/hemofarm-01-litro\/","title":{"rendered":"Hemofarm  01 litro"},"content":{"rendered":"<p>F\u00f3rmula:<\/p>\n<p>&nbsp;<\/p>\n<p>N\u00edveis de Garantia do produto<\/p>\n<p>Garantias Valor Unidade<\/p>\n<p>Acido Folico (Min\u00edmo) 5.000,000000 mg<\/p>\n<p>Acido Nicotinico (Min\u00edmo) 1.200,000000 mg<\/p>\n<p>Cobalto (Min\u00edmo) 100,000000 mg<\/p>\n<p>Cobre Quelatado (Min\u00edmo) 500,000000 mg<\/p>\n<p>Ferro quelatado (Min\u00edmo) 4.500,000000 mg<\/p>\n<p>Glicose 200,000000 g<\/p>\n<p>Magnesio (Min\u00edmo) 1.000,000000 mg<\/p>\n<p>Metilparabeno 1.881,000000 mg<\/p>\n<p>Pantotenato de Calcio (Min\u00edmo) 1.200,000000 mg<\/p>\n<p>propilparabeno 188,100000 mg<\/p>\n<p>Vitamina B1 (Min\u00edmo) 1.500,000000 mg<\/p>\n<p>Vitamina B12 (Min\u00edmo) 15.000,000000 mcg<\/p>\n<p>Vitamina B2 (Min\u00edmo) 1.500,000000 mg<\/p>\n<p>Vitamina B6 (Min\u00edmo) 1.200,000000 mg<\/p>\n<p>Vitamina K3 (Min\u00edmo) 250,000000 mg<\/p>\n<p>Zinco Quelatado (Min\u00edmo) 5.000,000000 mg<\/p>\n<p>&nbsp;<\/p>\n<p>&nbsp;<\/p>\n<p>Precau\u00e7\u00f5es:<\/p>\n<p>&nbsp;<\/p>\n<p>Conservar fechado em local seco e fresco ao abrigo da luz solar e longe do alcance de crian\u00e7as e animais.<\/p>\n<p>&nbsp;<\/p>\n<p>Apresenta\u00e7\u00e3o:<\/p>\n<p>&nbsp;<\/p>\n<p>FRASCO DOSADOR CONTENDO 1 LITRO<\/p>\n<p>Suplemento l\u00edquido (somilar Hemolitan Vetnil) que combina vitaminas, minerais quelatados e oligoelementos que participam direta ou indiretamente do metabolismo celular.<\/p>\n<p>Por via oral.<\/p>\n<p>&nbsp;<\/p>\n<p>Equinos, Muares e Asininos adultos: 20mL por dia. \u2013<\/p>\n<p>&nbsp;<\/p>\n<p>Potros rec\u00e9m-nascidos: 10mL no 2\u00ba, 6\u00ba e 10\u00ba dias ap\u00f3s o nascimento. \u2013<\/p>\n<p>&nbsp;<\/p>\n<p>Potros e P\u00f4neis: 15mL por dia. \u2013<\/p>\n<p>&nbsp;<\/p>\n<p>Ovino, Caprinos e Avestruzes adultos: 10mL por dia. \u2013<\/p>\n<p>Cordeiros, Cabritos e Avestruzes filhotes: 1mL por dia. \u2013<\/p>\n<p>Su\u00ednos adultos: 5mL por dia. Leit\u00f5es: 1mL por dia. \u2013<\/p>\n<p>Pequenos animais (c\u00e3es e gatos): 1mL para cada 10kg de peso corporal ao dia. \u2013<\/p>\n<p>Aves, roedores e r\u00e9pteis: diluir 20 gotas em 1L de \u00e1gua de bebida ou 2 gotas em 100mL de \u00e1gua.<\/p>\n","protected":false},"excerpt":{"rendered":"<p>F\u00f3rmula: &nbsp; N\u00edveis de Garantia do produto Garantias Valor Unidade Acido Folico (Min\u00edmo) 5.000,000000 mg Acido Nicotinico (Min\u00edmo) 1.200,000000 mg Cobalto (Min\u00edmo)<\/p>\n","protected":false},"featured_media":16519,"template":"","meta":{"_acf_changed":false},"product_brand":[958],"product_cat":[173,178,182],"product_tag":[993,1060],"class_list":{"0":"post-16518","1":"product","2":"type-product","3":"status-publish","4":"has-post-thumbnail","6":"product_brand-biofarm","7":"product_cat-suplementos-e-vitaminas","8":"product_cat-suplementos-e-vitaminas-2","9":"product_cat-suplementos-e-vitaminas-3","10":"product_tag-biofarm","11":"product_tag-hemolitan","13":"first","14":"instock","15":"purchasable","16":"product-type-simple"},"acf":[],"_links":{"self":[{"href":"https:\/\/vetsul.com\/index.php\/wp-json\/wp\/v2\/product\/16518","targetHints":{"allow":["GET"]}}],"collection":[{"href":"https:\/\/vetsul.com\/index.php\/wp-json\/wp\/v2\/product"}],"about":[{"href":"https:\/\/vetsul.com\/index.php\/wp-json\/wp\/v2\/types\/product"}],"wp:featuredmedia":[{"embeddable":true,"href":"https:\/\/vetsul.com\/index.php\/wp-json\/wp\/v2\/media\/16519"}],"wp:attachment":[{"href":"https:\/\/vetsul.com\/index.php\/wp-json\/wp\/v2\/media?parent=16518"}],"wp:term":[{"taxonomy":"product_brand","embeddable":true,"href":"https:\/\/vetsul.com\/index.php\/wp-json\/wp\/v2\/product_brand?post=16518"},{"taxonomy":"product_cat","embeddable":true,"href":"https:\/\/vetsul.com\/index.php\/wp-json\/wp\/v2\/product_cat?post=16518"},{"taxonomy":"product_tag","embeddable":true,"href":"https:\/\/vetsul.com\/index.php\/wp-json\/wp\/v2\/product_tag?post=16518"}],"curies":[{"name":"wp","href":"https:\/\/api.w.org\/{rel}","templated":true}]}}