{"id":16516,"date":"2018-01-04T13:18:39","date_gmt":"2018-01-04T15:18:39","guid":{"rendered":"http:\/\/35.194.95.18\/wp-admin\/?post_type=product&#038;p=16516"},"modified":"2025-08-11T16:25:30","modified_gmt":"2025-08-11T19:25:30","slug":"suprafer-gel","status":"publish","type":"product","link":"https:\/\/vetsul.com\/index.php\/product\/suprafer-gel\/","title":{"rendered":"Suprafer Gel"},"content":{"rendered":"<p>Suprafer Gel cont\u00e9m vitaminas e minerais. Produto indicado como suplemento para equinos de alta performance, \u00e9guas prenhes, lactantes e potros em desenvolvimento.<\/p>\n<p>Apresenta\u00e7\u00e3o<\/p>\n<p>Frasco contendo 1 litro, com seringa dosadora.<\/p>\n<p>Modo de uso<\/p>\n<p>Animais adultos: 15mL\/animal\/dia; potros e p\u00f4neis: 8mL\/animal\/dia (diretamente na boca ou sobre o alimento).<\/p>\n<p>suprafer<\/p>\n<p>N\u00edveis de garantia por litro do produto<\/p>\n<p>Garantia<span style=\"white-space:pre\">\t<\/span>Valor<span style=\"white-space:pre\">\t<\/span>Unidade<\/p>\n<p>\u00c1cido F\u00f3lico (M\u00ednimo)<span style=\"white-space:pre\">\t<\/span>15<span style=\"white-space:pre\">\t<\/span>g<\/p>\n<p>\u00c1cido Nicot\u00ednico (M\u00ednimo)<span style=\"white-space:pre\">\t<\/span>1.700<span style=\"white-space:pre\">\t<\/span>mg<\/p>\n<p>Cobalto (M\u00ednimo)<span style=\"white-space:pre\">\t<\/span>110,25<span style=\"white-space:pre\">\t<\/span>mg<\/p>\n<p>Cobre Quelatado (M\u00ednimo)<span style=\"white-space:pre\">\t<\/span>480<span style=\"white-space:pre\">\t<\/span>mg<\/p>\n<p>Dextrose (M\u00ednimo)<span style=\"white-space:pre\">\t<\/span>150<span style=\"white-space:pre\">\t<\/span>g<\/p>\n<p>Ferro quelatado (M\u00ednimo)<span style=\"white-space:pre\">\t<\/span>9.090<span style=\"white-space:pre\">\t<\/span>mg<\/p>\n<p>Pantotenato de C\u00e1lcio (M\u00ednimo)<span style=\"white-space:pre\">\t<\/span>1.298,50<span style=\"white-space:pre\">\t<\/span>mg<\/p>\n<p>Vitamina B1 (M\u00ednimo)<span style=\"white-space:pre\">\t<\/span>1.780<span style=\"white-space:pre\">\t<\/span>mg<\/p>\n<p>Vitamina B12 (M\u00ednimo)<span style=\"white-space:pre\">\t<\/span>80.000<span style=\"white-space:pre\">\t<\/span>mcg<\/p>\n<p>Vitamina B2 (M\u00ednimo)<span style=\"white-space:pre\">\t<\/span>1.653<span style=\"white-space:pre\">\t<\/span>mg<\/p>\n<p>Vitamina B6 (M\u00ednimo)<span style=\"white-space:pre\">\t<\/span>1.494<span style=\"white-space:pre\">\t<\/span>mg<\/p>\n<p>Vitamina C (M\u00ednimo)<span style=\"white-space:pre\">\t<\/span>4.074<span style=\"white-space:pre\">\t<\/span>mg<\/p>\n<p>Vitamina K3 (M\u00ednimo)<span style=\"white-space:pre\">\t<\/span>277,02<span style=\"white-space:pre\">\t<\/span>mg<\/p>\n<p>Zinco quelatado<span style=\"white-space:pre\">\t<\/span>7.820<span style=\"white-space:pre\">\t<\/span>mg<\/p>\n<p>Ve\u00edculo q.s.p<span style=\"white-space:pre\">\t<\/span>1.000<span style=\"white-space:pre\">\t<\/span>mL<\/p>\n","protected":false},"excerpt":{"rendered":"<p>Suprafer Gel cont\u00e9m vitaminas e minerais. Produto indicado como suplemento para equinos de alta performance, \u00e9guas prenhes, lactantes e potros em desenvolvimento.<\/p>\n","protected":false},"featured_media":16517,"template":"","meta":{"_acf_changed":false},"product_brand":[952],"product_cat":[178],"product_tag":[983],"class_list":{"0":"post-16516","1":"product","2":"type-product","3":"status-publish","4":"has-post-thumbnail","6":"product_brand-lavizoo","7":"product_cat-suplementos-e-vitaminas-2","8":"product_tag-lavizoo","10":"first","11":"instock","12":"purchasable","13":"product-type-simple"},"acf":[],"_links":{"self":[{"href":"https:\/\/vetsul.com\/index.php\/wp-json\/wp\/v2\/product\/16516","targetHints":{"allow":["GET"]}}],"collection":[{"href":"https:\/\/vetsul.com\/index.php\/wp-json\/wp\/v2\/product"}],"about":[{"href":"https:\/\/vetsul.com\/index.php\/wp-json\/wp\/v2\/types\/product"}],"wp:featuredmedia":[{"embeddable":true,"href":"https:\/\/vetsul.com\/index.php\/wp-json\/wp\/v2\/media\/16517"}],"wp:attachment":[{"href":"https:\/\/vetsul.com\/index.php\/wp-json\/wp\/v2\/media?parent=16516"}],"wp:term":[{"taxonomy":"product_brand","embeddable":true,"href":"https:\/\/vetsul.com\/index.php\/wp-json\/wp\/v2\/product_brand?post=16516"},{"taxonomy":"product_cat","embeddable":true,"href":"https:\/\/vetsul.com\/index.php\/wp-json\/wp\/v2\/product_cat?post=16516"},{"taxonomy":"product_tag","embeddable":true,"href":"https:\/\/vetsul.com\/index.php\/wp-json\/wp\/v2\/product_tag?post=16516"}],"curies":[{"name":"wp","href":"https:\/\/api.w.org\/{rel}","templated":true}]}}