{"id":16498,"date":"2018-01-04T11:41:09","date_gmt":"2018-01-04T13:41:09","guid":{"rendered":"http:\/\/35.194.95.18\/wp-admin\/?post_type=product&#038;p=16498"},"modified":"2025-02-07T16:00:13","modified_gmt":"2025-02-07T19:00:13","slug":"gentatec-mastite-250-mg","status":"publish","type":"product","link":"https:\/\/vetsul.com\/index.php\/product\/gentatec-mastite-250-mg\/","title":{"rendered":"GENTATEC MASTITE 250 MG"},"content":{"rendered":"<p>Gentatec Mastite 250 mg \u00e9 uma suspens\u00e3o oleosa \u00e0 base de gentamicina, especialmente formulada para aplica\u00e7\u00e3o intramam\u00e1ria, no combate \u00e0 mastite bovina.&nbsp;<\/p>\n<p>Gentatec Mastite 250 mg n\u00e3o \u00e9 irritante para o tecido glandular.<\/p>\n<p>F\u00f3rmula:<\/p>\n<p>Cada seringa de 10mL cont\u00e9m:<\/p>\n<p>Gentamicina (sulfato micronizado)&#8230;&#8230;&#8230;&#8230;&#8230;&#8230;&#8230;&#8230;&#8230;&#8230;&#8230;&#8230;&#8230;&#8230;&#8230;&#8230;&#8230;&#8230;&#8230;250mg<\/p>\n<p>Ve\u00edculo q.s.p&#8230;&#8230;&#8230;&#8230;&#8230;&#8230;&#8230;&#8230;&#8230;&#8230;&#8230;&#8230;&#8230;&#8230;&#8230;&#8230;&#8230;&#8230;&#8230;&#8230;&#8230;&#8230;&#8230;&#8230;&#8230;&#8230;&#8230;&#8230;&#8230;10g<\/p>\n<p>Indica\u00e7\u00f5es:<\/p>\n<p>Gentatec\u00ae Mastite 250mg \u00e9 uma suspens\u00e3o oleosa \u00e0 base de gentamicina, especialmente formulada para aplica\u00e7\u00e3o intramam\u00e1ria, no combate \u00e0 mastite bovina.<\/p>\n<p>Gentatec\u00ae Mastite 250mg n\u00e3o \u00e9 irritante para o tecido glandular.<\/p>\n<p>Gentatec\u00ae Mastite 250mg \u00e9 indicado no tratamento das mastites agudas e cr\u00f4nicas das vacas em lacta\u00e7\u00e3o, causadas por Staphylococcus aureus (produtores ou n\u00e3o de coagulase), Streptococcus agalactiae, S. dysgalactiae e S. uberis, Escherichia coli, Enterococcus sp e Pseudomonas sp, sens\u00edveis \u00e0 gentamicina<\/p>\n<p>Dosagem:<\/p>\n<p>Aplicar o conte\u00fado de uma seringa (10 g) de Gentatec\u00ae Mastite 250mg em cada quarto afetado a cada 24 horas, durante 3 dias consecutivos.<\/p>\n<p>A posologia pode ser modificada \u00e0 crit\u00e9rio do M\u00e9dico Veterin\u00e1rio, conforme a severidade da infec\u00e7\u00e3o. Recomenda-se, entretanto, tratar os animais ap\u00f3s o desaparecimento dos sintomas, durante um per\u00edodo n\u00e3o inferior a 48 horas.<\/p>\n<p>Administra\u00e7\u00e3o:<\/p>\n<p>Aplicar Gentatec\u00ae Mastite 250mg por via intramam\u00e1ria, tomando os seguintes cuidados:<\/p>\n<p>&#8211; Ordenhar completamente os quartos afetados, procurando eliminar ao m\u00e1ximo o leite residual, p\u00fas e poss\u00edvel mat\u00e9ria em decomposi\u00e7\u00e3o.<\/p>\n<p>&#8211; Proceder \u00e0 higiene cuidadosa de todo o \u00fabere, desinfetando bem os tetos. Injetar todo o conte\u00fado de uma seringa em cada teto afetado.<\/p>\n<p>&#8211; Ap\u00f3s injetado, massagear o \u00fabere suavemente, de baixo para cima, para facilitar a penetra\u00e7\u00e3o da suspens\u00e3o nos quartos.<\/p>\n<p>Precau\u00e7\u00f5es:<\/p>\n<p>Realizar exame bacteriol\u00f3gico 3 semanas ap\u00f3s o \u00faltimo tratamento para confirma\u00e7\u00e3o da cura da mastite.<\/p>\n<p>O exame bacteriol\u00f3gico do leite \u00e9 o melhor m\u00e9todo para evidenciar se a mastite foi realmente curada.<\/p>\n<p>Per\u00edodo de car\u00eancia:<\/p>\n<p>Leite: O leite dos animais n\u00e3o deve ser consumido durante<\/p>\n<p>o tratamento. Destinar o leite para consumo humano somente ap\u00f3s decorridas 96 horas do \u00faltimo tratamento.<\/p>\n<p>Carne: N\u00e3o consumir a carne antes de decorridas 30 dias da \u00faltima aplica\u00e7\u00e3o.&nbsp;<\/p>\n<p>Apresenta\u00e7\u00e3o:<\/p>\n<p>Cartuchos contendo 20 seringas de Gentatec\u00ae Mastite 250mg de 10g cada.<\/p>\n<p>Classe Terap\u00eautica:<\/p>\n<p>ANTIMICROBIANOS GERAIS; ANTIF\u00daNGICOS E ANTIPROTOZO\u00c1RIOS (COCCIDIOS, FLAGELADOS)<\/p>\n<p>Princ\u00edpio(s) Ativo(s):<\/p>\n<p>GENTAMICINA<\/p>\n<p>Registro no Minist\u00e9rio da Agricultura, Pecu\u00e1ria e Abastecimento: 7.371 em 04\/07\/2000<\/p>\n<p>Respons\u00e1vel T\u00e9cnico:<\/p>\n<p>Adriana Cristina Pereira Cini &#8211; CRMV: SP 8413<\/p>\n<div><\/div>\n","protected":false},"excerpt":{"rendered":"<p>Gentatec Mastite 250 mg \u00e9 uma suspens\u00e3o oleosa \u00e0 base de gentamicina, especialmente formulada para aplica\u00e7\u00e3o intramam\u00e1ria, no combate \u00e0 mastite bovina.&nbsp;<\/p>\n","protected":false},"featured_media":16499,"template":"","meta":{"_acf_changed":false},"product_brand":[959],"product_cat":[169],"product_tag":[1008],"class_list":{"0":"post-16498","1":"product","2":"type-product","3":"status-publish","4":"has-post-thumbnail","6":"product_brand-chemitec","7":"product_cat-anti-mastiticos","8":"product_tag-chemitec","10":"first","11":"instock","12":"purchasable","13":"product-type-simple"},"acf":[],"_links":{"self":[{"href":"https:\/\/vetsul.com\/index.php\/wp-json\/wp\/v2\/product\/16498","targetHints":{"allow":["GET"]}}],"collection":[{"href":"https:\/\/vetsul.com\/index.php\/wp-json\/wp\/v2\/product"}],"about":[{"href":"https:\/\/vetsul.com\/index.php\/wp-json\/wp\/v2\/types\/product"}],"wp:featuredmedia":[{"embeddable":true,"href":"https:\/\/vetsul.com\/index.php\/wp-json\/wp\/v2\/media\/16499"}],"wp:attachment":[{"href":"https:\/\/vetsul.com\/index.php\/wp-json\/wp\/v2\/media?parent=16498"}],"wp:term":[{"taxonomy":"product_brand","embeddable":true,"href":"https:\/\/vetsul.com\/index.php\/wp-json\/wp\/v2\/product_brand?post=16498"},{"taxonomy":"product_cat","embeddable":true,"href":"https:\/\/vetsul.com\/index.php\/wp-json\/wp\/v2\/product_cat?post=16498"},{"taxonomy":"product_tag","embeddable":true,"href":"https:\/\/vetsul.com\/index.php\/wp-json\/wp\/v2\/product_tag?post=16498"}],"curies":[{"name":"wp","href":"https:\/\/api.w.org\/{rel}","templated":true}]}}