{"id":16494,"date":"2018-01-04T11:26:57","date_gmt":"2018-01-04T13:26:57","guid":{"rendered":"http:\/\/35.194.95.18\/wp-admin\/?post_type=product&#038;p=16494"},"modified":"2025-04-04T11:23:48","modified_gmt":"2025-04-04T14:23:48","slug":"gentatec-100ml","status":"publish","type":"product","link":"https:\/\/vetsul.com\/index.php\/product\/gentatec-100ml\/","title":{"rendered":"Gentatec 100ml"},"content":{"rendered":"<p>Gentatec cont\u00e9m um antibi\u00f3tico que apresenta como princ\u00edpio ativo a gentamicina, do grupo dos aminoglicos\u00eddeos.<\/p>\n<p>A gentamicina \u00e9 sol\u00favel em \u00e1gua, muito est\u00e1vel em solu\u00e7\u00e3o e \u00e9 produzida pelo Micromonospora purpurea. Sua atividade antibacteriana atinge desde bact\u00e9rias gram-negativas como Salmonella sp, Pseudomonas aeruginosa, Proteus indol negativos e positivos, Escherichia coli, Klebsiella pneumoniae, Aerobacter aerogenes e Neisseria, at\u00e9 bact\u00e9rias gram-positivas como o Staphylococcus sp e Streptococcus sp. Uma hora ap\u00f3s a inje\u00e7\u00e3o intramuscular ou subcut\u00e2nea, a gentamicina alcan\u00e7a n\u00edveis s\u00e9ricos bactericidas permanecendo ativa durante seis a doze horas.<\/p>\n<p>F\u00d3RMULA:<\/p>\n<p>Cada mL de Gentatec cont\u00e9m:<\/p>\n<p>Gentamicina (como sulfato)&#8230;&#8230;&#8230;&#8230;&#8230;&#8230;40 mg<\/p>\n<p>Ve\u00edculo q.s.p&#8230;&#8230;&#8230;&#8230;&#8230;&#8230;&#8230;&#8230;&#8230;&#8230;&#8230;&#8230;&#8230;..1 mL<\/p>\n<p>INDICA\u00c7\u00d5ES:<\/p>\n<p>Gentatec \u00e9 indicado para bovinos, caprinos, ovinos, eq\u00fcinos, su\u00ednos, aves, caninos e felinos no tratamento de infec\u00e7\u00f5es causadas por bact\u00e9rias gram-positivas e gram-negativas sens\u00edveis ao Sulfato de Gentamicina:<\/p>\n<p>BOVINOS, OVINOS E CAPRINOS:<\/p>\n<p>Infec\u00e7\u00f5es respirat\u00f3rias: Pneumonias e Broncopneumonias causadas por Aerobacter aerogenes, Staphylococcus sp, Streptococcus sp e Proteus sp.<\/p>\n<p>Infec\u00e7\u00f5es do trato digestivo: causadas por Staphylococcus, Escherichia coli (colibacilose), Klebsiella sp, Salmonella (Salmonelose).<\/p>\n<p>Mastites: causadas por Staphylococcus, Corynebacterium sp, Streptococcus sp e Escherichia coli.<\/p>\n<p>Metrites: causadas por Staphylococcus sp, Pasteurella sp, Escherichia coli e Proteus sp.<\/p>\n<p>EQ\u00dcINOS:<\/p>\n<p>Infec\u00e7\u00f5es no trato digestivo: causadas por Staphylococcus, Escherichia coli, Klebsiella sp, Salmonella sp.<\/p>\n<p>Metrites: causadas por Staphylococcus sp, Escherichia coli e Proteus sp.<\/p>\n<p>SU\u00cdNOS: Leit\u00f5es com 3 dias de idade.<\/p>\n<p>Infec\u00e7\u00e3o no trato digestivo: causada por Escherichia coli (colibacilose).<\/p>\n<p>CANINOS E FELINOS:&nbsp;<\/p>\n<p>Infec\u00e7\u00f5es respirat\u00f3rias: pneumonias causadas por Staphylococcus, Escherichia coli e Pasteurella sp.<\/p>\n<p>Infecc\u00f5es no trato digestivo: Staphylococcus, Escherichia coli, Klebsiella sp, Salmonella.<\/p>\n<p>POSOLOGIA E MODO DE USAR:<\/p>\n<p>Bovinos e Eq\u00fcinos: 10 mL de Gentatec para cada 100 kg de peso vivo, por via intramuscular ou subcut\u00e2nea.<\/p>\n<p>Su\u00ednos: 1 mL de Gentatec para cada 8 kg de peso vivo por via intramuscular ou subcut\u00e2nea.<\/p>\n<p>Ovinos e Caprinos: 1 mL de Gentatec para cada 10 kg de peso vivo por via intramuscular ou subcut\u00e2nea.<\/p>\n<p>Caninos e Felinos: 0,5 mL de Gentatec para cada 5 kg de peso vivo por via intramuscular ou subcut\u00e2nea.<\/p>\n<p>As doses acima citadas dever\u00e3o ser aplicadas a cada 24 horas, durante 7 dias consecutivos ou a crit\u00e9rio do M\u00e9dico Veterin\u00e1rio.<\/p>\n<p>Recomendamos a continuidade do tratamento por um per\u00edodo de tempo n\u00e3o inferior a 48 horas ap\u00f3s o desaparecimento do quadro cl\u00ednico.<\/p>\n<p>Vacas e \u00c9guas: (Metrites e Endometrites).<\/p>\n<p>Vacas: diluir 5 mL de Gentatec\u00ae (200 mg de Gentamicina) em 20 mL de solu\u00e7\u00e3o fisiol\u00f3gica salina (intra-uterina).<\/p>\n<p>O tratamento poder\u00e1 ser repetido caso necess\u00e1rio.<\/p>\n<p>\u00c9guas: as doses sugeridas variam de 12,5 mL a 62,5 mL de Gentatec<\/p>\n<p>(0,5 g a 2,5 g de Gentamicina) durante 3 a 5 dias.<\/p>\n<p>Mastite Bovina: 3 a 5 mL de Gentatec\u00ae (120 a 200 mg de Gentamicina) dilu\u00eddo em 18 a 17 mL de solu\u00e7\u00e3o fisiol\u00f3gica, em cada teta afetada (intra-mam\u00e1ria) 1 a 2 vezes ao dia, ap\u00f3s a ordenha durante 2 a 3 dias.<\/p>\n<p>GENTATEC NA AVICULTURA:<\/p>\n<p>Gentatec \u00e9 recomendado para o tratamento e controle das doen\u00e7as respirat\u00f3rias e diarr\u00e9ias de frango de corte, matrizes, aves de postura, perus e na preven\u00e7\u00e3o da mortalidade precoce de pintos de 1 dia e frangos jovens, causadas por bact\u00e9rias gram-negativas e bact\u00e9rias gram-positivas, tais como: Escherichia coli, Enterobacter sp, Proteus sp, Salmonella sp, Pseudomonas sp, Staphylococcus sp e Streptococcus sp sens\u00edveis ao Sulfato de Gentamicina.<\/p>\n<p>DOSAGEM E MODO DE USAR:<\/p>\n<p>Aves adultas: aplicar 5,0 mg\/kg de peso vivo.<\/p>\n<p>Pintos: aplicar no 1\u00ba dia de vida 0,2 mg de Gentamicina por ave, obtido por uma dilui\u00e7\u00e3o de 10 mL de Gentatec\u00ae em 390 mL de solu\u00e7\u00e3o fisiol\u00f3gica.<\/p>\n<p>Perus: aplicar no 1\u00ba dia de vida 0,5 mg de Gentamicina por ave, obtido por uma dilui\u00e7\u00e3o de 10 mL de Gentatec\u00ae em 150 mL de solu\u00e7\u00e3o fisiol\u00f3gica.<\/p>\n<p>Gentatec (mL) N\u00ba de Pintos N\u00ba de Perus&nbsp;<\/p>\n<p>Tratados Tratados<\/p>\n<p>10 2000 800<\/p>\n<p>50 10.000 4000<\/p>\n<p>100 20.000 8000<\/p>\n<p>Administra\u00e7\u00e3o:<\/p>\n<p>Gentamicina injet\u00e1vel Solu\u00e7\u00e3o aquosa para inje\u00e7\u00e3o intramuscular ou subcut\u00e2nea.<\/p>\n<p>CONTRA INDICA\u00c7\u00d5ES:&nbsp;<\/p>\n<p>\u2022 Quando a vida do animal estiver em risco e necessitar de tratamento com doses elevadas, deve-se Ter o cuidado de fazer teste de fun\u00e7\u00e3o renal. Nas doses recomendadas, n\u00e3o se observou sintomas de ototoxicidade ou nefrotoxicidade.<\/p>\n<p>\u2022 N\u00e3o administrar em animais com hipersensibilidade \u00e0s penicilinas.<\/p>\n<p>\u2022 N\u00e3o aplicar em animais com fun\u00e7\u00e3o renal alterada.<\/p>\n<p>\u2022 N\u00e3o aplicar em animais em fase de gesta\u00e7\u00e3o.<\/p>\n<p>EFEITOS SECUND\u00c1RIOS:<\/p>\n<p>Tratamentos prolongados com doses superiores \u00e0s recomendadas podem ser causas de disfun\u00e7\u00f5es renais.<\/p>\n<p>INTERA\u00c7\u00d5ES MEDICAMENTOSAS:<\/p>\n<p>N\u00e3o administrar junto com antibi\u00f3ticos bacteriost\u00e1ticos (cloranfenicol, macrol\u00eddios e tetraciclinas)<\/p>\n<p>Incompatibilidades:<\/p>\n<p>\u2022 \u00c9 inativado pela administra\u00e7\u00e3o concomitante de carbenicilina.<\/p>\n<p>\u2022 N\u00e3o administrar concomitante com furosemida ou anfotericina B, pois aumenta a possibilidade de ototoxicidade e nefrotoxicidade.<\/p>\n<p>REA\u00c7\u00d5ES ADVERSAS:<\/p>\n<p>H\u00e1 possibilidade de rea\u00e7\u00f5es al\u00e9rgicas \u00e0 gentamicina. Aplicar nesses casos anti-histam\u00ednicos.<\/p>\n<p>PER\u00cdODO DE CAR\u00caNCIA:<\/p>\n<p>Leite e ovos: n\u00e3o consumir o leite e ovos de animais tratados antes de decorridos 96 horas da \u00faltima aplica\u00e7\u00e3o do produto.<\/p>\n<p>Bovinos: n\u00e3o consumir a carne de bovinos tratados antes de decorridos 30 dias da \u00faltima aplica\u00e7\u00e3o do produto.<\/p>\n<p>Ovinos e Caprinos: n\u00e3o consumir a carne de animais tratados antes de decorridos 20 dias da \u00faltima aplica\u00e7\u00e3o do produto.<\/p>\n<p>Su\u00ednos: n\u00e3o consumir a carne de animais tratados antes de decorridos 40 dias da \u00faltima aplica\u00e7\u00e3o do produto.<\/p>\n<p>Aves: n\u00e3o consumir a carne de aves tratadas antes de decorridos 20 dias da \u00faltima aplica\u00e7\u00e3o do produto.<\/p>\n","protected":false},"excerpt":{"rendered":"<p>Gentatec cont\u00e9m um antibi\u00f3tico que apresenta como princ\u00edpio ativo a gentamicina, do grupo dos aminoglicos\u00eddeos. A gentamicina \u00e9 sol\u00favel em \u00e1gua, muito<\/p>\n","protected":false},"featured_media":16495,"template":"","meta":{"_acf_changed":false},"product_brand":[959],"product_cat":[170,175,180],"product_tag":[1008],"class_list":{"0":"post-16494","1":"product","2":"type-product","3":"status-publish","4":"has-post-thumbnail","6":"product_brand-chemitec","7":"product_cat-anti-microbianos","8":"product_cat-antimicrobianos-2","9":"product_cat-anti-microbiano","10":"product_tag-chemitec","12":"first","13":"instock","14":"purchasable","15":"product-type-simple"},"acf":[],"_links":{"self":[{"href":"https:\/\/vetsul.com\/index.php\/wp-json\/wp\/v2\/product\/16494","targetHints":{"allow":["GET"]}}],"collection":[{"href":"https:\/\/vetsul.com\/index.php\/wp-json\/wp\/v2\/product"}],"about":[{"href":"https:\/\/vetsul.com\/index.php\/wp-json\/wp\/v2\/types\/product"}],"wp:featuredmedia":[{"embeddable":true,"href":"https:\/\/vetsul.com\/index.php\/wp-json\/wp\/v2\/media\/16495"}],"wp:attachment":[{"href":"https:\/\/vetsul.com\/index.php\/wp-json\/wp\/v2\/media?parent=16494"}],"wp:term":[{"taxonomy":"product_brand","embeddable":true,"href":"https:\/\/vetsul.com\/index.php\/wp-json\/wp\/v2\/product_brand?post=16494"},{"taxonomy":"product_cat","embeddable":true,"href":"https:\/\/vetsul.com\/index.php\/wp-json\/wp\/v2\/product_cat?post=16494"},{"taxonomy":"product_tag","embeddable":true,"href":"https:\/\/vetsul.com\/index.php\/wp-json\/wp\/v2\/product_tag?post=16494"}],"curies":[{"name":"wp","href":"https:\/\/api.w.org\/{rel}","templated":true}]}}