{"id":16464,"date":"2018-01-04T10:23:50","date_gmt":"2018-01-04T12:23:50","guid":{"rendered":"http:\/\/35.194.95.18\/wp-admin\/?post_type=product&#038;p=16464"},"modified":"2025-08-11T10:40:33","modified_gmt":"2025-08-11T13:40:33","slug":"flucortan-injetavel-10-ml","status":"publish","type":"product","link":"https:\/\/vetsul.com\/index.php\/product\/flucortan-injetavel-10-ml\/","title":{"rendered":"FLUCORTAN INJETAVEL 10 ML"},"content":{"rendered":"<p>Flucortan\u00ae \u00e9 uma solu\u00e7\u00e3o injet\u00e1vel de Flumetasona 0,5 mg\/ mL para aplica\u00e7\u00e3o por qualquer via parenteral, indicada para todos os casos em que se recomende uma adrenocorticoterapia.<\/p>\n<p>Composi\u00e7\u00e3o<\/p>\n<p>Cada mL cont\u00e9m:<\/p>\n<p>Flumetasona &#8211; 0,5 mg<\/p>\n<p>Ve\u00edculo q.s.p &#8211; 1,0 mL<\/p>\n<p>Indica\u00e7\u00f5es<\/p>\n<p>\u2022 Como terapia de suporte nas infec\u00e7\u00f5es bacterianas em geral, desde que haja terapia antibacteriana concomitante.<\/p>\n<p>\u2022 Inflama\u00e7\u00f5es articulares, tendinites, bursites, miosites e dermatoses.<\/p>\n<p>\u2022 Urtic\u00e1ria, eczemas al\u00e9rgicos, dermatoses e dermatites.<\/p>\n<p>\u2022 Intoxica\u00e7\u00f5es e picadas de insetos e de animais pe\u00e7onhentos.<\/p>\n<p>Posologia e Modo de Usar<\/p>\n<p>Aplicar 1 a 2 mL, via subcut\u00e2nea, intramuscular ou intravenosa. Se necess\u00e1rio, as doses podem ser repetidas em intervalos de 2 a 3 dias.<\/p>\n<p>Car\u00eancia e Precau\u00e7\u00f5es<\/p>\n<p>Se administrado durante o \u00faltimo trimestre da prenhez, pode provocar parto prematuro com todas as complica\u00e7\u00f5es decorrentes do mesmo.<\/p>\n<p>Apresenta\u00e7\u00e3o<\/p>\n<p>Frascos-ampola de 10 mL.<\/p>\n<p>Para outras esp\u00e9cies e mais informa\u00e7\u00f5es, consulte a bula do produto.<\/p>\n","protected":false},"excerpt":{"rendered":"<p>Flucortan\u00ae \u00e9 uma solu\u00e7\u00e3o injet\u00e1vel de Flumetasona 0,5 mg\/ mL para aplica\u00e7\u00e3o por qualquer via parenteral, indicada para todos os casos em<\/p>\n","protected":false},"featured_media":16465,"template":"","meta":{"_acf_changed":false},"product_brand":[970],"product_cat":[168,174,170,175],"product_tag":[822],"class_list":{"0":"post-16464","1":"product","2":"type-product","3":"status-publish","4":"has-post-thumbnail","6":"product_brand-zoetis","7":"product_cat-anti-inflamatorios","8":"product_cat-anti-inflamatorios-3","9":"product_cat-anti-microbianos","10":"product_cat-antimicrobianos-2","11":"product_tag-zoetis","13":"first","14":"instock","15":"purchasable","16":"product-type-simple"},"acf":[],"_links":{"self":[{"href":"https:\/\/vetsul.com\/index.php\/wp-json\/wp\/v2\/product\/16464","targetHints":{"allow":["GET"]}}],"collection":[{"href":"https:\/\/vetsul.com\/index.php\/wp-json\/wp\/v2\/product"}],"about":[{"href":"https:\/\/vetsul.com\/index.php\/wp-json\/wp\/v2\/types\/product"}],"wp:featuredmedia":[{"embeddable":true,"href":"https:\/\/vetsul.com\/index.php\/wp-json\/wp\/v2\/media\/16465"}],"wp:attachment":[{"href":"https:\/\/vetsul.com\/index.php\/wp-json\/wp\/v2\/media?parent=16464"}],"wp:term":[{"taxonomy":"product_brand","embeddable":true,"href":"https:\/\/vetsul.com\/index.php\/wp-json\/wp\/v2\/product_brand?post=16464"},{"taxonomy":"product_cat","embeddable":true,"href":"https:\/\/vetsul.com\/index.php\/wp-json\/wp\/v2\/product_cat?post=16464"},{"taxonomy":"product_tag","embeddable":true,"href":"https:\/\/vetsul.com\/index.php\/wp-json\/wp\/v2\/product_tag?post=16464"}],"curies":[{"name":"wp","href":"https:\/\/api.w.org\/{rel}","templated":true}]}}