{"id":16448,"date":"2018-01-04T09:35:16","date_gmt":"2018-01-04T11:35:16","guid":{"rendered":"http:\/\/35.194.95.18\/wp-admin\/?post_type=product&#038;p=16448"},"modified":"2025-02-07T16:00:11","modified_gmt":"2025-02-07T19:00:11","slug":"exceller-doramectina-1-vallee-50ml","status":"publish","type":"product","link":"https:\/\/vetsul.com\/index.php\/product\/exceller-doramectina-1-vallee-50ml\/","title":{"rendered":"Exceller (Doramectina 1%)  VALLEE &#8211; 50ml"},"content":{"rendered":"<p>F\u00d3RMULA:<\/p>\n<p>Cada 100 mL cont\u00e9m:<\/p>\n<p>Doramectina&#8230;&#8230;&#8230;&#8230;&#8230;&#8230;&#8230;&#8230;&#8230;&#8230;&#8230;&#8230;.1,00g<\/p>\n<p>Ve\u00edculo q.s.p&#8230;&#8230;&#8230;&#8230;&#8230;&#8230;&#8230;&#8230;&#8230;&#8230;&#8230;&#8230;100,00mL<\/p>\n<p>INDICA\u00c7\u00c3O:<\/p>\n<p>Tratamento e controle de vermes gastrintestinais e pulmonares, al\u00e9m de carrapatos, bernes, piolhos e \u00e1caros da sarna;<\/p>\n<p>Grande atua\u00e7\u00e3o sobre mi\u00edases (bicheiras) em feridas.<\/p>\n<p>Bicheiras de umbigo.<\/p>\n<p>Bicheiras p\u00f3s castra\u00e7\u00e3o.<\/p>\n<p>DIFERENCIAIS:<\/p>\n<p>Processo Anidro: Integridade do produtoe homogeneidade do ativoem cada dose.<\/p>\n<p>Adi\u00e7\u00e3o de antioxidantes: Maior estabilidade do ativo garantindo alta efic\u00e1ciadurante 03 anos.<\/p>\n<p>Ve\u00edculo OES: Alta disponibilidade e dura\u00e7\u00e3o prolongada no tecido alvo (especialmente umbigoe bolsa escrotal).<\/p>\n<p>DOSE E VIA DE ADMINISTRA\u00c7\u00c3O:<\/p>\n<p>Aplicar EXCELLER na dose de 1mL para cada 50 kg de peso.<\/p>\n<p>Via subcut\u00e2nea ou intramuscular.<\/p>\n<p>PER\u00cdODO DE CAR\u00caNCIA:<\/p>\n<p>Carne: 35 dias<\/p>\n","protected":false},"excerpt":{"rendered":"<p>F\u00d3RMULA: Cada 100 mL cont\u00e9m: Doramectina&#8230;&#8230;&#8230;&#8230;&#8230;&#8230;&#8230;&#8230;&#8230;&#8230;&#8230;&#8230;.1,00g Ve\u00edculo q.s.p&#8230;&#8230;&#8230;&#8230;&#8230;&#8230;&#8230;&#8230;&#8230;&#8230;&#8230;&#8230;100,00mL INDICA\u00c7\u00c3O: Tratamento e controle de vermes gastrintestinais e pulmonares, al\u00e9m de carrapatos, bernes, piolhos<\/p>\n","protected":false},"featured_media":16449,"template":"","meta":{"_acf_changed":false},"product_brand":[1002],"product_cat":[167],"product_tag":[1003],"class_list":{"0":"post-16448","1":"product","2":"type-product","3":"status-publish","4":"has-post-thumbnail","6":"product_brand-vallee","7":"product_cat-vermifugos-e-carrapaticidas","8":"product_tag-vallee","10":"first","11":"outofstock","12":"purchasable","13":"product-type-simple"},"acf":[],"_links":{"self":[{"href":"https:\/\/vetsul.com\/index.php\/wp-json\/wp\/v2\/product\/16448","targetHints":{"allow":["GET"]}}],"collection":[{"href":"https:\/\/vetsul.com\/index.php\/wp-json\/wp\/v2\/product"}],"about":[{"href":"https:\/\/vetsul.com\/index.php\/wp-json\/wp\/v2\/types\/product"}],"wp:featuredmedia":[{"embeddable":true,"href":"https:\/\/vetsul.com\/index.php\/wp-json\/wp\/v2\/media\/16449"}],"wp:attachment":[{"href":"https:\/\/vetsul.com\/index.php\/wp-json\/wp\/v2\/media?parent=16448"}],"wp:term":[{"taxonomy":"product_brand","embeddable":true,"href":"https:\/\/vetsul.com\/index.php\/wp-json\/wp\/v2\/product_brand?post=16448"},{"taxonomy":"product_cat","embeddable":true,"href":"https:\/\/vetsul.com\/index.php\/wp-json\/wp\/v2\/product_cat?post=16448"},{"taxonomy":"product_tag","embeddable":true,"href":"https:\/\/vetsul.com\/index.php\/wp-json\/wp\/v2\/product_tag?post=16448"}],"curies":[{"name":"wp","href":"https:\/\/api.w.org\/{rel}","templated":true}]}}