{"id":16354,"date":"2018-01-03T13:09:47","date_gmt":"2018-01-03T15:09:47","guid":{"rendered":"http:\/\/35.194.95.18\/wp-admin\/?post_type=product&#038;p=16354"},"modified":"2025-08-08T17:41:00","modified_gmt":"2025-08-08T20:41:00","slug":"bactrovet-prata-konig-500-ml","status":"publish","type":"product","link":"https:\/\/vetsul.com\/index.php\/product\/bactrovet-prata-konig-500-ml\/","title":{"rendered":"BACTROVET PRATA KONIG 500 ML"},"content":{"rendered":"<p>Larvicida, Bernicida, Repelente, Cicatrizante, Antiss\u00e9ptico, Hemost\u00e1tico.<\/p>\n<p>F\u00f3rmula:<\/p>\n<p><\/p>\n<p><\/p>\n<p>Sulfadiazina prata &#8211; 0,1 g<\/p>\n<p>Alum\u00ednio &#8211; 5,0 g<\/p>\n<p>Cipermetrina &#8211; 0,4 g<\/p>\n<p>DDVP &#8211; 1,6 g<\/p>\n<p>Excipiente q.s.p. &#8211; 100,0 g<\/p>\n<p><\/p>\n<p>* Para maiores informa\u00e7\u00f5es a respeito do medicamento consulte a bula.<\/p>\n<p><\/p>\n<p>Indica\u00e7\u00f5es:<\/p>\n<p><\/p>\n<p><\/p>\n<p>Bactrovet\u00ae Prata AM \u00e9 indicado para bovinos, eq\u00fcinos, ovinos e caprinos de todas as idades, inclusive para rec\u00e9m-nascidos.<\/p>\n<p>\u2022 Age como larvicida nas feridas infestadas, com r\u00e1pida cicatriza\u00e7\u00e3o.<\/p>\n<p>\u2022 Aplicado de forma rotineira nas feridas acidentais ou cir\u00fargicas (castra\u00e7\u00e3o, descorna, cesariana, etc.), elimina o sangramento das mesmas (efeitos adstringente e hemost\u00e1tico).<\/p>\n<p>\u2022 Forma uma pel\u00edcula protetora que evita a infec\u00e7\u00e3o.<\/p>\n<p>\u2022 Seu efeito repelente impede que as feridas tratadas sejam atacadas pelas moscas causadoras das mi\u00edases.<\/p>\n<p>\u2022 Devido sua alta penetra\u00e7\u00e3o e persist\u00eancia, \u00e9 excelente na cura de umbigos.<\/p>\n<p>\u2022 A v\u00e1lvula multidirecional de Bactrovet\u00ae Prata AM permite que seja utilizado em qualquer posi\u00e7\u00e3o sem que o jato seja interrompido, facilitando aplica\u00e7\u00e3o mesmo em feridas de dif\u00edcil acesso.<\/p>\n<p><\/p>\n<p>Administra\u00e7\u00e3o e dose:<\/p>\n<p><\/p>\n<p><\/p>\n<p>\u2022 Tratamento das mi\u00edases: Introduzir cuidadosamente o produto nas cavidades onde se alojam as larvas da bicheira. Nos casos de mi\u00edases muito graves, conv\u00e9m proceder a retirada das larvas da das \u00e1reas afetadas e limp\u00e1-la antes de aplicar o produto.<\/p>\n<p>\u2022 Preven\u00e7\u00e3o das mi\u00edases e cicatrizante: aplicar diretamente sobre toda a ferida recentecausada por acidente ou por castra\u00e7\u00e3o, descorna, etc.<\/p>\n<p><\/p>\n<p>Preventivo: uma \u00fanica aplica\u00e7\u00e3o.<\/p>\n<p>Curativo: uma aplica\u00e7\u00e3o di\u00e1ria geralmente por 4 a 5 dias.<\/p>\n<p><\/p>\n<p>Modo de Usar:<\/p>\n<p><\/p>\n<p><\/p>\n<p>Agitar energicamente o frasco antes de cada aplica\u00e7\u00e3o.<\/p>\n<p>Colocar o frasco a uma dist\u00e2ncia de aproximadamente 10 cm da ferida ou \u00e1rea infestada (bicheiras), pressionar a v\u00e1lvula e vaporizar abundantemente, garantindo a penetra\u00e7\u00e3o do produto na ferida.<\/p>\n","protected":false},"excerpt":{"rendered":"<p>Larvicida, Bernicida, Repelente, Cicatrizante, Antiss\u00e9ptico, Hemost\u00e1tico. F\u00f3rmula: Sulfadiazina prata &#8211; 0,1 g Alum\u00ednio &#8211; 5,0 g Cipermetrina &#8211; 0,4 g DDVP &#8211;<\/p>\n","protected":false},"featured_media":16355,"template":"","meta":{"_acf_changed":false},"product_brand":[],"product_cat":[164,188,185,187,163,165],"product_tag":[380,377,379,1075,378],"class_list":{"0":"post-16354","1":"product","2":"type-product","3":"status-publish","4":"has-post-thumbnail","6":"product_cat-bovinos-e-ovinos","7":"product_cat-cicatrizantes-e-mata-bicheiras-3","8":"product_cat-cicatrizantes-e-mata-bicheiras","9":"product_cat-cicatrizantes-e-mata-bicheiras-2","10":"product_cat-equinos","11":"product_cat-pet","12":"product_tag-antisseptico","13":"product_tag-bernicida","14":"product_tag-cicatrizante","15":"product_tag-konig","16":"product_tag-repelente","18":"first","19":"instock","20":"shipping-taxable","21":"purchasable","22":"product-type-simple"},"acf":[],"_links":{"self":[{"href":"https:\/\/vetsul.com\/index.php\/wp-json\/wp\/v2\/product\/16354","targetHints":{"allow":["GET"]}}],"collection":[{"href":"https:\/\/vetsul.com\/index.php\/wp-json\/wp\/v2\/product"}],"about":[{"href":"https:\/\/vetsul.com\/index.php\/wp-json\/wp\/v2\/types\/product"}],"wp:featuredmedia":[{"embeddable":true,"href":"https:\/\/vetsul.com\/index.php\/wp-json\/wp\/v2\/media\/16355"}],"wp:attachment":[{"href":"https:\/\/vetsul.com\/index.php\/wp-json\/wp\/v2\/media?parent=16354"}],"wp:term":[{"taxonomy":"product_brand","embeddable":true,"href":"https:\/\/vetsul.com\/index.php\/wp-json\/wp\/v2\/product_brand?post=16354"},{"taxonomy":"product_cat","embeddable":true,"href":"https:\/\/vetsul.com\/index.php\/wp-json\/wp\/v2\/product_cat?post=16354"},{"taxonomy":"product_tag","embeddable":true,"href":"https:\/\/vetsul.com\/index.php\/wp-json\/wp\/v2\/product_tag?post=16354"}],"curies":[{"name":"wp","href":"https:\/\/api.w.org\/{rel}","templated":true}]}}