{"id":16334,"date":"2018-01-03T11:11:53","date_gmt":"2018-01-03T13:11:53","guid":{"rendered":"http:\/\/35.194.95.18\/wp-admin\/?post_type=product&#038;p=16334"},"modified":"2025-02-07T16:00:09","modified_gmt":"2025-02-07T19:00:09","slug":"anticion-1ml","status":"publish","type":"product","link":"https:\/\/vetsul.com\/index.php\/product\/anticion-1ml\/","title":{"rendered":"Inibidex 1ml Ampola (N\u00c3O Acompanha seringa e Agulha)"},"content":{"rendered":"<p>INDICA\u00c7\u00c3O:<\/p>\n<p>Inibi\u00e7\u00e3o do estro em cadelas e gatas de acordo com as seguinte orienta\u00e7\u00f5es:<\/p>\n<p>1- Cadelas e gatas nas quais a procria\u00e7\u00e3o ou a reprodu\u00e7\u00e3o envolve grandes riscos para a vida animal.<\/p>\n<p>2- Cadelas e gatas que apresentam riscos cir\u00fargicos m\u00ednimos para o ov\u00e1rio.<\/p>\n<p>3- Cadelas e gatas cujas ninhadas n\u00e3o s\u00e3o desejadas.<\/p>\n<p>4- Cadelas e gatas das quais as ninhadas s\u00e3o opcionais.<\/p>\n<p>F\u00d3RMULA:<\/p>\n<p>Cada mL cont\u00e9m:<\/p>\n<p>Acetato de medroxiprogesterona &#8230;&#8230;&#8230; 50,00 mg<\/p>\n<p>Ve\u00edculo q.s.p. &#8230;&#8230;&#8230;&#8230;&#8230;&#8230;&#8230;&#8230;&#8230;&#8230;&#8230;&#8230;&#8230; 1,00 mL<\/p>\n<p>&nbsp;<\/p>\n<p>VIA DE ADMINISTRA\u00c7\u00c3O \/ DOSAGEM:<\/p>\n<p>A dose recomendada dever\u00e1 ser administrada em uma \u00fanica inje\u00e7\u00e3o por via subcut\u00e2nea.<\/p>\n<p>Cadelas: a aplica\u00e7\u00e3o dever\u00e1 ser feita durante a fase de anestro, isto \u00e9, do 3\u00ba ao 5\u00ba m\u00eas ap\u00f3s o cio ou do 1\u00ba ao 3\u00ba m\u00eas ap\u00f3s o parto. Intervalo de 6 meses entre as aplica\u00e7\u00f5es.<\/p>\n<p>&#8211; Para animais de pequeno porte (at\u00e9 10 Kg), aplicar 1,0 mL do produto.<\/p>\n<p>&#8211; Para animais de m\u00e9dio porte (de 10 a 20 Kg), aplicar 2,0 mL do produto.<\/p>\n<p>&#8211; Para animais de grande porte (acima de 20 Kg), aplicar 3,0 mL do produto.<\/p>\n<p>Gatas: a aplica\u00e7\u00e3o dever\u00e1 ser feita durante a fase de anestro, isto \u00e9, da 3\u00aa a 6\u00aa semana ap\u00f3s o cio ou do 15\u00ba ao 20\u00ba dia ap\u00f3s o parto. Intervalo de 4 meses entre aplica\u00e7\u00f5es.<\/p>\n<p>&#8211; Aplicar 1 mL do produto, independente do peso do animal.<\/p>\n<p>&nbsp;<\/p>\n<p>Recomenda-se que a fase do ciclo estral (do cio), tanto em cadelas como em gatas, seja verificada com base na anamnese do animal e\/ou no exame citol\u00f3gico (esfrega\u00e7o vaginal), por um M\u00e9dico Veterin\u00e1rio, antes da aplica\u00e7\u00e3o do produto. Em animais nos quais se deseja a inibi\u00e7\u00e3o cont\u00ednua do estro, a longo prazo, inje\u00e7\u00f5es subcut\u00e2neas repetidas devem ser feitas nos intervalos recomendados.<\/p>\n","protected":false},"excerpt":{"rendered":"<p>INDICA\u00c7\u00c3O: Inibi\u00e7\u00e3o do estro em cadelas e gatas de acordo com as seguinte orienta\u00e7\u00f5es: 1- Cadelas e gatas nas quais a procria\u00e7\u00e3o<\/p>\n","protected":false},"featured_media":17730,"template":"","meta":{"_acf_changed":false},"product_brand":[],"product_cat":[165],"product_tag":[],"class_list":{"0":"post-16334","1":"product","2":"type-product","3":"status-publish","4":"has-post-thumbnail","6":"product_cat-pet","8":"first","9":"instock","10":"shipping-taxable","11":"purchasable","12":"product-type-simple"},"acf":[],"_links":{"self":[{"href":"https:\/\/vetsul.com\/index.php\/wp-json\/wp\/v2\/product\/16334","targetHints":{"allow":["GET"]}}],"collection":[{"href":"https:\/\/vetsul.com\/index.php\/wp-json\/wp\/v2\/product"}],"about":[{"href":"https:\/\/vetsul.com\/index.php\/wp-json\/wp\/v2\/types\/product"}],"wp:featuredmedia":[{"embeddable":true,"href":"https:\/\/vetsul.com\/index.php\/wp-json\/wp\/v2\/media\/17730"}],"wp:attachment":[{"href":"https:\/\/vetsul.com\/index.php\/wp-json\/wp\/v2\/media?parent=16334"}],"wp:term":[{"taxonomy":"product_brand","embeddable":true,"href":"https:\/\/vetsul.com\/index.php\/wp-json\/wp\/v2\/product_brand?post=16334"},{"taxonomy":"product_cat","embeddable":true,"href":"https:\/\/vetsul.com\/index.php\/wp-json\/wp\/v2\/product_cat?post=16334"},{"taxonomy":"product_tag","embeddable":true,"href":"https:\/\/vetsul.com\/index.php\/wp-json\/wp\/v2\/product_tag?post=16334"}],"curies":[{"name":"wp","href":"https:\/\/api.w.org\/{rel}","templated":true}]}}