{"id":16332,"date":"2018-01-03T11:07:59","date_gmt":"2018-01-03T13:07:59","guid":{"rendered":"http:\/\/35.194.95.18\/wp-admin\/?post_type=product&#038;p=16332"},"modified":"2025-04-03T16:12:28","modified_gmt":"2025-04-03T19:12:28","slug":"ampicilina-inj-2g-10ml","status":"publish","type":"product","link":"https:\/\/vetsul.com\/index.php\/product\/ampicilina-inj-2g-10ml\/","title":{"rendered":"Ampicilina Inj. 2G 10ml"},"content":{"rendered":"<p>Antibi\u00f3tico bactericida de amplo espectro<\/p>\n<p>Ampicilina \u00e9 um composto semi-sint\u00e9tico, derivado do \u00e1cido 6-aminopenicil\u00e2nico que se caracteriza por seu extenso espectro de atividade antimicrobiana. Os antibi\u00f3ticos \u00df-lact\u00e2micos exercem seus efeitos bactericidas impedindo a s\u00edntese da parede celular bacteriana e rompendo a sua integridade. Geralmente resulta na morte celular pela lise, que pode ser medida por autolisinas bacterianas. A maioria das penicilinas em solu\u00e7\u00e3o aquosa \u00e9 rapidamente absorvida dos locais de aplica\u00e7\u00e3o parenteral. A Ampicilina se distribui para o f\u00edgado, a bile, o m\u00fasculo, o rim e a gordura ap\u00f3s absor\u00e7\u00e3o pelo sistema gastrointestinal ou a partir do local da inje\u00e7\u00e3o. A excre\u00e7\u00e3o \u00e9 renal e, ap\u00f3s 6 a 8 horas, cerca de 30{bad89740ab836af8afd78adf22d5854117f226b234e4f8ee83a0ac8d28f68ffc} da dose administrada pode ser detectada na urina.<\/p>\n<p>INDICA\u00c7\u00d5ES DO PRODUTO<\/p>\n<p>Ampicilina Veterin\u00e1ria Injet\u00e1vel 2g \u00e9 indicada para equinos no tratamento de infec\u00e7\u00f5es respirat\u00f3rias, geniturin\u00e1rias e gastrintestinais, al\u00e9m de outras localizadas ou sist\u00eamicas causadas por Clostridium tetani, Pasteurella multocida, Rhodococcus equi, Streptococcus equi e Streptococcus zooepidemicus.<\/p>\n<p>N\u00cdVEIS DE GARANTIA DO PRODUTO<\/p>\n<p>Cada 1,0 mL da solu\u00e7\u00e3o, ap\u00f3s dilui\u00e7\u00e3o, cont\u00e9m:<\/p>\n<p>Ampicilina S\u00f3dica\u2026\u2026\u2026\u2026\u2026\u2026\u2026\u2026\u2026\u2026\u2026\u2026\u2026\u2026\u2026\u2026\u2026\u2026\u2026..2,0g<\/p>\n<p>MODO DE USAR<\/p>\n<p>Diluir o conte\u00fado do frasco-ampola em 10mL de \u00e1gua para inje\u00e7\u00e3o e aplicar por via<\/p>\n<p>intramuscular ou intravenosa.<\/p>\n<p>Equinos: administrar 10 mg\/kg de peso corporal, 2 (duas) vezes ao dia, durante 7 dias, ou seja, 0,05 mL do produto reconstitu\u00eddo para cada kg de peso corporal, 2 (duas) vezes ao dia, durante 7 dias. Ap\u00f3s a reconstitui\u00e7\u00e3o, quando houver sobra do produto, descartar o restante.<\/p>\n","protected":false},"excerpt":{"rendered":"<p>Antibi\u00f3tico bactericida de amplo espectro Ampicilina \u00e9 um composto semi-sint\u00e9tico, derivado do \u00e1cido 6-aminopenicil\u00e2nico que se caracteriza por seu extenso espectro de<\/p>\n","protected":false},"featured_media":16333,"template":"","meta":{"_acf_changed":false},"product_brand":[954],"product_cat":[180,170,175,164,163,165],"product_tag":[991],"class_list":{"0":"post-16332","1":"product","2":"type-product","3":"status-publish","4":"has-post-thumbnail","6":"product_brand-vetnil","7":"product_cat-anti-microbiano","8":"product_cat-anti-microbianos","9":"product_cat-antimicrobianos-2","10":"product_cat-bovinos-e-ovinos","11":"product_cat-equinos","12":"product_cat-pet","13":"product_tag-vetnil","15":"first","16":"instock","17":"shipping-taxable","18":"purchasable","19":"product-type-simple"},"acf":[],"_links":{"self":[{"href":"https:\/\/vetsul.com\/index.php\/wp-json\/wp\/v2\/product\/16332","targetHints":{"allow":["GET"]}}],"collection":[{"href":"https:\/\/vetsul.com\/index.php\/wp-json\/wp\/v2\/product"}],"about":[{"href":"https:\/\/vetsul.com\/index.php\/wp-json\/wp\/v2\/types\/product"}],"wp:featuredmedia":[{"embeddable":true,"href":"https:\/\/vetsul.com\/index.php\/wp-json\/wp\/v2\/media\/16333"}],"wp:attachment":[{"href":"https:\/\/vetsul.com\/index.php\/wp-json\/wp\/v2\/media?parent=16332"}],"wp:term":[{"taxonomy":"product_brand","embeddable":true,"href":"https:\/\/vetsul.com\/index.php\/wp-json\/wp\/v2\/product_brand?post=16332"},{"taxonomy":"product_cat","embeddable":true,"href":"https:\/\/vetsul.com\/index.php\/wp-json\/wp\/v2\/product_cat?post=16332"},{"taxonomy":"product_tag","embeddable":true,"href":"https:\/\/vetsul.com\/index.php\/wp-json\/wp\/v2\/product_tag?post=16332"}],"curies":[{"name":"wp","href":"https:\/\/api.w.org\/{rel}","templated":true}]}}