{"id":16316,"date":"2018-01-03T10:38:05","date_gmt":"2018-01-03T12:38:05","guid":{"rendered":"http:\/\/35.194.95.18\/wp-admin\/?post_type=product&#038;p=16316"},"modified":"2025-04-03T16:12:21","modified_gmt":"2025-04-03T19:12:21","slug":"aminomix-pet-120cp","status":"publish","type":"product","link":"https:\/\/vetsul.com\/index.php\/product\/aminomix-pet-120cp\/","title":{"rendered":"Aminomix Pet 120cp"},"content":{"rendered":"<p>Constru\u00e7\u00e3o estrat\u00e9gica de campe\u00f5es<\/p>\n<p>Aminomix pet comprimidos palat\u00e1veis fornece de forma pr\u00e1tica as doses di\u00e1rias de vitaminas, minerais e amino\u00e1cidos. A apresenta\u00e7\u00e3o em forma de comprimidos facilita a dosifica\u00e7\u00e3o e aceita\u00e7\u00e3o pelo animal.<\/p>\n<p>INDICA\u00c7\u00c3O DO PRODUTO<\/p>\n<p>Suplementa\u00e7\u00e3o de amino\u00e1cidos, vitaminas, macro e microelementos para caninos, felinos, mustel\u00eddeos e roedores. Auxiliar na melhora da qualidade nutricional dos animais, importante na suplementa\u00e7\u00e3o nas fases cr\u00edticas da cria\u00e7\u00e3o (crescimento, desenvolvimento, gesta\u00e7\u00e3o, lacta\u00e7\u00e3o e geriatria).<\/p>\n<p>N\u00cdVEIS DE GARANTIA POR COMPRIMIDO<\/p>\n<p>VITAMINA A (M\u00cdN.)<span>\t<\/span>3.049,5 UI<\/p>\n<p>VITAMINA B1 (M\u00cdN.)<span>\t<\/span>1,69 mg<\/p>\n<p>VITAMINA B12 (M\u00cdN.)<span>\t<\/span>0,6 mcg<\/p>\n<p>VITAMINA B2 (M\u00cdN.)<span>\t<\/span>2,16 mg<\/p>\n<p>VITAMINA B6 (M\u00cdN.)<span>\t<\/span>1,10 mg<\/p>\n<p>VITAMINA C (M\u00cdN.)<span>\t<\/span>5,35 mg<\/p>\n<p>VITAMINA D3 (M\u00cdN.)<span>\t<\/span>142,5 UI<\/p>\n<p>VITAMINA E (M\u00cdN.)<span>\t<\/span>6 UI<\/p>\n<p>\u00c1CIDO ASP\u00c1RTICO (M\u00cdN.)<span>\t<\/span>3,45 mg<\/p>\n<p>\u00c1CIDO F\u00d3LICO (M\u00cdN.)<span>\t<\/span>1,47 mg<\/p>\n<p>\u00c1CIDO GLUT\u00c2MICO (M\u00cdN.)<span>\t<\/span>9,90 mg<\/p>\n<p>\u00c1CIDO NICOT\u00cdNICO (M\u00cdN.)<span>\t<\/span>20,29 mg<\/p>\n<p>ALANINA (M\u00cdN.)<span>\t<\/span>10,35 mg<\/p>\n<p>ARGININA (M\u00cdN.)<span>\t<\/span>8,7 mg<\/p>\n<p>BIOTINA (M\u00cdN.)<span>\t<\/span>0,03 mg<\/p>\n<p>CISTE\u00cdNA (M\u00cdN.)<span>\t<\/span>0,12 mg<\/p>\n<p>COBALTO (M\u00cdN.)<span>\t<\/span>0,02 mg<\/p>\n<p>COBRE (M\u00cdN.)<span>\t<\/span>0,01 mg<\/p>\n<p>COLINA (M\u00cdN.)<span>\t<\/span>10,84 mg<\/p>\n<p>FENILALANINA (M\u00cdN.)<span>\t<\/span>2,1mg<\/p>\n<p>FERRO (M\u00cdN.)<span>\t<\/span>0,18 mg<\/p>\n<p>GLICINA (M\u00cdN.)<span>\t<\/span>27,3 mg<\/p>\n<p>HISTIDINA (M\u00cdN.)<span>\t<\/span>0,6 mg<\/p>\n<p>IODO (M\u00cdN.)<span>\t<\/span>0,01 mg<\/p>\n<p>ISOLEUCINA (M\u00cdN.)<span>\t<\/span>1,8 mg<\/p>\n<p>LEUCINA (M\u00cdN.)<span>\t<\/span>3,6 mg<\/p>\n<p>LISINA (M\u00cdN.)<span>\t<\/span>18,3 mg<\/p>\n<p>MAGN\u00c9SIO (M\u00cdN.)<span>\t<\/span>4,29 mg<\/p>\n<p>MANGAN\u00caS (M\u00cdN.)<span>\t<\/span>0,02 mg<\/p>\n<p>METIONINA (M\u00cdN.)<span>\t<\/span>19,95 mg<\/p>\n<p>PANTOTENATO DE C\u00c1LCIO (M\u00cdN.)<span>\t<\/span>1,27 mg<\/p>\n<p>POT\u00c1SSIO (M\u00cdN.)<span>\t<\/span>1,96 mg<\/p>\n<p>PROLINA (M\u00cdN.)<span>\t<\/span>17,7 mg<\/p>\n<p>SEL\u00caNIO (M\u00cdN.)<span>\t<\/span>0,01 mg<\/p>\n<p>SERINA (M\u00cdN.)<span>\t<\/span>3,45 mg<\/p>\n<p>TIROSINA (M\u00cdN.)<span>\t<\/span>0,45 mg<\/p>\n<p>TREONINA (M\u00cdN.)<span>\t<\/span>1,5 mg<\/p>\n<p>TRIPTOFANO (M\u00cdN.)<span>\t<\/span>0,14 mg<\/p>\n<p>VALINA (M\u00cdN.)<span>\t<\/span>2,4 mg<\/p>\n<p>ZINCO (M\u00cdN.)<span>\t<\/span>0,005 mg<\/p>\n<p>C\u00c1LCIO (M\u00c1X.)<span>\t<\/span>83,85 mg<\/p>\n<p>&nbsp; &nbsp; &nbsp; &nbsp; &nbsp; &nbsp; &nbsp; &nbsp;(M\u00cdN.)<span>\t<\/span>75,6 mg<\/p>\n<p>F\u00d3SFORO (M\u00cdN.)<span>\t<\/span>48,45 mg<\/p>\n<p>MODO DE USAR<\/p>\n<p>Para ser usado diretamente por via oral ou juntamente com alimentos.<\/p>\n<p>C\u00e3es, Gatos, Mustel\u00eddeos e Roedores: fornecer 1 comprimido para cada 5kg de peso corporal, uma vez ao dia.<\/p>\n<p>Para animais acima de 20kg: administrar 4 comprimidos di\u00e1rios.<\/p>\n<p>Para animais com peso corporal at\u00e9 2,5kg: administrar 1\/2 comprimido ao dia. A administra\u00e7\u00e3o poder\u00e1 ser dividida em duas vezes ao dia.<\/p>\n<p>APRESENTA\u00c7\u00c3O<\/p>\n<p>Frascos contendo 120 comprimidos palat\u00e1veis<\/p>\n","protected":false},"excerpt":{"rendered":"<p>Constru\u00e7\u00e3o estrat\u00e9gica de campe\u00f5es Aminomix pet comprimidos palat\u00e1veis fornece de forma pr\u00e1tica as doses di\u00e1rias de vitaminas, minerais e amino\u00e1cidos. A apresenta\u00e7\u00e3o<\/p>\n","protected":false},"featured_media":16317,"template":"","meta":{"_acf_changed":false},"product_brand":[954],"product_cat":[165,182],"product_tag":[991],"class_list":{"0":"post-16316","1":"product","2":"type-product","3":"status-publish","4":"has-post-thumbnail","6":"product_brand-vetnil","7":"product_cat-pet","8":"product_cat-suplementos-e-vitaminas-3","9":"product_tag-vetnil","11":"first","12":"instock","13":"purchasable","14":"product-type-simple"},"acf":[],"_links":{"self":[{"href":"https:\/\/vetsul.com\/index.php\/wp-json\/wp\/v2\/product\/16316","targetHints":{"allow":["GET"]}}],"collection":[{"href":"https:\/\/vetsul.com\/index.php\/wp-json\/wp\/v2\/product"}],"about":[{"href":"https:\/\/vetsul.com\/index.php\/wp-json\/wp\/v2\/types\/product"}],"wp:featuredmedia":[{"embeddable":true,"href":"https:\/\/vetsul.com\/index.php\/wp-json\/wp\/v2\/media\/16317"}],"wp:attachment":[{"href":"https:\/\/vetsul.com\/index.php\/wp-json\/wp\/v2\/media?parent=16316"}],"wp:term":[{"taxonomy":"product_brand","embeddable":true,"href":"https:\/\/vetsul.com\/index.php\/wp-json\/wp\/v2\/product_brand?post=16316"},{"taxonomy":"product_cat","embeddable":true,"href":"https:\/\/vetsul.com\/index.php\/wp-json\/wp\/v2\/product_cat?post=16316"},{"taxonomy":"product_tag","embeddable":true,"href":"https:\/\/vetsul.com\/index.php\/wp-json\/wp\/v2\/product_tag?post=16316"}],"curies":[{"name":"wp","href":"https:\/\/api.w.org\/{rel}","templated":true}]}}