{"id":16308,"date":"2018-01-03T10:12:12","date_gmt":"2018-01-03T12:12:12","guid":{"rendered":"http:\/\/35.194.95.18\/wp-admin\/?post_type=product&#038;p=16308"},"modified":"2025-02-07T16:22:30","modified_gmt":"2025-02-07T19:22:30","slug":"amino-equus-sport-2-5kg","status":"publish","type":"product","link":"https:\/\/vetsul.com\/index.php\/product\/amino-equus-sport-2-5kg\/","title":{"rendered":"AMINO EQUUS SPORT 2,5KG"},"content":{"rendered":"<p>Amino Equus Sport \u00e9 um suplemento alimentar, pronto uso, indicado para eq\u00fcinos atletas em todas as fases de vida, submetidos \u00e0 esfor\u00e7os f\u00edsicos intensos, como treinamentos, provas ou competi\u00e7\u00f5es.<\/p>\n<p>Apresenta\u00e7\u00e3o:<\/p>\n<p>Balde Contendo 2,5kg<\/p>\n<p>Modo de Usar:<\/p>\n<p>Potros: 70g por animal ao dia;<\/p>\n<p>Equinos adultos: 100g por animal ao dia;<\/p>\n<p>Modo de Conservar:<\/p>\n<p>Conservar o produto na embalagem original, fechada, em local fresco e ao abrigo da luz solar.<\/p>\n<p>Composi\u00e7\u00e3o B\u00e1sica do Produto:<\/p>\n<p>\u00c1cido Asp\u00e1rtico, \u00c1cido Glut\u00e2mico, Aditivo Prebi\u00f3tico, Aditivo Probi\u00f3tico, Alanina, Aluminosilicato, Arginina, B.H.T. (Hidr\u00f3xido de Tolueno Butilado), Beta Hidroxi Metil Butirato &#8211; HMB, Beta\u00edna, Ciste\u00edna, Cistina, Cloreto de Colina P\u00f3, Creatina, Cromo Amino\u00e1cido Quelato, DL-metionina, Fenilalanina, Glicina, Histidina, Isoleucina, L-Carnitina, L-Glutamina, L-Lisina, Leucina, Maltodextrina, Metilparabeno, Nucleot\u00eddeos, \u00d3leo Degomado e Neutralizado de Farelo de Arroz, Prolina, Serina, Taurina, Tirosina, Treonina, Triptofano, Valina, Vitamina B12, Vitamina B6.<\/p>\n","protected":false},"excerpt":{"rendered":"<p>Amino Equus Sport \u00e9 um suplemento alimentar, pronto uso, indicado para eq\u00fcinos atletas em todas as fases de vida, submetidos \u00e0 esfor\u00e7os<\/p>\n","protected":false},"featured_media":16309,"template":"","meta":{"_acf_changed":false},"product_brand":[952],"product_cat":[163,178],"product_tag":[1077,1078,983],"class_list":{"0":"post-16308","1":"product","2":"type-product","3":"status-publish","4":"has-post-thumbnail","6":"product_brand-lavizoo","7":"product_cat-equinos","8":"product_cat-suplementos-e-vitaminas-2","9":"product_tag-aminomix","10":"product_tag-aminomix-potros","11":"product_tag-lavizoo","13":"first","14":"outofstock","15":"purchasable","16":"product-type-simple"},"acf":[],"_links":{"self":[{"href":"https:\/\/vetsul.com\/index.php\/wp-json\/wp\/v2\/product\/16308","targetHints":{"allow":["GET"]}}],"collection":[{"href":"https:\/\/vetsul.com\/index.php\/wp-json\/wp\/v2\/product"}],"about":[{"href":"https:\/\/vetsul.com\/index.php\/wp-json\/wp\/v2\/types\/product"}],"wp:featuredmedia":[{"embeddable":true,"href":"https:\/\/vetsul.com\/index.php\/wp-json\/wp\/v2\/media\/16309"}],"wp:attachment":[{"href":"https:\/\/vetsul.com\/index.php\/wp-json\/wp\/v2\/media?parent=16308"}],"wp:term":[{"taxonomy":"product_brand","embeddable":true,"href":"https:\/\/vetsul.com\/index.php\/wp-json\/wp\/v2\/product_brand?post=16308"},{"taxonomy":"product_cat","embeddable":true,"href":"https:\/\/vetsul.com\/index.php\/wp-json\/wp\/v2\/product_cat?post=16308"},{"taxonomy":"product_tag","embeddable":true,"href":"https:\/\/vetsul.com\/index.php\/wp-json\/wp\/v2\/product_tag?post=16308"}],"curies":[{"name":"wp","href":"https:\/\/api.w.org\/{rel}","templated":true}]}}